000
CDUS43 KGRB 072145
CLIGRB


CLIMATE REPORT
NATIONAL WEATHER SERVICE GREEN BAY
445 PM CDT MON AUG 7 2017


...................................

...THE GREEN BAY WI CLIMATE SUMMARY FOR AUGUST 7 2017...
VALID TODAY AS OF 0400 PM LOCAL TIME.

CLIMATE NORMAL PERIOD 1981 TO 2010
CLIMATE RECORD PERIOD 1886 TO 2017


WEATHER ITEM   OBSERVED TIME   RECORD YEAR NORMAL DEPARTURE LAST
                VALUE   (LST)  VALUE       VALUE  FROM      YEAR
                                                  NORMAL
..................................................................
TEMPERATURE (F)
 TODAY
  MAXIMUM         77    259 PM  97    2001  79     -2       80
  MINIMUM         56    544 AM  45    1975  58     -2       56
  AVERAGE         67                        68     -1       68

PRECIPITATION (IN)
  TODAY            0.00          1.24 2015   0.12  -0.12     0.00
  MONTH TO DATE    1.34                      0.77   0.57      T
  SINCE JUN 1      9.68                      8.15   1.53     7.66
  SINCE JAN 1     22.68                     17.80   4.88    18.84

SNOWFALL (IN)
  TODAY            0.0           0.0    MM   0.0    0.0      0.0
  MONTH TO DATE    0.0                       0.0    0.0      0.0
  SINCE JUN 1      0.0                       0.0    0.0      0.0
  SINCE JUL 1      0.0                       0.0    0.0      0.0
  SNOW DEPTH       0

DEGREE DAYS
 HEATING
  TODAY            0                         1     -1        0
  MONTH TO DATE    7                         7      0        0
  SINCE JUN 1     35                       122    -87       31
  SINCE JUL 1      8                        30    -22        6

 COOLING
  TODAY            2                         4     -2        3
  MONTH TO DATE   17                        29    -12       49
  SINCE JUN 1    318                       262     56      347
  SINCE JAN 1    326                       280     46      380
..................................................................


WIND (MPH)
  HIGHEST WIND SPEED     9   HIGHEST WIND DIRECTION     W (250)
  HIGHEST GUST SPEED    13   HIGHEST GUST DIRECTION     W (290)
  AVERAGE WIND SPEED     4.4


SKY COVER
  POSSIBLE SUNSHINE  MM
  AVERAGE SKY COVER 0.3


WEATHER CONDITIONS
 THE FOLLOWING WEATHER WAS RECORDED TODAY.
  NO SIGNIFICANT WEATHER WAS OBSERVED.


RELATIVE HUMIDITY (PERCENT)
 HIGHEST   100          1200 AM
 LOWEST     43           200 PM
 AVERAGE    72

..........................................................


THE GREEN BAY WI CLIMATE NORMALS FOR TOMORROW
                         NORMAL    RECORD    YEAR
 MAXIMUM TEMPERATURE (F)   79        98      1891
 MINIMUM TEMPERATURE (F)   58        45      1904


SUNRISE AND SUNSET
AUGUST  7 2017........SUNRISE   546 AM CDT   SUNSET   809 PM CDT
AUGUST  8 2017........SUNRISE   548 AM CDT   SUNSET   808 PM CDT


-  INDICATES NEGATIVE NUMBERS.
R  INDICATES RECORD WAS SET OR TIED.
MM INDICATES DATA IS MISSING.
T  INDICATES TRACE AMOUNT.




$$
