157
CDUS43 KGRB 132130
CLIGRB


CLIMATE REPORT
NATIONAL WEATHER SERVICE GREEN BAY
429 PM CDT WED MAY 13 2015


...................................

...THE GREEN BAY WI CLIMATE SUMMARY FOR MAY 13 2015...
VALID TODAY AS OF 0400 PM LOCAL TIME.

CLIMATE NORMAL PERIOD 1981 TO 2010
CLIMATE RECORD PERIOD 1886 TO 2015


WEATHER ITEM   OBSERVED TIME   RECORD YEAR NORMAL DEPARTURE LAST
                VALUE   (LST)  VALUE       VALUE  FROM      YEAR
                                                  NORMAL
..................................................................
TEMPERATURE (F)
 TODAY
  MAXIMUM         58    259 PM  88    1991  65     -7       66
                                      1977
  MINIMUM         36    455 AM  30    2013  43     -7       50
                                      1997
                                      1996
  AVERAGE         47                        54     -7       58

PRECIPITATION (IN)
  TODAY            0.00          1.38 1978   0.09  -0.09      T
  MONTH TO DATE    0.84                      1.09  -0.25     1.71
  SINCE MAR 1      3.37                      5.57  -2.20     6.63
  SINCE JAN 1      4.34                      7.81  -3.47     9.42

SNOWFALL (IN)
  TODAY            0.0           1.0  1895   0.0    0.0      0.0
  MONTH TO DATE    0.0                       0.1   -0.1      0.0
  SINCE MAR 1      4.2                      11.1   -6.9      9.8
  SINCE JUL 1     32.7                      51.3  -18.6     72.1
  SNOW DEPTH       0

DEGREE DAYS
 HEATING
  TODAY           18                        11      7        7
  MONTH TO DATE   94                       170    -76      155
  SINCE MAR 1   1626                      1867   -241     2145
  SINCE JUL 1   7664                      7707    -43     8626

 COOLING
  TODAY            0                         0      0        0
  MONTH TO DATE    7                         0      7        0
  SINCE MAR 1      7                         2      5        0
  SINCE JAN 1      7                         2      5        0
..................................................................


WIND (MPH)
  HIGHEST WIND SPEED    16   HIGHEST WIND DIRECTION    NE (60)
  HIGHEST GUST SPEED    21   HIGHEST GUST DIRECTION     N (360)
  AVERAGE WIND SPEED     7.3


SKY COVER
  POSSIBLE SUNSHINE  MM
  AVERAGE SKY COVER 0.1


WEATHER CONDITIONS
 THE FOLLOWING WEATHER WAS RECORDED TODAY.
  NO SIGNIFICANT WEATHER WAS OBSERVED.


RELATIVE HUMIDITY (PERCENT)
 HIGHEST    89           500 AM
 LOWEST     43           300 PM
 AVERAGE    66

..........................................................


THE GREEN BAY WI CLIMATE NORMALS FOR TOMORROW
                         NORMAL    RECORD    YEAR
 MAXIMUM TEMPERATURE (F)   66        89      1991
 MINIMUM TEMPERATURE (F)   43        29      1895


SUNRISE AND SUNSET
MAY 13 2015...........SUNRISE   528 AM CDT   SUNSET   811 PM CDT
MAY 14 2015...........SUNRISE   526 AM CDT   SUNSET   812 PM CDT


-  INDICATES NEGATIVE NUMBERS.
R  INDICATES RECORD WAS SET OR TIED.
MM INDICATES DATA IS MISSING.
T  INDICATES TRACE AMOUNT.




$$
