000
CDUS43 KGRB 140804
CLIGRB


CLIMATE REPORT
NATIONAL WEATHER SERVICE GREEN BAY
203 AM CST SUN DEC 14 2014


...................................

...THE GREEN BAY WI CLIMATE SUMMARY FOR DECEMBER 13 2014...

CLIMATE NORMAL PERIOD 1981 TO 2010
CLIMATE RECORD PERIOD 1886 TO 2014


WEATHER ITEM   OBSERVED TIME   RECORD YEAR NORMAL DEPARTURE LAST
                VALUE   (LST)  VALUE       VALUE  FROM      YEAR
                                                  NORMAL
..................................................................
TEMPERATURE (F)
 YESTERDAY
  MAXIMUM         41    655 PM  52    1920  29     12       18
  MINIMUM         33    216 AM -20    1903  15     18       14
  AVERAGE         37                        22     15       16

PRECIPITATION (IN)
  YESTERDAY        T             0.49 1995   0.05  -0.05     0.05
  MONTH TO DATE    0.27                      0.73  -0.46     0.77
  SINCE DEC 1      0.27                      0.73  -0.46     0.77
  SINCE JAN 1     30.70                     28.74   1.96    34.04

SNOWFALL (IN)
  YESTERDAY        0.0           4.7  1909   0.5   -0.5      1.0
  MONTH TO DATE    2.5                       5.4   -2.9      8.7
  SINCE DEC 1      2.5                       5.4   -2.9      8.7
  SINCE JUL 1     10.7                       9.6    1.1      9.9
  SNOW DEPTH       2

DEGREE DAYS
 HEATING
  YESTERDAY       28                        43    -15       49
  MONTH TO DATE  545                       529     16      620
  SINCE DEC 1    545                       529     16      620
  SINCE JUL 1   2382                      2269    113     2231

 COOLING
  YESTERDAY        0                         0      0        0
  MONTH TO DATE    0                         0      0        0
  SINCE DEC 1      0                         0      0        0
  SINCE JAN 1    362                       398    -36      535
..................................................................


WIND (MPH)
  HIGHEST WIND SPEED    18   HIGHEST WIND DIRECTION     W (250)
  HIGHEST GUST SPEED    26   HIGHEST GUST DIRECTION     W (270)
  AVERAGE WIND SPEED     9.6


SKY COVER
  POSSIBLE SUNSHINE  MM
  AVERAGE SKY COVER 1.0


WEATHER CONDITIONS
 THE FOLLOWING WEATHER WAS RECORDED YESTERDAY.
  LIGHT RAIN
  FOG
  FOG W/VISIBILITY <= 1/4 MILE


RELATIVE HUMIDITY (PERCENT)
 HIGHEST   100           400 AM
 LOWEST     89          1200 AM
 AVERAGE    95

..........................................................


THE GREEN BAY WI CLIMATE NORMALS FOR TODAY
                         NORMAL    RECORD    YEAR
 MAXIMUM TEMPERATURE (F)   29        55      1975
 MINIMUM TEMPERATURE (F)   15       -17      1985


SUNRISE AND SUNSET
DECEMBER 14 2014......SUNRISE   721 AM CST   SUNSET   413 PM CST
DECEMBER 15 2014......SUNRISE   722 AM CST   SUNSET   413 PM CST


-  INDICATES NEGATIVE NUMBERS.
R  INDICATES RECORD WAS SET OR TIED.
MM INDICATES DATA IS MISSING.
T  INDICATES TRACE AMOUNT.

$$
