431
CDUS43 KGRB 200717
CLIGRB


CLIMATE REPORT
NATIONAL WEATHER SERVICE GREEN BAY
216 AM CDT WED JUL 20 2016


...................................

...THE GREEN BAY WI CLIMATE SUMMARY FOR JULY 19 2016...

CLIMATE NORMAL PERIOD 1981 TO 2010
CLIMATE RECORD PERIOD 1886 TO 2016


WEATHER ITEM   OBSERVED TIME   RECORD YEAR NORMAL DEPARTURE LAST
                VALUE   (LST)  VALUE       VALUE  FROM      YEAR
                                                  NORMAL
..................................................................
TEMPERATURE (F)
 YESTERDAY
  MAXIMUM         84    347 PM  98    1977  80      4       82
  MINIMUM         58    502 AM  46    1947  59     -1       66
  AVERAGE         71                        69      2       74

PRECIPITATION (IN)
  YESTERDAY        0.00          2.25 1956   0.11  -0.11     0.00
  MONTH TO DATE    1.57                      2.21  -0.64     1.79
  SINCE JUN 1      6.01                      6.09  -0.08     5.03
  SINCE JAN 1     17.19                     15.74   1.45    11.97

SNOWFALL (IN)
  YESTERDAY        0.0           0.0    MM   0.0    0.0      0.0
  MONTH TO DATE    0.0                       0.0    0.0      0.0
  SINCE JUN 1      0.0                       0.0    0.0      0.0
  SINCE JUL 1      0.0                       0.0    0.0      0.0
  SNOW DEPTH       0

DEGREE DAYS
 HEATING
  YESTERDAY        0                         1     -1        0
  MONTH TO DATE    6                        19    -13       19
  SINCE JUN 1     31                       111    -80       72
  SINCE JUL 1      6                        19    -13       19

 COOLING
  YESTERDAY        6                         5      1        9
  MONTH TO DATE  103                        95      8       81
  SINCE JUN 1    203                       178     25      148
  SINCE JAN 1    236                       196     40      176
..................................................................


WIND (MPH)
  HIGHEST WIND SPEED    16   HIGHEST WIND DIRECTION     E (90)
  HIGHEST GUST SPEED    21   HIGHEST GUST DIRECTION     E (100)
  AVERAGE WIND SPEED     5.2


SKY COVER
  POSSIBLE SUNSHINE  MM
  AVERAGE SKY COVER 0.2


WEATHER CONDITIONS
 THE FOLLOWING WEATHER WAS RECORDED YESTERDAY.
  NO SIGNIFICANT WEATHER WAS OBSERVED.


RELATIVE HUMIDITY (PERCENT)
 HIGHEST   100           400 AM
 LOWEST     55           300 PM
 AVERAGE    78

..........................................................


THE GREEN BAY WI CLIMATE NORMALS FOR TODAY
                         NORMAL    RECORD    YEAR
 MAXIMUM TEMPERATURE (F)   80        99      1901
 MINIMUM TEMPERATURE (F)   59        42      1958


SUNRISE AND SUNSET
JULY 20 2016..........SUNRISE   527 AM CDT   SUNSET   830 PM CDT
JULY 21 2016..........SUNRISE   528 AM CDT   SUNSET   829 PM CDT


-  INDICATES NEGATIVE NUMBERS.
R  INDICATES RECORD WAS SET OR TIED.
MM INDICATES DATA IS MISSING.
T  INDICATES TRACE AMOUNT.




$$
