000
CDUS43 KGRB 070640
CLIGRB


CLIMATE REPORT
NATIONAL WEATHER SERVICE GREEN BAY
138 AM CDT THU SEP 7 2017


...................................

...THE GREEN BAY WI CLIMATE SUMMARY FOR SEPTEMBER 6 2017...

CLIMATE NORMAL PERIOD 1981 TO 2010
CLIMATE RECORD PERIOD 1886 TO 2017


WEATHER ITEM   OBSERVED TIME   RECORD YEAR NORMAL DEPARTURE LAST
                VALUE   (LST)  VALUE       VALUE  FROM      YEAR
                                                  NORMAL
..................................................................
TEMPERATURE (F)
 YESTERDAY
  MAXIMUM         66    234 PM  91    1954  74     -8       87
                                      1901
  MINIMUM         44    227 AM  38    1988  52     -8       69
  AVERAGE         55                        63     -8       78

PRECIPITATION (IN)
  YESTERDAY        0.14          2.72 1990   0.10   0.04     0.48
  MONTH TO DATE    0.49                      0.61  -0.12     0.48
  SINCE SEP 1      0.49                      0.61  -0.12     0.48
  SINCE JAN 1     25.88                     21.01   4.87    22.10

SNOWFALL (IN)
  YESTERDAY        0.0           0.0    MM   0.0    0.0      0.0
  MONTH TO DATE    0.0                       0.0    0.0      0.0
  SINCE SEP 1      0.0                       0.0    0.0      0.0
  SINCE JUL 1      0.0                       0.0    0.0      0.0
  SNOW DEPTH       0

DEGREE DAYS
 HEATING
  YESTERDAY       10                         4      6        0
  MONTH TO DATE   35                        20     15        8
  SINCE SEP 1     35                        20     15        8
  SINCE JUL 1     76                        83     -7       21

 COOLING
  YESTERDAY        0                         2     -2       13
  MONTH TO DATE    1                        12    -11       22
  SINCE SEP 1      1                        12    -11       22
  SINCE JAN 1    378                       374      4      544
..................................................................


WIND (MPH)
  HIGHEST WIND SPEED    16   HIGHEST WIND DIRECTION    NW (330)
  HIGHEST GUST SPEED    20   HIGHEST GUST DIRECTION    NW (330)
  AVERAGE WIND SPEED     7.9


SKY COVER
  POSSIBLE SUNSHINE  MM
  AVERAGE SKY COVER 0.5


WEATHER CONDITIONS
 THE FOLLOWING WEATHER WAS RECORDED YESTERDAY.
  THUNDERSTORM
  HEAVY RAIN
  RAIN
  LIGHT RAIN
  FOG


RELATIVE HUMIDITY (PERCENT)
 HIGHEST   100          1200 AM
 LOWEST     65          1100 AM
 AVERAGE    83

..........................................................


THE GREEN BAY WI CLIMATE NORMALS FOR TODAY
                         NORMAL    RECORD    YEAR
 MAXIMUM TEMPERATURE (F)   73        93      1959
 MINIMUM TEMPERATURE (F)   52        35      1986


SUNRISE AND SUNSET
SEPTEMBER  7 2017.....SUNRISE   622 AM CDT   SUNSET   718 PM CDT
SEPTEMBER  8 2017.....SUNRISE   624 AM CDT   SUNSET   716 PM CDT


-  INDICATES NEGATIVE NUMBERS.
R  INDICATES RECORD WAS SET OR TIED.
MM INDICATES DATA IS MISSING.
T  INDICATES TRACE AMOUNT.




$$
