000
CDUS43 KGRB 252126
CLIGRB


CLIMATE REPORT
NATIONAL WEATHER SERVICE GREEN BAY
425 PM CDT THU SEP 25 2014


...................................

...THE GREEN BAY WI CLIMATE SUMMARY FOR SEPTEMBER 25 2014...
VALID TODAY AS OF 0400 PM LOCAL TIME.

CLIMATE NORMAL PERIOD 1981 TO 2010
CLIMATE RECORD PERIOD 1886 TO 2014


WEATHER ITEM   OBSERVED TIME   RECORD YEAR NORMAL DEPARTURE LAST
                VALUE   (LST)  VALUE       VALUE  FROM      YEAR
                                                  NORMAL
..................................................................
TEMPERATURE (F)
 TODAY
  MAXIMUM         77    223 PM  87    1920  66     11       70
  MINIMUM         54    444 AM  30    1966  45      9       41
                                      1947
                                      1942
  AVERAGE         66                        55     11       56

PRECIPITATION (IN)
  TODAY            0.00          1.23 1972   0.10  -0.10     0.00
  MONTH TO DATE    4.57                      2.57   2.00     2.67
  SINCE SEP 1      4.57                      2.57   2.00     2.67
  SINCE JAN 1     25.29                     22.97   2.32    26.66

SNOWFALL (IN)
  TODAY            0.0           T    1942   0.0    0.0      0.0
                                      1928
  MONTH TO DATE    0.0                       0.0    0.0      0.0
  SINCE SEP 1      0.0                       0.0    0.0      0.0
  SINCE JUL 1      0.0                       0.0    0.0      0.0
  SNOW DEPTH       0

DEGREE DAYS
 HEATING
  TODAY            0                        10    -10        9
  MONTH TO DATE  163                       151     12      148
  SINCE SEP 1    163                       151     12      148
  SINCE JUL 1    192                       214    -22      188

 COOLING
  TODAY            1                         0      1        0
  MONTH TO DATE   19                        32    -13       54
  SINCE SEP 1     19                        32    -13       54
  SINCE JAN 1    362                       394    -32      532
..................................................................


WIND (MPH)
  HIGHEST WIND SPEED    12   HIGHEST WIND DIRECTION     S (170)
  HIGHEST GUST SPEED    14   HIGHEST GUST DIRECTION    SE (150)
  AVERAGE WIND SPEED     3.8


SKY COVER
  POSSIBLE SUNSHINE  MM
  AVERAGE SKY COVER 0.1


WEATHER CONDITIONS
 THE FOLLOWING WEATHER WAS RECORDED TODAY.
  FOG


RELATIVE HUMIDITY (PERCENT)
 HIGHEST    93           300 AM
 LOWEST     40           100 PM
 AVERAGE    67

..........................................................


THE GREEN BAY WI CLIMATE NORMALS FOR TOMORROW
                         NORMAL    RECORD    YEAR
 MAXIMUM TEMPERATURE (F)   66        86      1973
                                             1908
 MINIMUM TEMPERATURE (F)   44        28      1966


SUNRISE AND SUNSET
SEPTEMBER 25 2014.....SUNRISE   643 AM CDT   SUNSET   644 PM CDT
SEPTEMBER 26 2014.....SUNRISE   644 AM CDT   SUNSET   642 PM CDT


-  INDICATES NEGATIVE NUMBERS.
R  INDICATES RECORD WAS SET OR TIED.
MM INDICATES DATA IS MISSING.
T  INDICATES TRACE AMOUNT.




$$
