000
CDUS43 KGRB 132148
CLIGRB


CLIMATE REPORT
NATIONAL WEATHER SERVICE GREEN BAY
442 PM CDT TUE JUN 13 2017


...................................

...THE GREEN BAY WI CLIMATE SUMMARY FOR JUNE 13 2017...
VALID TODAY AS OF 0400 PM LOCAL TIME.

CLIMATE NORMAL PERIOD 1981 TO 2010
CLIMATE RECORD PERIOD 1886 TO 2017


WEATHER ITEM   OBSERVED TIME   RECORD YEAR NORMAL DEPARTURE LAST
                VALUE   (LST)  VALUE       VALUE  FROM      YEAR
                                                  NORMAL
..................................................................
TEMPERATURE (F)
 TODAY
  MAXIMUM         76    253 PM  94    1988  75      1       70
  MINIMUM         64    223 AM  39    1969  54     10       54
  AVERAGE         70                        64      6       62

PRECIPITATION (IN)
  TODAY            0.03          1.88 1990   0.13  -0.10     0.37
  MONTH TO DATE    1.31                      1.70  -0.39     2.63
  SINCE JUN 1      1.31                      1.70  -0.39     2.63
  SINCE JAN 1     14.31                     11.35   2.96    13.81

SNOWFALL (IN)
  TODAY            0.0           0.0    MM   0.0    0.0      0.0
  MONTH TO DATE    0.0                       0.0    0.0      0.0
  SINCE JUN 1      0.0                       0.0    0.0      0.0
  SINCE JUL 1     53.2                      51.4    1.8     50.0
  SNOW DEPTH       0

DEGREE DAYS
 HEATING
  TODAY            0                         3     -3        3
  MONTH TO DATE    7                        58    -51       24
  SINCE JUN 1      7                        58    -51       24
  SINCE JUL 1   6394                      7921  -1527     6621

 COOLING
  TODAY            5                         2      3        0
  MONTH TO DATE   59                        21     38       25
  SINCE JUN 1     59                        21     38       25
  SINCE JAN 1     67                        39     28       58
..................................................................


WIND (MPH)
  HIGHEST WIND SPEED    29   HIGHEST WIND DIRECTION     E (100)
  HIGHEST GUST SPEED    36   HIGHEST GUST DIRECTION     E (110)
  AVERAGE WIND SPEED     7.6


SKY COVER
  POSSIBLE SUNSHINE  MM
  AVERAGE SKY COVER 0.6


WEATHER CONDITIONS
 THE FOLLOWING WEATHER WAS RECORDED TODAY.
  LIGHT RAIN


RELATIVE HUMIDITY (PERCENT)
 HIGHEST   100          1200 AM
 LOWEST     74           300 PM
 AVERAGE    87

..........................................................


THE GREEN BAY WI CLIMATE NORMALS FOR TOMORROW
                         NORMAL    RECORD    YEAR
 MAXIMUM TEMPERATURE (F)   75        97      1987
 MINIMUM TEMPERATURE (F)   54        34      1958


SUNRISE AND SUNSET
JUNE 13 2017..........SUNRISE   507 AM CDT   SUNSET   838 PM CDT
JUNE 14 2017..........SUNRISE   507 AM CDT   SUNSET   839 PM CDT


-  INDICATES NEGATIVE NUMBERS.
R  INDICATES RECORD WAS SET OR TIED.
MM INDICATES DATA IS MISSING.
T  INDICATES TRACE AMOUNT.




$$
