000
CDUS43 KGRB 210747
CLIGRB


CLIMATE REPORT
NATIONAL WEATHER SERVICE GREEN BAY
247 AM CDT SUN AUG 21 2016


...................................

...THE GREEN BAY WI CLIMATE SUMMARY FOR AUGUST 20 2016...

CLIMATE NORMAL PERIOD 1981 TO 2010
CLIMATE RECORD PERIOD 1886 TO 2016


WEATHER ITEM   OBSERVED TIME   RECORD YEAR NORMAL DEPARTURE LAST
                VALUE   (LST)  VALUE       VALUE  FROM      YEAR
                                                  NORMAL
..................................................................
TEMPERATURE (F)
 YESTERDAY
  MAXIMUM         77    149 PM  97    1955  77      0       65
  MINIMUM         59   1159 PM  39    1950  57      2       52
  AVERAGE         68                        67      1       59

PRECIPITATION (IN)
  YESTERDAY        0.60          2.98 2010   0.11   0.49     0.09
  MONTH TO DATE    1.52                      2.26  -0.74     3.66
  SINCE JUN 1      9.18                      9.64  -0.46     8.70
  SINCE JAN 1     20.36                     19.29   1.07    15.64

SNOWFALL (IN)
  YESTERDAY        0.0           0.0    MM   0.0    0.0      0.0
  MONTH TO DATE    0.0                       0.0    0.0      0.0
  SINCE JUN 1      0.0                       0.0    0.0      0.0
  SINCE JUL 1      0.0                       0.0    0.0      0.0
  SNOW DEPTH       0

DEGREE DAYS
 HEATING
  YESTERDAY        0                         1     -1        6
  MONTH TO DATE    0                        20    -20        6
  SINCE JUN 1     31                       135   -104       78
  SINCE JUL 1      6                        43    -37       25

 COOLING
  YESTERDAY        3                         3      0        0
  MONTH TO DATE  147                        78     69      120
  SINCE JUN 1    445                       311    134      363
  SINCE JAN 1    478                       329    149      391
..................................................................


WIND (MPH)
  HIGHEST WIND SPEED    22   HIGHEST WIND DIRECTION     W (270)
  HIGHEST GUST SPEED    28   HIGHEST GUST DIRECTION     W (270)
  AVERAGE WIND SPEED     8.3


SKY COVER
  POSSIBLE SUNSHINE  MM
  AVERAGE SKY COVER 0.7


WEATHER CONDITIONS
 THE FOLLOWING WEATHER WAS RECORDED YESTERDAY.
  THUNDERSTORM
  HEAVY RAIN
  RAIN
  LIGHT RAIN
  FOG


RELATIVE HUMIDITY (PERCENT)
 HIGHEST   100          1200 AM
 LOWEST     82           200 PM
 AVERAGE    91

..........................................................


THE GREEN BAY WI CLIMATE NORMALS FOR TODAY
                         NORMAL    RECORD    YEAR
 MAXIMUM TEMPERATURE (F)   77        99      1955
 MINIMUM TEMPERATURE (F)   57        39      2004


SUNRISE AND SUNSET
AUGUST 21 2016........SUNRISE   603 AM CDT   SUNSET   747 PM CDT
AUGUST 22 2016........SUNRISE   604 AM CDT   SUNSET   746 PM CDT


-  INDICATES NEGATIVE NUMBERS.
R  INDICATES RECORD WAS SET OR TIED.
MM INDICATES DATA IS MISSING.
T  INDICATES TRACE AMOUNT.




$$
