000
CDUS43 KGRB 240640
CLIGRB


CLIMATE REPORT
NATIONAL WEATHER SERVICE GREEN BAY
139 AM CDT TUE MAR 24 2015


...................................

...THE GREEN BAY WI CLIMATE SUMMARY FOR MARCH 23 2015...

CLIMATE NORMAL PERIOD 1981 TO 2010
CLIMATE RECORD PERIOD 1886 TO 2015


WEATHER ITEM   OBSERVED TIME   RECORD YEAR NORMAL DEPARTURE LAST
                VALUE   (LST)  VALUE       VALUE  FROM      YEAR
                                                  NORMAL
..................................................................
TEMPERATURE (F)
 YESTERDAY
  MAXIMUM         35    330 PM  65    2000  42     -7       25
                                      1939
                                      1910
  MINIMUM         25   1159 PM  -3    1888  25      0       11
  AVERAGE         30                        34     -4       18

PRECIPITATION (IN)
  YESTERDAY        0.00          0.96 1917   0.06  -0.06     0.00
  MONTH TO DATE    0.20                      1.32  -1.12     0.36
  SINCE MAR 1      0.20                      1.32  -1.12     0.36
  SINCE JAN 1      1.17                      3.56  -2.39     3.15

SNOWFALL (IN)
  YESTERDAY        0.0          10.0  2011   0.2   -0.2      0.0
  MONTH TO DATE    1.4                       6.7   -5.3      3.9
  SINCE MAR 1      1.4                       6.7   -5.3      3.9
  SINCE JUL 1     29.9                      46.9  -17.0     66.2
  SNOW DEPTH       0

DEGREE DAYS
 HEATING
  YESTERDAY       35                        31      4       47
  MONTH TO DATE  723                       825   -102     1020
  SINCE MAR 1    723                       825   -102     1020
  SINCE JUL 1   6761                      6665     96     7501

 COOLING
  YESTERDAY        0                         0      0        0
  MONTH TO DATE    0                         0      0        0
  SINCE MAR 1      0                         0      0        0
  SINCE JAN 1      0                         0      0        0
..................................................................


WIND (MPH)
  HIGHEST WIND SPEED    17   HIGHEST WIND DIRECTION    NE (40)
  HIGHEST GUST SPEED    21   HIGHEST GUST DIRECTION    NE (40)
  AVERAGE WIND SPEED     8.3


SKY COVER
  POSSIBLE SUNSHINE  MM
  AVERAGE SKY COVER 0.3


WEATHER CONDITIONS
 THE FOLLOWING WEATHER WAS RECORDED YESTERDAY.
  NO SIGNIFICANT WEATHER WAS OBSERVED.


RELATIVE HUMIDITY (PERCENT)
 HIGHEST    75           400 AM
 LOWEST     43          1200 PM
 AVERAGE    59

..........................................................


THE GREEN BAY WI CLIMATE NORMALS FOR TODAY
                         NORMAL    RECORD    YEAR
 MAXIMUM TEMPERATURE (F)   43        72      1910
 MINIMUM TEMPERATURE (F)   25        -4      1974
                                             1888


SUNRISE AND SUNSET
MARCH 24 2015.........SUNRISE   649 AM CDT   SUNSET   710 PM CDT
MARCH 25 2015.........SUNRISE   647 AM CDT   SUNSET   711 PM CDT


-  INDICATES NEGATIVE NUMBERS.
R  INDICATES RECORD WAS SET OR TIED.
MM INDICATES DATA IS MISSING.
T  INDICATES TRACE AMOUNT.




$$
