987
CDUS43 KGRB 142214
CLIGRB


CLIMATE REPORT
NATIONAL WEATHER SERVICE GREEN BAY
413 PM CST WED FEB 14 2018


...................................

...THE GREEN BAY WI CLIMATE SUMMARY FOR FEBRUARY 14 2018...
VALID TODAY AS OF 0400 PM LOCAL TIME.

CLIMATE NORMAL PERIOD 1981 TO 2010
CLIMATE RECORD PERIOD 1886 TO 2018


WEATHER ITEM   OBSERVED TIME   RECORD YEAR NORMAL DEPARTURE LAST
                VALUE   (LST)  VALUE       VALUE  FROM      YEAR
                                                  NORMAL
..................................................................
TEMPERATURE (F)
 TODAY
  MAXIMUM         41    259 PM  46    1954  28     13       45
                                      1934
  MINIMUM         19    749 AM -18    1951  12      7       29
  AVERAGE         30                        20     10       37

PRECIPITATION (IN)
  TODAY            0.00          0.85 1918   0.04  -0.04      T
  MONTH TO DATE    0.41                      0.48  -0.07     0.02
  SINCE DEC 1      2.74                      3.12  -0.38     4.70
  SINCE JAN 1      1.45                      1.61  -0.16     2.45

SNOWFALL (IN)
  TODAY            0.0           5.6  1950   0.3   -0.3       T
  MONTH TO DATE    6.2                       5.1    1.1       T
  SINCE DEC 1     23.3                      31.2   -7.9     37.7
  SINCE JUL 1     23.9                      35.4  -11.5     38.6
  SNOW DEPTH       4

DEGREE DAYS
 HEATING
  TODAY           35                        45    -10       28
  MONTH TO DATE  751                       652     99      589
  SINCE DEC 1   3568                      3501     67     3120
  SINCE JUL 1   4984                      5241   -257     4182

 COOLING
  TODAY            0                         0      0        0
  MONTH TO DATE    0                         0      0        0
  SINCE DEC 1      0                         0      0        0
  SINCE JAN 1      0                         0      0        0
..................................................................


WIND (MPH)
  HIGHEST WIND SPEED    15   HIGHEST WIND DIRECTION    SW (210)
  HIGHEST GUST SPEED    20   HIGHEST GUST DIRECTION     S (200)
  AVERAGE WIND SPEED    10.1


SKY COVER
  POSSIBLE SUNSHINE  MM
  AVERAGE SKY COVER 0.0


WEATHER CONDITIONS
 THE FOLLOWING WEATHER WAS RECORDED TODAY.
  FOG
  HAZE


RELATIVE HUMIDITY (PERCENT)
 HIGHEST    84           800 AM
 LOWEST     59           100 PM
 AVERAGE    72

..........................................................


THE GREEN BAY WI CLIMATE NORMALS FOR TOMORROW
                         NORMAL    RECORD    YEAR
 MAXIMUM TEMPERATURE (F)   28        57      1921
 MINIMUM TEMPERATURE (F)   12       -17      1905
                                             1888


SUNRISE AND SUNSET
FEBRUARY 14 2018......SUNRISE   654 AM CST   SUNSET   520 PM CST
FEBRUARY 15 2018......SUNRISE   652 AM CST   SUNSET   521 PM CST


-  INDICATES NEGATIVE NUMBERS.
R  INDICATES RECORD WAS SET OR TIED.
MM INDICATES DATA IS MISSING.
T  INDICATES TRACE AMOUNT.




$$
