000
CDUS43 KGRB 160729
CLIGRB


CLIMATE REPORT
NATIONAL WEATHER SERVICE GREEN BAY
227 AM CDT THU OCT 16 2014


...................................

...THE GREEN BAY WI CLIMATE SUMMARY FOR OCTOBER 15 2014...

CLIMATE NORMAL PERIOD 1981 TO 2010
CLIMATE RECORD PERIOD 1886 TO 2014


WEATHER ITEM   OBSERVED TIME   RECORD YEAR NORMAL DEPARTURE LAST
                VALUE   (LST)  VALUE       VALUE  FROM      YEAR
                                                  NORMAL
..................................................................
TEMPERATURE (F)
 YESTERDAY
  MAXIMUM         53   1115 AM  85    1947  57     -4       57
  MINIMUM         47   1159 PM  24    2006  38      9       43
  AVERAGE         50                        48      2       50

PRECIPITATION (IN)
  YESTERDAY        0.12          1.68 1989   0.08   0.04     0.51
  MONTH TO DATE    2.35                      1.22   1.13     1.66
  SINCE SEP 1      7.04                      4.26   2.78     4.55
  SINCE JAN 1     27.76                     24.66   3.10    28.54

SNOWFALL (IN)
  YESTERDAY        0.0           T    2009   0.0    0.0      0.0
  MONTH TO DATE    0.0                       0.0    0.0      0.0
  SINCE SEP 1      0.0                       0.0    0.0      0.0
  SINCE JUL 1      0.0                       0.0    0.0      0.0
  SNOW DEPTH       0

DEGREE DAYS
 HEATING
  YESTERDAY       15                        18     -3       15
  MONTH TO DATE  226                       228     -2      121
  SINCE SEP 1    423                       435    -12      292
  SINCE JUL 1    452                       498    -46      332

 COOLING
  YESTERDAY        0                         0      0        0
  MONTH TO DATE    0                         0      0        2
  SINCE SEP 1     19                        33    -14       57
  SINCE JAN 1    362                       395    -33      535
..................................................................


WIND (MPH)
  HIGHEST WIND SPEED    28   HIGHEST WIND DIRECTION     N (20)
  HIGHEST GUST SPEED    36   HIGHEST GUST DIRECTION     N (20)
  AVERAGE WIND SPEED    13.8


SKY COVER
  POSSIBLE SUNSHINE  MM
  AVERAGE SKY COVER 0.9


WEATHER CONDITIONS
 THE FOLLOWING WEATHER WAS RECORDED YESTERDAY.
  RAIN
  LIGHT RAIN
  FOG


RELATIVE HUMIDITY (PERCENT)
 HIGHEST   100           200 AM
 LOWEST     83           400 PM
 AVERAGE    92

..........................................................


THE GREEN BAY WI CLIMATE NORMALS FOR TODAY
                         NORMAL    RECORD    YEAR
 MAXIMUM TEMPERATURE (F)   57        81      1968
                                             1947
 MINIMUM TEMPERATURE (F)   38        22      1952


SUNRISE AND SUNSET
OCTOBER 16 2014.......SUNRISE   709 AM CDT   SUNSET   607 PM CDT
OCTOBER 17 2014.......SUNRISE   710 AM CDT   SUNSET   605 PM CDT


-  INDICATES NEGATIVE NUMBERS.
R  INDICATES RECORD WAS SET OR TIED.
MM INDICATES DATA IS MISSING.
T  INDICATES TRACE AMOUNT.

$$
