000
CDUS43 KGRB 080646
CLIGRB


CLIMATE REPORT
NATIONAL WEATHER SERVICE GREEN BAY
145 AM CDT TUE APR 8 2014


...................................

...THE GREEN BAY WI CLIMATE SUMMARY FOR APRIL 7 2014...

CLIMATE NORMAL PERIOD 1981 TO 2010
CLIMATE RECORD PERIOD 1886 TO 2014


WEATHER ITEM   OBSERVED TIME   RECORD YEAR NORMAL DEPARTURE LAST
                VALUE   (LST)  VALUE       VALUE  FROM      YEAR
                                                  NORMAL
..................................................................
TEMPERATURE (F)
 YESTERDAY
  MAXIMUM         62    223 PM  81    1991  50     12       50
  MINIMUM         34    141 AM  16    1972  31      3       34
                                      1936
                                      1914
  AVERAGE         48                        40      8       42

PRECIPITATION (IN)
  YESTERDAY        0.03          1.16 1929   0.08  -0.05      T
                                      1919
  MONTH TO DATE    0.31                      0.56  -0.25     0.12
  SINCE MAR 1      1.22                      2.41  -1.19     2.13
  SINCE JAN 1      4.01                      4.65  -0.64     6.79

SNOWFALL (IN)
  YESTERDAY        0.0           2.5  1923   0.1   -0.1      0.0
  MONTH TO DATE    0.2                       1.0   -0.8      1.4
  SINCE MAR 1      6.3                       9.1   -2.8      9.8
  SINCE JUL 1     68.6                      49.3   19.3     67.8
  SNOW DEPTH       0

DEGREE DAYS
 HEATING
  YESTERDAY       17                        25     -8       23
  MONTH TO DATE  185                       183      2      203
  SINCE MAR 1   1479                      1243    236     1391
  SINCE JUL 1   7960                      7083    877     6834

 COOLING
  YESTERDAY        0                         0      0        0
  MONTH TO DATE    0                         0      0        0
  SINCE MAR 1      0                         0      0        0
  SINCE JAN 1      0                         0      0        0
..................................................................


WIND (MPH)
  HIGHEST WIND SPEED    15   HIGHEST WIND DIRECTION    NE (30)
  HIGHEST GUST SPEED    19   HIGHEST GUST DIRECTION     N (10)
  AVERAGE WIND SPEED     4.7


SKY COVER
  POSSIBLE SUNSHINE  MM
  AVERAGE SKY COVER 0.9


WEATHER CONDITIONS
 THE FOLLOWING WEATHER WAS RECORDED YESTERDAY.
  LIGHT RAIN
  FOG


RELATIVE HUMIDITY (PERCENT)
 HIGHEST    92           900 PM
 LOWEST     43           200 PM
 AVERAGE    68

..........................................................


THE GREEN BAY WI CLIMATE NORMALS FOR TODAY
                         NORMAL    RECORD    YEAR
 MAXIMUM TEMPERATURE (F)   50        71      1971
 MINIMUM TEMPERATURE (F)   31        13      1972
                                             1950


SUNRISE AND SUNSET
APRIL  8 2014.........SUNRISE   621 AM CDT   SUNSET   729 PM CDT
APRIL  9 2014.........SUNRISE   619 AM CDT   SUNSET   730 PM CDT


-  INDICATES NEGATIVE NUMBERS.
R  INDICATES RECORD WAS SET OR TIED.
MM INDICATES DATA IS MISSING.
T  INDICATES TRACE AMOUNT.




$$
