000
CDUS43 KGRB 220748
CLIGRB


CLIMATE REPORT
NATIONAL WEATHER SERVICE GREEN BAY
247 AM CDT THU JUN 22 2017


...................................

...THE GREEN BAY WI CLIMATE SUMMARY FOR JUNE 21 2017...

CLIMATE NORMAL PERIOD 1981 TO 2010
CLIMATE RECORD PERIOD 1886 TO 2017


WEATHER ITEM   OBSERVED TIME   RECORD YEAR NORMAL DEPARTURE LAST
                VALUE   (LST)  VALUE       VALUE  FROM      YEAR
                                                  NORMAL
..................................................................
TEMPERATURE (F)
 YESTERDAY
  MAXIMUM         77    454 PM  98    1988  77      0       81
  MINIMUM         52    439 AM  37    1992  56     -4       56
  AVERAGE         65                        66     -1       69

PRECIPITATION (IN)
  YESTERDAY        T             1.49 1968   0.13  -0.13     0.00
  MONTH TO DATE    2.51                      2.74  -0.23     3.28
  SINCE JUN 1      2.51                      2.74  -0.23     3.28
  SINCE JAN 1     15.51                     12.39   3.12    14.46

SNOWFALL (IN)
  YESTERDAY        0.0           0.0    MM   0.0    0.0      0.0
  MONTH TO DATE    0.0                       0.0    0.0      0.0
  SINCE JUN 1      0.0                       0.0    0.0      0.0
  SINCE JUL 1     53.2                      51.4    1.8     50.0
  SNOW DEPTH       0

DEGREE DAYS
 HEATING
  YESTERDAY        0                         2     -2        0
  MONTH TO DATE    9                        78    -69       25
  SINCE JUN 1      9                        78    -69       25
  SINCE JUL 1   6396                      7941  -1545     6622

 COOLING
  YESTERDAY        0                         4     -4        4
  MONTH TO DATE   97                        46     51       63
  SINCE JUN 1     97                        46     51       63
  SINCE JAN 1    105                        64     41       96
..................................................................


WIND (MPH)
  HIGHEST WIND SPEED    14   HIGHEST WIND DIRECTION     S (180)
  HIGHEST GUST SPEED    17   HIGHEST GUST DIRECTION    SW (210)
  AVERAGE WIND SPEED     5.5


SKY COVER
  POSSIBLE SUNSHINE  MM
  AVERAGE SKY COVER 0.1


WEATHER CONDITIONS
 THE FOLLOWING WEATHER WAS RECORDED YESTERDAY.
  THUNDERSTORM
  RAIN
  FOG


RELATIVE HUMIDITY (PERCENT)
 HIGHEST   100          1200 AM
 LOWEST     47           200 PM
 AVERAGE    74

..........................................................


THE GREEN BAY WI CLIMATE NORMALS FOR TODAY
                         NORMAL    RECORD    YEAR
 MAXIMUM TEMPERATURE (F)   77        94      1910
 MINIMUM TEMPERATURE (F)   56        40      1992


SUNRISE AND SUNSET
JUNE 22 2017..........SUNRISE   508 AM CDT   SUNSET   841 PM CDT
JUNE 23 2017..........SUNRISE   508 AM CDT   SUNSET   841 PM CDT


-  INDICATES NEGATIVE NUMBERS.
R  INDICATES RECORD WAS SET OR TIED.
MM INDICATES DATA IS MISSING.
T  INDICATES TRACE AMOUNT.

$$
