000
CDUS43 KGRB 152125
CLIGRB


CLIMATE REPORT
NATIONAL WEATHER SERVICE GREEN BAY
424 PM CDT MON AUG 15 2016


...................................

...THE GREEN BAY WI CLIMATE SUMMARY FOR AUGUST 15 2016...
VALID TODAY AS OF 0400 PM LOCAL TIME.

CLIMATE NORMAL PERIOD 1981 TO 2010
CLIMATE RECORD PERIOD 1886 TO 2016


WEATHER ITEM   OBSERVED TIME   RECORD YEAR NORMAL DEPARTURE LAST
                VALUE   (LST)  VALUE       VALUE  FROM      YEAR
                                                  NORMAL
..................................................................
TEMPERATURE (F)
 TODAY
  MAXIMUM         83    259 PM  93    1937  78      5       88
  MINIMUM         58    408 AM  41    1992  57      1       61
  AVERAGE         71                        68      3       75

PRECIPITATION (IN)
  TODAY            0.00          1.68 1997   0.12  -0.12     0.00
  MONTH TO DATE    0.31                      1.71  -1.40     2.06
  SINCE JUN 1      7.97                      9.09  -1.12     7.10
  SINCE JAN 1     19.15                     18.74   0.41    14.04

SNOWFALL (IN)
  TODAY            0.0           0.0    MM   0.0    0.0      0.0
  MONTH TO DATE    0.0                       0.0    0.0      0.0
  SINCE JUN 1      0.0                       0.0    0.0      0.0
  SINCE JUL 1      0.0                       0.0    0.0      0.0
  SNOW DEPTH       0

DEGREE DAYS
 HEATING
  TODAY            0                         1     -1        0
  MONTH TO DATE    0                        15    -15        0
  SINCE JUN 1     31                       130    -99       72
  SINCE JUL 1      6                        38    -32       19

 COOLING
  TODAY            6                         4      2       10
  MONTH TO DATE  110                        61     49       83
  SINCE JUN 1    408                       294    114      326
  SINCE JAN 1    441                       312    129      354
..................................................................


WIND (MPH)
  HIGHEST WIND SPEED     8   HIGHEST WIND DIRECTION    NE (50)
  HIGHEST GUST SPEED    11   HIGHEST GUST DIRECTION    SE (140)
  AVERAGE WIND SPEED     1.9


SKY COVER
  POSSIBLE SUNSHINE  MM
  AVERAGE SKY COVER 0.0


WEATHER CONDITIONS
 THE FOLLOWING WEATHER WAS RECORDED TODAY.
  FOG


RELATIVE HUMIDITY (PERCENT)
 HIGHEST   100          1200 AM
 LOWEST     51           300 PM
 AVERAGE    76

..........................................................


THE GREEN BAY WI CLIMATE NORMALS FOR TOMORROW
                         NORMAL    RECORD    YEAR
 MAXIMUM TEMPERATURE (F)   78        99      1988
 MINIMUM TEMPERATURE (F)   57        44      1992


SUNRISE AND SUNSET
AUGUST 15 2016........SUNRISE   556 AM CDT   SUNSET   757 PM CDT
AUGUST 16 2016........SUNRISE   557 AM CDT   SUNSET   755 PM CDT


-  INDICATES NEGATIVE NUMBERS.
R  INDICATES RECORD WAS SET OR TIED.
MM INDICATES DATA IS MISSING.
T  INDICATES TRACE AMOUNT.




$$
