000
CDUS43 KGRB 120701
CLIGRB


CLIMATE REPORT
NATIONAL WEATHER SERVICE GREEN BAY
200 AM CDT FRI SEP 12 2014


...................................

...THE GREEN BAY WI CLIMATE SUMMARY FOR SEPTEMBER 11 2014...

CLIMATE NORMAL PERIOD 1981 TO 2010
CLIMATE RECORD PERIOD 1886 TO 2014


WEATHER ITEM   OBSERVED TIME   RECORD YEAR NORMAL DEPARTURE LAST
                VALUE   (LST)  VALUE       VALUE  FROM      YEAR
                                                  NORMAL
..................................................................
TEMPERATURE (F)
 YESTERDAY
  MAXIMUM         53    130 PM  95    1931  72    -19       82
                                      1895
  MINIMUM         43   1159 PM  35    1959  50     -7       59
                                      1958
  AVERAGE         48                        61    -13       71

PRECIPITATION (IN)
  YESTERDAY        T             1.80 2000   0.11  -0.11      T
  MONTH TO DATE    3.42                      1.11   2.31     1.88
  SINCE SEP 1      3.42                      1.11   2.31     1.88
  SINCE JAN 1     24.14                     21.51   2.63    25.87

SNOWFALL (IN)
  YESTERDAY        0.0           0.0    MM   0.0    0.0      0.0
  MONTH TO DATE    0.0                       0.0    0.0      0.0
  SINCE SEP 1      0.0                       0.0    0.0      0.0
  SINCE JUL 1      0.0                       0.0    0.0      0.0
  SNOW DEPTH       0

DEGREE DAYS
 HEATING
  YESTERDAY       17                         5     12        0
  MONTH TO DATE   26                        43    -17       18
  SINCE SEP 1     26                        43    -17       18
  SINCE JUL 1     55                       106    -51       58

 COOLING
  YESTERDAY        0                         1     -1        6
  MONTH TO DATE   17                        21     -4       43
  SINCE SEP 1     17                        21     -4       43
  SINCE JAN 1    360                       383    -23      521
..................................................................


WIND (MPH)
  HIGHEST WIND SPEED    20   HIGHEST WIND DIRECTION    NW (320)
  HIGHEST GUST SPEED    27   HIGHEST GUST DIRECTION    NW (330)
  AVERAGE WIND SPEED     9.5


SKY COVER
  POSSIBLE SUNSHINE  MM
  AVERAGE SKY COVER 0.9


WEATHER CONDITIONS
 THE FOLLOWING WEATHER WAS RECORDED YESTERDAY.
  LIGHT RAIN


RELATIVE HUMIDITY (PERCENT)
 HIGHEST    92          1000 PM
 LOWEST     68          1100 AM
 AVERAGE    80

..........................................................


THE GREEN BAY WI CLIMATE NORMALS FOR TODAY
                         NORMAL    RECORD    YEAR
 MAXIMUM TEMPERATURE (F)   72        93      1952
 MINIMUM TEMPERATURE (F)   50        32      1955


SUNRISE AND SUNSET
SEPTEMBER 12 2014.....SUNRISE   628 AM CDT   SUNSET   709 PM CDT
SEPTEMBER 13 2014.....SUNRISE   629 AM CDT   SUNSET   707 PM CDT


-  INDICATES NEGATIVE NUMBERS.
R  INDICATES RECORD WAS SET OR TIED.
MM INDICATES DATA IS MISSING.
T  INDICATES TRACE AMOUNT.




$$
