000
CDUS43 KGRB 292147
CLIGRB


CLIMATE REPORT
NATIONAL WEATHER SERVICE GREEN BAY
447 PM CDT MON JUN 29 2015


...................................

...THE GREEN BAY WI CLIMATE SUMMARY FOR JUNE 29 2015...
VALID TODAY AS OF 0400 PM LOCAL TIME.

CLIMATE NORMAL PERIOD 1981 TO 2010
CLIMATE RECORD PERIOD 1886 TO 2015


WEATHER ITEM   OBSERVED TIME   RECORD YEAR NORMAL DEPARTURE LAST
                VALUE   (LST)  VALUE       VALUE  FROM      YEAR
                                                  NORMAL
..................................................................
TEMPERATURE (F)
 TODAY
  MAXIMUM         80    137 PM 100    1931  79      1       84
  MINIMUM         57    420 AM  43    1988  58     -1       68
  AVERAGE         69                        68      1       76

PRECIPITATION (IN)
  TODAY            0.00          2.21 1897   0.13  -0.13     0.21
  MONTH TO DATE    2.40                      3.76  -1.36     3.93
  SINCE JUN 1      2.40                      3.76  -1.36     3.93
  SINCE JAN 1      9.34                     13.41  -4.07    14.59

SNOWFALL (IN)
  TODAY            0.0           0.0    MM   0.0    0.0      0.0
  MONTH TO DATE    0.0                       0.0    0.0      0.0
  SINCE JUN 1      0.0                       0.0    0.0      0.0
  SINCE JUL 1     32.7                      51.4  -18.7     72.1
  SNOW DEPTH       0

DEGREE DAYS
 HEATING
  TODAY            0                         1     -1        0
  MONTH TO DATE   49                        90    -41       31
  SINCE JUN 1     49                        90    -41       31
  SINCE JUL 1   7829                      7953   -124     8771

 COOLING
  TODAY            4                         4      0       11
  MONTH TO DATE   67                        78    -11       96
  SINCE JUN 1     67                        78    -11       96
  SINCE JAN 1     95                        96     -1      112
..................................................................


WIND (MPH)
  HIGHEST WIND SPEED    14   HIGHEST WIND DIRECTION     S (200)
  HIGHEST GUST SPEED    17   HIGHEST GUST DIRECTION     S (160)
  AVERAGE WIND SPEED     4.5


SKY COVER
  POSSIBLE SUNSHINE  MM
  AVERAGE SKY COVER 0.5


WEATHER CONDITIONS
 THE FOLLOWING WEATHER WAS RECORDED TODAY.
  NO SIGNIFICANT WEATHER WAS OBSERVED.


RELATIVE HUMIDITY (PERCENT)
 HIGHEST    93           400 AM
 LOWEST     54          1100 AM
 AVERAGE    74

..........................................................


THE GREEN BAY WI CLIMATE NORMALS FOR TOMORROW
                         NORMAL    RECORD    YEAR
 MAXIMUM TEMPERATURE (F)   79       100      1931
                                             1910
 MINIMUM TEMPERATURE (F)   58        44      1943
                                             1900


SUNRISE AND SUNSET
JUNE 29 2015..........SUNRISE   511 AM CDT   SUNSET   841 PM CDT
JUNE 30 2015..........SUNRISE   511 AM CDT   SUNSET   841 PM CDT


-  INDICATES NEGATIVE NUMBERS.
R  INDICATES RECORD WAS SET OR TIED.
MM INDICATES DATA IS MISSING.
T  INDICATES TRACE AMOUNT.




$$
