000
CDUS43 KGRB 130642
CLIGRB


CLIMATE REPORT
NATIONAL WEATHER SERVICE GREEN BAY
142 AM CDT WED AUG 13 2014


...................................

...THE GREEN BAY WI CLIMATE SUMMARY FOR AUGUST 12 2014...

CLIMATE NORMAL PERIOD 1981 TO 2010
CLIMATE RECORD PERIOD 1886 TO 2014


WEATHER ITEM   OBSERVED TIME   RECORD YEAR NORMAL DEPARTURE LAST
                VALUE   (LST)  VALUE       VALUE  FROM      YEAR
                                                  NORMAL
..................................................................
TEMPERATURE (F)
 YESTERDAY
  MAXIMUM         73    503 PM  94    1947  78     -5       78
  MINIMUM         53   1122 PM  44    1954  58     -5       52
  AVERAGE         63                        68     -5       65

PRECIPITATION (IN)
  YESTERDAY        1.00          1.60 1995   0.11   0.89      T
  MONTH TO DATE    1.66                      1.36   0.30     0.74
  SINCE JUN 1      6.92                      8.74  -1.82     7.91
  SINCE JAN 1     17.58                     18.39  -0.81    21.68

SNOWFALL (IN)
  YESTERDAY        0.0           0.0    MM   0.0    0.0      0.0
  MONTH TO DATE    0.0                       0.0    0.0      0.0
  SINCE JUN 1      0.0                       0.0    0.0      0.0
  SINCE JUL 1      0.0                       0.0    0.0      0.0
  SNOW DEPTH       0

DEGREE DAYS
 HEATING
  YESTERDAY        2                         1      1        0
  MONTH TO DATE    2                        12    -10        5
  SINCE JUN 1     48                       127    -79       99
  SINCE JUL 1     17                        35    -18       27

 COOLING
  YESTERDAY        0                         4     -4        0
  MONTH TO DATE   49                        49      0       20
  SINCE JUN 1    254                       282    -28      323
  SINCE JAN 1    270                       300    -30      361
..................................................................


WIND (MPH)
  HIGHEST WIND SPEED    18   HIGHEST WIND DIRECTION    NW (330)
  HIGHEST GUST SPEED    26   HIGHEST GUST DIRECTION    NW (330)
  AVERAGE WIND SPEED     9.2


SKY COVER
  POSSIBLE SUNSHINE  MM
  AVERAGE SKY COVER 0.7


WEATHER CONDITIONS
 THE FOLLOWING WEATHER WAS RECORDED YESTERDAY.
  HEAVY RAIN
  RAIN
  LIGHT RAIN
  FOG


RELATIVE HUMIDITY (PERCENT)
 HIGHEST   100           100 AM
 LOWEST     49           500 PM
 AVERAGE    75

..........................................................


THE GREEN BAY WI CLIMATE NORMALS FOR TODAY
                         NORMAL    RECORD    YEAR
 MAXIMUM TEMPERATURE (F)   78        97      1944
 MINIMUM TEMPERATURE (F)   58        44      1964


SUNRISE AND SUNSET
AUGUST 13 2014........SUNRISE   553 AM CDT   SUNSET   801 PM CDT
AUGUST 14 2014........SUNRISE   554 AM CDT   SUNSET   759 PM CDT


-  INDICATES NEGATIVE NUMBERS.
R  INDICATES RECORD WAS SET OR TIED.
MM INDICATES DATA IS MISSING.
T  INDICATES TRACE AMOUNT.




$$
