833
CDUS43 KGRB 070803
CLIGRB


CLIMATE REPORT
NATIONAL WEATHER SERVICE GREEN BAY
201 AM CST SUN FEB 7 2016


...................................

...THE GREEN BAY WI CLIMATE SUMMARY FOR FEBRUARY 6 2016...

CLIMATE NORMAL PERIOD 1981 TO 2010
CLIMATE RECORD PERIOD 1886 TO 2016


WEATHER ITEM   OBSERVED TIME   RECORD YEAR NORMAL DEPARTURE LAST
                VALUE   (LST)  VALUE       VALUE  FROM      YEAR
                                                  NORMAL
..................................................................
TEMPERATURE (F)
 YESTERDAY
  MAXIMUM         31    430 PM  50    1925  26      5       24
  MINIMUM         23   1252 AM -22    1936  10     13       11
  AVERAGE         27                        18      9       18

PRECIPITATION (IN)
  YESTERDAY        T             0.65 1938   0.03  -0.03     0.00
  MONTH TO DATE    0.87                      0.19   0.68     0.03
  SINCE DEC 1      7.91                      2.83   5.08     2.27
  SINCE JAN 1      2.20                      1.32   0.88     0.59

SNOWFALL (IN)
  YESTERDAY        0.1           3.5  1923   0.4   -0.3      0.0
  MONTH TO DATE    8.6                       2.3    6.3      0.8
  SINCE DEC 1     30.0                      28.4    1.6     13.1
  SINCE JUL 1     30.2                      32.6   -2.4     21.3
  SNOW DEPTH      11

DEGREE DAYS
 HEATING
  YESTERDAY       38                        47     -9       47
  MONTH TO DATE  243                       284    -41      323
  SINCE DEC 1   2591                      3133   -542     2993
  SINCE JUL 1   3863                      4873  -1010     4830

 COOLING
  YESTERDAY        0                         0      0        0
  MONTH TO DATE    0                         0      0        0
  SINCE DEC 1      0                         0      0        0
  SINCE JAN 1      0                         0      0        0
..................................................................


WIND (MPH)
  HIGHEST WIND SPEED    16   HIGHEST WIND DIRECTION     W (250)
  HIGHEST GUST SPEED    20   HIGHEST GUST DIRECTION     S (190)
  AVERAGE WIND SPEED    10.1


SKY COVER
  POSSIBLE SUNSHINE  MM
  AVERAGE SKY COVER 1.0


WEATHER CONDITIONS
 THE FOLLOWING WEATHER WAS RECORDED YESTERDAY.
  LIGHT SNOW


RELATIVE HUMIDITY (PERCENT)
 HIGHEST    85           100 PM
 LOWEST     74           100 AM
 AVERAGE    80

..........................................................


THE GREEN BAY WI CLIMATE NORMALS FOR TODAY
                         NORMAL    RECORD    YEAR
 MAXIMUM TEMPERATURE (F)   26        45      1991
 MINIMUM TEMPERATURE (F)   10       -23      1899


SUNRISE AND SUNSET
FEBRUARY  7 2016......SUNRISE   704 AM CST   SUNSET   510 PM CST
FEBRUARY  8 2016......SUNRISE   703 AM CST   SUNSET   511 PM CST


-  INDICATES NEGATIVE NUMBERS.
R  INDICATES RECORD WAS SET OR TIED.
MM INDICATES DATA IS MISSING.
T  INDICATES TRACE AMOUNT.

$$
