000
CDUS43 KGRB 090639
CLIGRB


CLIMATE REPORT
NATIONAL WEATHER SERVICE GREEN BAY
137 AM CDT MON OCT 9 2017


...................................

...THE GREEN BAY WI CLIMATE SUMMARY FOR OCTOBER 8 2017...

CLIMATE NORMAL PERIOD 1981 TO 2010
CLIMATE RECORD PERIOD 1886 TO 2017


WEATHER ITEM   OBSERVED TIME   RECORD YEAR NORMAL DEPARTURE LAST
                VALUE   (LST)  VALUE       VALUE  FROM      YEAR
                                                  NORMAL
..................................................................
TEMPERATURE (F)
 YESTERDAY
  MAXIMUM         74    402 PM  86    2007  60     14       56
  MINIMUM         53    620 AM  23    1987  40     13       37
  AVERAGE         64                        50     14       47

PRECIPITATION (IN)
  YESTERDAY        0.00          1.31 1933   0.08  -0.08     0.00
  MONTH TO DATE    1.44                      0.67   0.77     0.33
  SINCE SEP 1      2.45                      3.71  -1.26     4.62
  SINCE JAN 1     27.84                     24.11   3.73    26.24

SNOWFALL (IN)
  YESTERDAY        0.0           0.0    MM   0.0    0.0      0.0
  MONTH TO DATE    0.0                       0.0    0.0      0.0
  SINCE SEP 1      0.0                       0.0    0.0      0.0
  SINCE JUL 1      0.0                       0.0    0.0      0.0
  SNOW DEPTH       0

DEGREE DAYS
 HEATING
  YESTERDAY        1                        15    -14       18
  MONTH TO DATE   38                       111    -73       47
  SINCE SEP 1    158                       318   -160      112
  SINCE JUL 1    199                       381   -182      125

 COOLING
  YESTERDAY        0                         0      0        0
  MONTH TO DATE    6                         0      6        0
  SINCE SEP 1     98                        33     65       52
  SINCE JAN 1    475                       395     80      574
..................................................................


WIND (MPH)
  HIGHEST WIND SPEED    22   HIGHEST WIND DIRECTION     S (180)
  HIGHEST GUST SPEED    30   HIGHEST GUST DIRECTION     S (180)
  AVERAGE WIND SPEED     7.4


SKY COVER
  POSSIBLE SUNSHINE  MM
  AVERAGE SKY COVER 0.0


WEATHER CONDITIONS
 THE FOLLOWING WEATHER WAS RECORDED YESTERDAY.
  NO SIGNIFICANT WEATHER WAS OBSERVED.


RELATIVE HUMIDITY (PERCENT)
 HIGHEST   100          1200 AM
 LOWEST     49           100 PM
 AVERAGE    75

..........................................................


THE GREEN BAY WI CLIMATE NORMALS FOR TODAY
                         NORMAL    RECORD    YEAR
 MAXIMUM TEMPERATURE (F)   60        81      1905
 MINIMUM TEMPERATURE (F)   40        23      1895


SUNRISE AND SUNSET
OCTOBER  9 2017.......SUNRISE   700 AM CDT   SUNSET   618 PM CDT
OCTOBER 10 2017.......SUNRISE   702 AM CDT   SUNSET   616 PM CDT


-  INDICATES NEGATIVE NUMBERS.
R  INDICATES RECORD WAS SET OR TIED.
MM INDICATES DATA IS MISSING.
T  INDICATES TRACE AMOUNT.




$$
