000
CDUS43 KGRB 110640
CLIGRB


CLIMATE REPORT
NATIONAL WEATHER SERVICE GREEN BAY
138 AM CDT TUE JUL 11 2017


...................................

...THE GREEN BAY WI CLIMATE SUMMARY FOR JULY 10 2017...

CLIMATE NORMAL PERIOD 1981 TO 2010
CLIMATE RECORD PERIOD 1886 TO 2017


WEATHER ITEM   OBSERVED TIME   RECORD YEAR NORMAL DEPARTURE LAST
                VALUE   (LST)  VALUE       VALUE  FROM      YEAR
                                                  NORMAL
..................................................................
TEMPERATURE (F)
 YESTERDAY
  MAXIMUM         84   1250 PM 100    1936  80      4       79
  MINIMUM         62    211 AM  42    1968  59      3       55
  AVERAGE         73                        69      4       67

PRECIPITATION (IN)
  YESTERDAY        T             2.14 1984   0.11  -0.11     0.01
  MONTH TO DATE    0.42                      1.18  -0.76     0.27
  SINCE JUN 1      4.20                      5.06  -0.86     4.71
  SINCE JAN 1     17.20                     14.71   2.49    15.89

SNOWFALL (IN)
  YESTERDAY        0.0           0.0    MM   0.0    0.0      0.0
  MONTH TO DATE    0.0                       0.0    0.0      0.0
  SINCE JUN 1      0.0                       0.0    0.0      0.0
  SINCE JUL 1      0.0                       0.0    0.0      0.0
  SNOW DEPTH       0

DEGREE DAYS
 HEATING
  YESTERDAY        0                         1     -1        0
  MONTH TO DATE    0                        10    -10        1
  SINCE JUN 1     27                       102    -75       26
  SINCE JUL 1      0                        10    -10        1

 COOLING
  YESTERDAY        8                         5      3        2
  MONTH TO DATE   59                        50      9       45
  SINCE JUN 1    174                       133     41      145
  SINCE JAN 1    182                       151     31      178
..................................................................


WIND (MPH)
  HIGHEST WIND SPEED    13   HIGHEST WIND DIRECTION    SE (120)
  HIGHEST GUST SPEED    16   HIGHEST GUST DIRECTION    SW (240)
  AVERAGE WIND SPEED     4.1


SKY COVER
  POSSIBLE SUNSHINE  MM
  AVERAGE SKY COVER 0.3


WEATHER CONDITIONS
 THE FOLLOWING WEATHER WAS RECORDED YESTERDAY.
  LIGHT RAIN
  FOG


RELATIVE HUMIDITY (PERCENT)
 HIGHEST   100          1200 AM
 LOWEST     62          1100 AM
 AVERAGE    81

..........................................................


THE GREEN BAY WI CLIMATE NORMALS FOR TODAY
                         NORMAL    RECORD    YEAR
 MAXIMUM TEMPERATURE (F)   80        99      1936
                                             1921
 MINIMUM TEMPERATURE (F)   59        47      1968
                                             1898


SUNRISE AND SUNSET
JULY 11 2017..........SUNRISE   519 AM CDT   SUNSET   837 PM CDT
JULY 12 2017..........SUNRISE   520 AM CDT   SUNSET   836 PM CDT


-  INDICATES NEGATIVE NUMBERS.
R  INDICATES RECORD WAS SET OR TIED.
MM INDICATES DATA IS MISSING.
T  INDICATES TRACE AMOUNT.




$$
