000
CDUS43 KGRB 280646
CLIGRB


CLIMATE REPORT
NATIONAL WEATHER SERVICE GREEN BAY
1245 AM CST TUE NOV 28 2017


...................................

...THE GREEN BAY WI CLIMATE SUMMARY FOR NOVEMBER 27 2017...

CLIMATE NORMAL PERIOD 1981 TO 2010
CLIMATE RECORD PERIOD 1886 TO 2017


WEATHER ITEM   OBSERVED TIME   RECORD YEAR NORMAL DEPARTURE LAST
                VALUE   (LST)  VALUE       VALUE  FROM      YEAR
                                                  NORMAL
..................................................................
TEMPERATURE (F)
 YESTERDAY
  MAXIMUM         53   1135 PM  63    1990  36     17       46
  MINIMUM         27    649 AM  -3    1955  22      5       29
  AVERAGE         40                        29     11       38

PRECIPITATION (IN)
  YESTERDAY        0.00          1.51 1910   0.07  -0.07     0.13
  MONTH TO DATE    1.14                      1.93  -0.79     0.71
  SINCE SEP 1      5.27                      7.41  -2.14     7.66
  SINCE JAN 1     30.66                     27.81   2.85    29.28

SNOWFALL (IN)
  YESTERDAY        0.0           9.7  1995   0.2   -0.2      0.0
  MONTH TO DATE    0.6                       3.2   -2.6      0.9
  SINCE SEP 1      0.6                       3.4   -2.8      0.9
  SINCE JUL 1      0.6                       3.4   -2.8      0.9
  SNOW DEPTH       0

DEGREE DAYS
 HEATING
  YESTERDAY       25                        36    -11       27
  MONTH TO DATE  803                       805     -2      537
  SINCE SEP 1   1299                      1568   -269      978
  SINCE JUL 1   1340                      1631   -291      991

 COOLING
  YESTERDAY        0                         0      0        0
  MONTH TO DATE    0                         0      0        0
  SINCE SEP 1    100                        36     64       55
  SINCE JAN 1    477                       398     79      577
..................................................................


WIND (MPH)
  HIGHEST WIND SPEED    22   HIGHEST WIND DIRECTION    SE (150)
  HIGHEST GUST SPEED    29   HIGHEST GUST DIRECTION     S (200)
  AVERAGE WIND SPEED     9.4


SKY COVER
  POSSIBLE SUNSHINE  MM
  AVERAGE SKY COVER 0.3


WEATHER CONDITIONS
 THE FOLLOWING WEATHER WAS RECORDED YESTERDAY.
  NO SIGNIFICANT WEATHER WAS OBSERVED.


RELATIVE HUMIDITY (PERCENT)
 HIGHEST    96           900 AM
 LOWEST     70          1200 PM
 AVERAGE    83

..........................................................


THE GREEN BAY WI CLIMATE NORMALS FOR TODAY
                         NORMAL    RECORD    YEAR
 MAXIMUM TEMPERATURE (F)   36        58      2006
 MINIMUM TEMPERATURE (F)   21       -12      1887


SUNRISE AND SUNSET
NOVEMBER 28 2017......SUNRISE   706 AM CST   SUNSET   415 PM CST
NOVEMBER 29 2017......SUNRISE   707 AM CST   SUNSET   415 PM CST


-  INDICATES NEGATIVE NUMBERS.
R  INDICATES RECORD WAS SET OR TIED.
MM INDICATES DATA IS MISSING.
T  INDICATES TRACE AMOUNT.




$$
