851
CDUS43 KGRB 142134
CLIGRB


CLIMATE REPORT
NATIONAL WEATHER SERVICE GREEN BAY
433 PM CDT MON AUG 14 2017


...................................

...THE GREEN BAY WI CLIMATE SUMMARY FOR AUGUST 14 2017...
VALID TODAY AS OF 0400 PM LOCAL TIME.

CLIMATE NORMAL PERIOD 1981 TO 2010
CLIMATE RECORD PERIOD 1886 TO 2017


WEATHER ITEM   OBSERVED TIME   RECORD YEAR NORMAL DEPARTURE LAST
                VALUE   (LST)  VALUE       VALUE  FROM      YEAR
                                                  NORMAL
..................................................................
TEMPERATURE (F)
 TODAY
  MAXIMUM         76    236 PM  96    1965  78     -2       82
  MINIMUM         58    351 AM  40    1964  58      0       58
  AVERAGE         67                        68     -1       70

PRECIPITATION (IN)
  TODAY            0.00          1.00 1986   0.11  -0.11     0.00
  MONTH TO DATE    1.88                      1.59   0.29     0.31
  SINCE JUN 1     10.22                      8.97   1.25     7.97
  SINCE JAN 1     23.22                     18.62   4.60    19.15

SNOWFALL (IN)
  TODAY            0.0           0.0    MM   0.0    0.0      0.0
  MONTH TO DATE    0.0                       0.0    0.0      0.0
  SINCE JUN 1      0.0                       0.0    0.0      0.0
  SINCE JUL 1      0.0                       0.0    0.0      0.0
  SNOW DEPTH       0

DEGREE DAYS
 HEATING
  TODAY            0                         1     -1        0
  MONTH TO DATE    8                        14     -6        0
  SINCE JUN 1     36                       129    -93       31
  SINCE JUL 1      9                        37    -28        6

 COOLING
  TODAY            2                         4     -2        5
  MONTH TO DATE   33                        57    -24      104
  SINCE JUN 1    334                       290     44      402
  SINCE JAN 1    342                       308     34      435
..................................................................


WIND (MPH)
  HIGHEST WIND SPEED     8   HIGHEST WIND DIRECTION     S (170)
  HIGHEST GUST SPEED    12   HIGHEST GUST DIRECTION    SW (210)
  AVERAGE WIND SPEED     2.2


SKY COVER
  POSSIBLE SUNSHINE  MM
  AVERAGE SKY COVER 0.4


WEATHER CONDITIONS
 THE FOLLOWING WEATHER WAS RECORDED TODAY.
  NO SIGNIFICANT WEATHER WAS OBSERVED.


RELATIVE HUMIDITY (PERCENT)
 HIGHEST   100          1200 AM
 LOWEST     60           100 PM
 AVERAGE    80

..........................................................


THE GREEN BAY WI CLIMATE NORMALS FOR TOMORROW
                         NORMAL    RECORD    YEAR
 MAXIMUM TEMPERATURE (F)   78        93      1937
 MINIMUM TEMPERATURE (F)   57        41      1992


SUNRISE AND SUNSET
AUGUST 14 2017........SUNRISE   555 AM CDT   SUNSET   759 PM CDT
AUGUST 15 2017........SUNRISE   556 AM CDT   SUNSET   757 PM CDT


-  INDICATES NEGATIVE NUMBERS.
R  INDICATES RECORD WAS SET OR TIED.
MM INDICATES DATA IS MISSING.
T  INDICATES TRACE AMOUNT.




$$
