000
CDUS43 KGRB 220714
CLIGRB


CLIMATE REPORT
NATIONAL WEATHER SERVICE GREEN BAY
114 AM CST TUE NOV 22 2016


...................................

...THE GREEN BAY WI CLIMATE SUMMARY FOR NOVEMBER 21 2016...

CLIMATE NORMAL PERIOD 1981 TO 2010
CLIMATE RECORD PERIOD 1886 TO 2016


WEATHER ITEM   OBSERVED TIME   RECORD YEAR NORMAL DEPARTURE LAST
                VALUE   (LST)  VALUE       VALUE  FROM      YEAR
                                                  NORMAL
..................................................................
TEMPERATURE (F)
 YESTERDAY
  MAXIMUM         37    156 PM  66    1913  39     -2       31
  MINIMUM         21    703 AM   3    2014  25     -4       20
  AVERAGE         29                        32     -3       26

PRECIPITATION (IN)
  YESTERDAY        0.00          1.84 1906   0.08  -0.08     0.00
  MONTH TO DATE    0.18                      1.52  -1.34     1.31
  SINCE SEP 1      7.13                      7.00   0.13     9.80
  SINCE JAN 1     28.75                     27.40   1.35    26.00

SNOWFALL (IN)
  YESTERDAY        0.0           5.0  1945   0.1   -0.1      0.0
  MONTH TO DATE    0.9                       1.9   -1.0       T
  SINCE SEP 1      0.9                       2.1   -1.2       T
  SINCE JUL 1      0.9                       2.1   -1.2       T
  SNOW DEPTH       0

DEGREE DAYS
 HEATING
  YESTERDAY       36                        33      3       39
  MONTH TO DATE  371                       595   -224      402
  SINCE SEP 1    812                      1358   -546      927
  SINCE JUL 1    825                      1421   -596      977

 COOLING
  YESTERDAY        0                         0      0        0
  MONTH TO DATE    0                         0      0        0
  SINCE SEP 1     55                        36     19      115
  SINCE JAN 1    577                       398    179      517
..................................................................


WIND (MPH)
  HIGHEST WIND SPEED    13   HIGHEST WIND DIRECTION    NW (330)
  HIGHEST GUST SPEED    17   HIGHEST GUST DIRECTION    NW (320)
  AVERAGE WIND SPEED     5.9


SKY COVER
  POSSIBLE SUNSHINE  MM
  AVERAGE SKY COVER 0.2


WEATHER CONDITIONS
 THE FOLLOWING WEATHER WAS RECORDED YESTERDAY.
  NO SIGNIFICANT WEATHER WAS OBSERVED.


RELATIVE HUMIDITY (PERCENT)
 HIGHEST    88          1100 PM
 LOWEST     44           200 PM
 AVERAGE    66

..........................................................


THE GREEN BAY WI CLIMATE NORMALS FOR TODAY
                         NORMAL    RECORD    YEAR
 MAXIMUM TEMPERATURE (F)   39        61      2012
 MINIMUM TEMPERATURE (F)   24         1      1929


SUNRISE AND SUNSET
NOVEMBER 22 2016......SUNRISE   659 AM CST   SUNSET   419 PM CST
NOVEMBER 23 2016......SUNRISE   700 AM CST   SUNSET   418 PM CST


-  INDICATES NEGATIVE NUMBERS.
R  INDICATES RECORD WAS SET OR TIED.
MM INDICATES DATA IS MISSING.
T  INDICATES TRACE AMOUNT.




$$
