000
CDUS43 KGRB 060902
CLIGRB


CLIMATE REPORT
NATIONAL WEATHER SERVICE GREEN BAY
401 AM CDT TUE JUN 6 2017


...................................

...THE GREEN BAY WI CLIMATE SUMMARY FOR JUNE 5 2017...

CLIMATE NORMAL PERIOD 1981 TO 2010
CLIMATE RECORD PERIOD 1886 TO 2017


WEATHER ITEM   OBSERVED TIME   RECORD YEAR NORMAL DEPARTURE LAST
                VALUE   (LST)  VALUE       VALUE  FROM      YEAR
                                                  NORMAL
..................................................................
TEMPERATURE (F)
 YESTERDAY
  MAXIMUM         74    207 PM  93    1934  72      2       76
  MINIMUM         53   1159 PM  36    1958  51      2       57
  AVERAGE         64                        62      2       67

PRECIPITATION (IN)
  YESTERDAY        T             1.51 1980   0.14  -0.14     0.08
  MONTH TO DATE    0.49                      0.64  -0.15     1.12
  SINCE JUN 1      0.49                      0.64  -0.15     1.12
  SINCE JAN 1     13.49                     10.29   3.20    12.30

SNOWFALL (IN)
  YESTERDAY        0.0           0.0    MM   0.0    0.0      0.0
  MONTH TO DATE    0.0                       0.0    0.0      0.0
  SINCE JUN 1      0.0                       0.0    0.0      0.0
  SINCE JUL 1     53.2                      51.4    1.8     50.0
  SNOW DEPTH       0

DEGREE DAYS
 HEATING
  YESTERDAY        1                         5     -4        0
  MONTH TO DATE    4                        27    -23        2
  SINCE JUN 1      4                        27    -23        2
  SINCE JUL 1   6391                      7890  -1499     6599

 COOLING
  YESTERDAY        0                         1     -1        2
  MONTH TO DATE   17                         5     12        6
  SINCE JUN 1     17                         5     12        6
  SINCE JAN 1     25                        23      2       39
..................................................................


WIND (MPH)
  HIGHEST WIND SPEED    22   HIGHEST WIND DIRECTION    NE (60)
  HIGHEST GUST SPEED    30   HIGHEST GUST DIRECTION    NE (40)
  AVERAGE WIND SPEED    11.5


SKY COVER
  POSSIBLE SUNSHINE  MM
  AVERAGE SKY COVER 0.4


WEATHER CONDITIONS
 THE FOLLOWING WEATHER WAS RECORDED YESTERDAY.
  LIGHT RAIN
  FOG


RELATIVE HUMIDITY (PERCENT)
 HIGHEST   100           300 AM
 LOWEST     37           600 PM
 AVERAGE    69

..........................................................


THE GREEN BAY WI CLIMATE NORMALS FOR TODAY
                         NORMAL    RECORD    YEAR
 MAXIMUM TEMPERATURE (F)   73        93      1988
 MINIMUM TEMPERATURE (F)   51        32      1958


SUNRISE AND SUNSET
JUNE  6 2017..........SUNRISE   509 AM CDT   SUNSET   834 PM CDT
JUNE  7 2017..........SUNRISE   508 AM CDT   SUNSET   835 PM CDT


-  INDICATES NEGATIVE NUMBERS.
R  INDICATES RECORD WAS SET OR TIED.
MM INDICATES DATA IS MISSING.
T  INDICATES TRACE AMOUNT.




$$
