904
CDUS43 KGRB 130759
CLIGRB


CLIMATE REPORT
NATIONAL WEATHER SERVICE GREEN BAY
158 AM CST SAT JAN 13 2018


...................................

...THE GREEN BAY WI CLIMATE SUMMARY FOR JANUARY 12 2018...

CLIMATE NORMAL PERIOD 1981 TO 2010
CLIMATE RECORD PERIOD 1886 TO 2018


WEATHER ITEM   OBSERVED TIME   RECORD YEAR NORMAL DEPARTURE LAST
                VALUE   (LST)  VALUE       VALUE  FROM      YEAR
                                                  NORMAL
..................................................................
TEMPERATURE (F)
 YESTERDAY
  MAXIMUM         20   1216 AM  48    1928  24     -4       20
  MINIMUM          6   1159 PM -25    1912   9     -3        9
  AVERAGE         13                        16     -3       15

PRECIPITATION (IN)
  YESTERDAY        T             1.00 1890   0.03  -0.03     0.00
  MONTH TO DATE    0.16                      0.46  -0.30     1.03
  SINCE DEC 1      1.45                      1.97  -0.52     3.28
  SINCE JAN 1      0.16                      0.46  -0.30     1.03

SNOWFALL (IN)
  YESTERDAY        T            11.5  1890   0.4   -0.4      0.0
  MONTH TO DATE    1.6                       4.8   -3.2      6.2
  SINCE DEC 1     13.6                      17.9   -4.3     29.3
  SINCE JUL 1     14.2                      22.1   -7.9     30.2
  SNOW DEPTH       T

DEGREE DAYS
 HEATING
  YESTERDAY       52                        49      3       50
  MONTH TO DATE  612                       578     34      591
  SINCE DEC 1   2039                      1928    111     1842
  SINCE JUL 1   3455                      3668   -213     2904

 COOLING
  YESTERDAY        0                         0      0        0
  MONTH TO DATE    0                         0      0        0
  SINCE DEC 1      0                         0      0        0
  SINCE JAN 1      0                         0      0        0
..................................................................


WIND (MPH)
  HIGHEST WIND SPEED    23   HIGHEST WIND DIRECTION     N (350)
  HIGHEST GUST SPEED    29   HIGHEST GUST DIRECTION     N (360)
  AVERAGE WIND SPEED    13.8


SKY COVER
  POSSIBLE SUNSHINE  MM
  AVERAGE SKY COVER 0.3


WEATHER CONDITIONS
 THE FOLLOWING WEATHER WAS RECORDED YESTERDAY.
  LIGHT SNOW


RELATIVE HUMIDITY (PERCENT)
 HIGHEST    69           900 PM
 LOWEST     46           300 PM
 AVERAGE    58

..........................................................


THE GREEN BAY WI CLIMATE NORMALS FOR TODAY
                         NORMAL    RECORD    YEAR
 MAXIMUM TEMPERATURE (F)   24        50      1961
 MINIMUM TEMPERATURE (F)    9       -23      1929


SUNRISE AND SUNSET
JANUARY 13 2018.......SUNRISE   726 AM CST   SUNSET   436 PM CST
JANUARY 14 2018.......SUNRISE   726 AM CST   SUNSET   438 PM CST


-  INDICATES NEGATIVE NUMBERS.
R  INDICATES RECORD WAS SET OR TIED.
MM INDICATES DATA IS MISSING.
T  INDICATES TRACE AMOUNT.




$$
