000
CDUS43 KGRB 070830
CLIGRB


CLIMATE REPORT
NATIONAL WEATHER SERVICE GREEN BAY
320 AM CDT FRI APR 7 2017


...................................

...THE GREEN BAY WI CLIMATE SUMMARY FOR APRIL 6 2017...

CLIMATE NORMAL PERIOD 1981 TO 2010
CLIMATE RECORD PERIOD 1886 TO 2017


WEATHER ITEM   OBSERVED TIME   RECORD YEAR NORMAL DEPARTURE LAST
                VALUE   (LST)  VALUE       VALUE  FROM      YEAR
                                                  NORMAL
..................................................................
TEMPERATURE (F)
 YESTERDAY
  MAXIMUM         52    337 PM  84    1991  49      3       41
  MINIMUM         36    644 AM  12    2003  30      6       33
  AVERAGE         44                        40      4       37

PRECIPITATION (IN)
  YESTERDAY        0.00          1.22 2010   0.09  -0.09     0.15
  MONTH TO DATE    0.45                      0.48  -0.03     0.31
  SINCE MAR 1      2.75                      2.33   0.42     4.36
  SINCE JAN 1      6.00                      4.57   1.43     6.84

SNOWFALL (IN)
  YESTERDAY        0.0           5.0  1914   0.1   -0.1       T
  MONTH TO DATE    0.0                       0.9   -0.9      0.9
  SINCE MAR 1      9.0                       9.0    0.0     12.7
  SINCE JUL 1     53.2                      49.2    4.0     46.5
  SNOW DEPTH       0

DEGREE DAYS
 HEATING
  YESTERDAY       21                        25     -4       28
  MONTH TO DATE  115                       158    -43      190
  SINCE MAR 1   1139                      1218    -79     1055
  SINCE JUL 1   5712                      7058  -1346     5866

 COOLING
  YESTERDAY        0                         0      0        0
  MONTH TO DATE    0                         0      0        0
  SINCE MAR 1      0                         0      0        0
  SINCE JAN 1      0                         0      0        0
..................................................................


WIND (MPH)
  HIGHEST WIND SPEED    29   HIGHEST WIND DIRECTION     N (360)
  HIGHEST GUST SPEED    37   HIGHEST GUST DIRECTION     N (360)
  AVERAGE WIND SPEED    18.8


SKY COVER
  POSSIBLE SUNSHINE  MM
  AVERAGE SKY COVER 0.0


WEATHER CONDITIONS
 THE FOLLOWING WEATHER WAS RECORDED YESTERDAY.
  NO SIGNIFICANT WEATHER WAS OBSERVED.


RELATIVE HUMIDITY (PERCENT)
 HIGHEST    75           500 AM
 LOWEST     32           500 PM
 AVERAGE    54

..........................................................


THE GREEN BAY WI CLIMATE NORMALS FOR TODAY
                         NORMAL    RECORD    YEAR
 MAXIMUM TEMPERATURE (F)   50        81      1991
 MINIMUM TEMPERATURE (F)   31        16      1972
                                             1936
                                             1914


SUNRISE AND SUNSET
APRIL  7 2017.........SUNRISE   622 AM CDT   SUNSET   728 PM CDT
APRIL  8 2017.........SUNRISE   620 AM CDT   SUNSET   729 PM CDT


-  INDICATES NEGATIVE NUMBERS.
R  INDICATES RECORD WAS SET OR TIED.
MM INDICATES DATA IS MISSING.
T  INDICATES TRACE AMOUNT.




$$
