000
CDUS43 KGRB 180728
CLIGRB


CLIMATE REPORT
NATIONAL WEATHER SERVICE GREEN BAY
228 AM CDT MON JUL 18 2016


...................................

...THE GREEN BAY WI CLIMATE SUMMARY FOR JULY 17 2016...

CLIMATE NORMAL PERIOD 1981 TO 2010
CLIMATE RECORD PERIOD 1886 TO 2016


WEATHER ITEM   OBSERVED TIME   RECORD YEAR NORMAL DEPARTURE LAST
                VALUE   (LST)  VALUE       VALUE  FROM      YEAR
                                                  NORMAL
..................................................................
TEMPERATURE (F)
 YESTERDAY
  MAXIMUM         81    558 PM  98    1931  80      1       87
  MINIMUM         59    146 AM  45    1958  59      0       63
                                      1896
  AVERAGE         70                        69      1       75

PRECIPITATION (IN)
  YESTERDAY        0.34          1.75 1994   0.11   0.23      T
  MONTH TO DATE    1.57                      1.98  -0.41     1.49
  SINCE JUN 1      6.01                      5.86   0.15     4.73
  SINCE JAN 1     17.19                     15.51   1.68    11.67

SNOWFALL (IN)
  YESTERDAY        0.0           0.0    MM   0.0    0.0      0.0
  MONTH TO DATE    0.0                       0.0    0.0      0.0
  SINCE JUN 1      0.0                       0.0    0.0      0.0
  SINCE JUL 1      0.0                       0.0    0.0      0.0
  SNOW DEPTH       0

DEGREE DAYS
 HEATING
  YESTERDAY        0                         1     -1        0
  MONTH TO DATE    6                        17    -11       19
  SINCE JUN 1     31                       109    -78       72
  SINCE JUL 1      6                        17    -11       19

 COOLING
  YESTERDAY        5                         5      0       10
  MONTH TO DATE   90                        85      5       60
  SINCE JUN 1    190                       168     22      127
  SINCE JAN 1    223                       186     37      155
..................................................................


WIND (MPH)
  HIGHEST WIND SPEED    20   HIGHEST WIND DIRECTION     W (260)
  HIGHEST GUST SPEED    27   HIGHEST GUST DIRECTION    SW (230)
  AVERAGE WIND SPEED    10.0


SKY COVER
  POSSIBLE SUNSHINE  MM
  AVERAGE SKY COVER 0.5


WEATHER CONDITIONS
 THE FOLLOWING WEATHER WAS RECORDED YESTERDAY.
  THUNDERSTORM
  HEAVY RAIN
  RAIN
  LIGHT RAIN
  FOG


RELATIVE HUMIDITY (PERCENT)
 HIGHEST   100           700 AM
 LOWEST     69           500 PM
 AVERAGE    85

..........................................................


THE GREEN BAY WI CLIMATE NORMALS FOR TODAY
                         NORMAL    RECORD    YEAR
 MAXIMUM TEMPERATURE (F)   80        97      1894
 MINIMUM TEMPERATURE (F)   59        46      2003
                                             2000
                                             1956


SUNRISE AND SUNSET
JULY 18 2016..........SUNRISE   525 AM CDT   SUNSET   832 PM CDT
JULY 19 2016..........SUNRISE   526 AM CDT   SUNSET   831 PM CDT


-  INDICATES NEGATIVE NUMBERS.
R  INDICATES RECORD WAS SET OR TIED.
MM INDICATES DATA IS MISSING.
T  INDICATES TRACE AMOUNT.




$$
