000
CDUS43 KGRB 140716
CLIGRB


CLIMATE REPORT
NATIONAL WEATHER SERVICE GREEN BAY
214 AM CDT TUE OCT 14 2014


...................................

...THE GREEN BAY WI CLIMATE SUMMARY FOR OCTOBER 13 2014...

CLIMATE NORMAL PERIOD 1981 TO 2010
CLIMATE RECORD PERIOD 1886 TO 2014


WEATHER ITEM   OBSERVED TIME   RECORD YEAR NORMAL DEPARTURE LAST
                VALUE   (LST)  VALUE       VALUE  FROM      YEAR
                                                  NORMAL
..................................................................
TEMPERATURE (F)
 YESTERDAY
  MAXIMUM         62    145 PM  82    1975  58      4       61
  MINIMUM         50    427 AM  22    1988  39     11       37
  AVERAGE         56                        48      8       49

PRECIPITATION (IN)
  YESTERDAY        1.01          1.31 1898   0.08   0.93     0.00
  MONTH TO DATE    1.94                      1.07   0.87     1.15
  SINCE SEP 1      6.63                      4.11   2.52     4.04
  SINCE JAN 1     27.35                     24.51   2.84    28.03

SNOWFALL (IN)
  YESTERDAY        0.0           2.5  1936   0.0    0.0      0.0
  MONTH TO DATE    0.0                       0.0    0.0      0.0
  SINCE SEP 1      0.0                       0.0    0.0      0.0
  SINCE JUL 1      0.0                       0.0    0.0      0.0
  SNOW DEPTH       0

DEGREE DAYS
 HEATING
  YESTERDAY        9                        17     -8       16
  MONTH TO DATE  198                       193      5       89
  SINCE SEP 1    395                       400     -5      260
  SINCE JUL 1    424                       463    -39      300

 COOLING
  YESTERDAY        0                         0      0        0
  MONTH TO DATE    0                         0      0        2
  SINCE SEP 1     19                        33    -14       57
  SINCE JAN 1    362                       395    -33      535
..................................................................


WIND (MPH)
  HIGHEST WIND SPEED    23   HIGHEST WIND DIRECTION    NE (30)
  HIGHEST GUST SPEED    28   HIGHEST GUST DIRECTION    NE (30)
  AVERAGE WIND SPEED     8.1


SKY COVER
  POSSIBLE SUNSHINE  MM
  AVERAGE SKY COVER 1.0


WEATHER CONDITIONS
 THE FOLLOWING WEATHER WAS RECORDED YESTERDAY.
  HEAVY RAIN
  RAIN
  LIGHT RAIN
  FOG
  HAZE


RELATIVE HUMIDITY (PERCENT)
 HIGHEST   100           700 PM
 LOWEST     78          1200 PM
 AVERAGE    89

..........................................................


THE GREEN BAY WI CLIMATE NORMALS FOR TODAY
                         NORMAL    RECORD    YEAR
 MAXIMUM TEMPERATURE (F)   57        82      1947
                                             1897
 MINIMUM TEMPERATURE (F)   38        22      1979


SUNRISE AND SUNSET
OCTOBER 14 2014.......SUNRISE   706 AM CDT   SUNSET   610 PM CDT
OCTOBER 15 2014.......SUNRISE   708 AM CDT   SUNSET   608 PM CDT


-  INDICATES NEGATIVE NUMBERS.
R  INDICATES RECORD WAS SET OR TIED.
MM INDICATES DATA IS MISSING.
T  INDICATES TRACE AMOUNT.

$$
