000
CDUS43 KGRB 120631
CLIGRB


CLIMATE REPORT
NATIONAL WEATHER SERVICE GREEN BAY
131 AM CDT FRI MAY 12 2017


...................................

...THE GREEN BAY WI CLIMATE SUMMARY FOR MAY 11 2017...

CLIMATE NORMAL PERIOD 1981 TO 2010
CLIMATE RECORD PERIOD 1886 TO 2017


WEATHER ITEM   OBSERVED TIME   RECORD YEAR NORMAL DEPARTURE LAST
                VALUE   (LST)  VALUE       VALUE  FROM      YEAR
                                                  NORMAL
..................................................................
TEMPERATURE (F)
 YESTERDAY
  MAXIMUM         69    201 PM  88    1922  65      4       62
  MINIMUM         50    542 AM  28    1907  42      8       49
  AVERAGE         60                        53      7       56

PRECIPITATION (IN)
  YESTERDAY        0.00          1.38 2006   0.09  -0.09     0.11
  MONTH TO DATE    0.74                      0.92  -0.18     0.72
  SINCE MAR 1      7.52                      5.40   2.12     6.06
  SINCE JAN 1     10.77                      7.64   3.13     8.54

SNOWFALL (IN)
  YESTERDAY        0.0           T    1971   0.0    0.0      0.0
                                      1949
  MONTH TO DATE    0.0                       0.1   -0.1      0.0
  SINCE MAR 1      9.0                      11.1   -2.1     16.2
  SINCE JUL 1     53.2                      51.3    1.9     50.0
  SNOW DEPTH       0

DEGREE DAYS
 HEATING
  YESTERDAY        5                        12     -7        9
  MONTH TO DATE  164                       147     17      128
  SINCE MAR 1   1675                      1844   -169     1665
  SINCE JUL 1   6248                      7684  -1436     6476

 COOLING
  YESTERDAY        0                         0      0        0
  MONTH TO DATE    0                         0      0        1
  SINCE MAR 1      0                         2     -2        1
  SINCE JAN 1      0                         2     -2        1
..................................................................


WIND (MPH)
  HIGHEST WIND SPEED    21   HIGHEST WIND DIRECTION    NE (40)
  HIGHEST GUST SPEED    24   HIGHEST GUST DIRECTION    NE (30)
  AVERAGE WIND SPEED     3.9


SKY COVER
  POSSIBLE SUNSHINE  MM
  AVERAGE SKY COVER 0.8


WEATHER CONDITIONS
 THE FOLLOWING WEATHER WAS RECORDED YESTERDAY.
  NO SIGNIFICANT WEATHER WAS OBSERVED.


RELATIVE HUMIDITY (PERCENT)
 HIGHEST    96          1200 AM
 LOWEST     58          1200 PM
 AVERAGE    77

..........................................................


THE GREEN BAY WI CLIMATE NORMALS FOR TODAY
                         NORMAL    RECORD    YEAR
 MAXIMUM TEMPERATURE (F)   65        87      1991
 MINIMUM TEMPERATURE (F)   43        27      1967


SUNRISE AND SUNSET
MAY 12 2017...........SUNRISE   528 AM CDT   SUNSET   810 PM CDT
MAY 13 2017...........SUNRISE   527 AM CDT   SUNSET   811 PM CDT


-  INDICATES NEGATIVE NUMBERS.
R  INDICATES RECORD WAS SET OR TIED.
MM INDICATES DATA IS MISSING.
T  INDICATES TRACE AMOUNT.




$$
