000
CDUS43 KGRB 090638
CLIGRB


CLIMATE REPORT
NATIONAL WEATHER SERVICE GREEN BAY
135 AM CDT SUN APR 9 2017


...................................

...THE GREEN BAY WI CLIMATE SUMMARY FOR APRIL 8 2017...

CLIMATE NORMAL PERIOD 1981 TO 2010
CLIMATE RECORD PERIOD 1886 TO 2017


WEATHER ITEM   OBSERVED TIME   RECORD YEAR NORMAL DEPARTURE LAST
                VALUE   (LST)  VALUE       VALUE  FROM      YEAR
                                                  NORMAL
..................................................................
TEMPERATURE (F)
 YESTERDAY
  MAXIMUM         67    259 PM  71    1971  50     17       32
  MINIMUM         34    419 AM  13    1972  31      3       19
                                      1950
  AVERAGE         51                        41     10       26

PRECIPITATION (IN)
  YESTERDAY        0.00          1.11 1980   0.09  -0.09     0.31
  MONTH TO DATE    0.45                      0.65  -0.20     0.62
  SINCE MAR 1      2.75                      2.50   0.25     4.67
  SINCE JAN 1      6.00                      4.74   1.26     7.15

SNOWFALL (IN)
  YESTERDAY        0.0           4.6  1908   0.2   -0.2      3.4
  MONTH TO DATE    0.0                       1.2   -1.2      4.4
  SINCE MAR 1      9.0                       9.3   -0.3     16.2
  SINCE JUL 1     53.2                      49.5    3.7     50.0
  SNOW DEPTH       0

DEGREE DAYS
 HEATING
  YESTERDAY       14                        24    -10       39
  MONTH TO DATE  148                       207    -59      257
  SINCE MAR 1   1172                      1267    -95     1122
  SINCE JUL 1   5745                      7107  -1362     5933

 COOLING
  YESTERDAY        0                         0      0        0
  MONTH TO DATE    0                         0      0        0
  SINCE MAR 1      0                         0      0        0
  SINCE JAN 1      0                         0      0        0
..................................................................


WIND (MPH)
  HIGHEST WIND SPEED    21   HIGHEST WIND DIRECTION     S (160)
  HIGHEST GUST SPEED    27   HIGHEST GUST DIRECTION     S (180)
  AVERAGE WIND SPEED    10.7


SKY COVER
  POSSIBLE SUNSHINE  MM
  AVERAGE SKY COVER 0.0


WEATHER CONDITIONS
 THE FOLLOWING WEATHER WAS RECORDED YESTERDAY.
  NO SIGNIFICANT WEATHER WAS OBSERVED.


RELATIVE HUMIDITY (PERCENT)
 HIGHEST    82           400 AM
 LOWEST     39          1200 PM
 AVERAGE    61

..........................................................


THE GREEN BAY WI CLIMATE NORMALS FOR TODAY
                         NORMAL    RECORD    YEAR
 MAXIMUM TEMPERATURE (F)   51        76      1955
                                             1945
 MINIMUM TEMPERATURE (F)   32        12      1928


SUNRISE AND SUNSET
APRIL  9 2017.........SUNRISE   619 AM CDT   SUNSET   730 PM CDT
APRIL 10 2017.........SUNRISE   617 AM CDT   SUNSET   731 PM CDT


-  INDICATES NEGATIVE NUMBERS.
R  INDICATES RECORD WAS SET OR TIED.
MM INDICATES DATA IS MISSING.
T  INDICATES TRACE AMOUNT.




$$
