000
CDUS43 KGRB 070918
CLIGRB


CLIMATE REPORT
NATIONAL WEATHER SERVICE GREEN BAY
317 AM CST TUE MAR 7 2017


...................................

...THE GREEN BAY WI CLIMATE SUMMARY FOR MARCH 6 2017...

CLIMATE NORMAL PERIOD 1981 TO 2010
CLIMATE RECORD PERIOD 1886 TO 2017


WEATHER ITEM   OBSERVED TIME   RECORD YEAR NORMAL DEPARTURE LAST
                VALUE   (LST)  VALUE       VALUE  FROM      YEAR
                                                  NORMAL
..................................................................
TEMPERATURE (F)
 YESTERDAY
  MAXIMUM         55   1051 PM  69    2000  35     20       43
  MINIMUM         42   1205 AM -22    1890  19     23       32
  AVERAGE         49                        27     22       38

PRECIPITATION (IN)
  YESTERDAY        0.04          0.81 1908   0.06  -0.02     0.00
  MONTH TO DATE    0.55                      0.34   0.21     0.24
  SINCE MAR 1      0.55                      0.34   0.21     0.24
  SINCE JAN 1      3.80                      2.58   1.22     2.72

SNOWFALL (IN)
  YESTERDAY        0.0           8.0  1900   0.4   -0.4      0.0
  MONTH TO DATE    5.9                       2.1    3.8      3.7
  SINCE MAR 1      5.9                       2.1    3.8      3.7
  SINCE JUL 1     50.1                      42.3    7.8     37.5
  SNOW DEPTH       0

DEGREE DAYS
 HEATING
  YESTERDAY       16                        38    -22       27
  MONTH TO DATE  221                       235    -14      238
  SINCE MAR 1    221                       235    -14      238
  SINCE JUL 1   4794                      6075  -1281     5049

 COOLING
  YESTERDAY        0                         0      0        0
  MONTH TO DATE    0                         0      0        0
  SINCE MAR 1      0                         0      0        0
  SINCE JAN 1      0                         0      0        0
..................................................................


WIND (MPH)
  HIGHEST WIND SPEED    23   HIGHEST WIND DIRECTION     S (160)
  HIGHEST GUST SPEED    29   HIGHEST GUST DIRECTION     S (160)
  AVERAGE WIND SPEED    11.7


SKY COVER
  POSSIBLE SUNSHINE  MM
  AVERAGE SKY COVER 1.0


WEATHER CONDITIONS
 THE FOLLOWING WEATHER WAS RECORDED YESTERDAY.
  THUNDERSTORM
  LIGHT RAIN
  FOG


RELATIVE HUMIDITY (PERCENT)
 HIGHEST   100           500 AM
 LOWEST     82          1200 AM
 AVERAGE    91

..........................................................


THE GREEN BAY WI CLIMATE NORMALS FOR TODAY
                         NORMAL    RECORD    YEAR
 MAXIMUM TEMPERATURE (F)   35        78      2000
 MINIMUM TEMPERATURE (F)   19       -11      1920


SUNRISE AND SUNSET
MARCH  7 2017.........SUNRISE   619 AM CST   SUNSET   549 PM CST
MARCH  8 2017.........SUNRISE   617 AM CST   SUNSET   550 PM CST


-  INDICATES NEGATIVE NUMBERS.
R  INDICATES RECORD WAS SET OR TIED.
MM INDICATES DATA IS MISSING.
T  INDICATES TRACE AMOUNT.




$$
