000
CDUS43 KGRB 112222
CLIGRB


CLIMATE REPORT
NATIONAL WEATHER SERVICE GREEN BAY
421 PM CST THU DEC 11 2014


...................................

...THE GREEN BAY WI CLIMATE SUMMARY FOR DECEMBER 11 2014...
VALID TODAY AS OF 0400 PM LOCAL TIME.

CLIMATE NORMAL PERIOD 1981 TO 2010
CLIMATE RECORD PERIOD 1886 TO 2014


WEATHER ITEM   OBSERVED TIME   RECORD YEAR NORMAL DEPARTURE LAST
                VALUE   (LST)  VALUE       VALUE  FROM      YEAR
                                                  NORMAL
..................................................................
TEMPERATURE (F)
 TODAY
  MAXIMUM         28    316 PM  57    1949  30     -2        9
  MINIMUM         12    336 AM -17    1977  16     -4       -6
                                      1972
  AVERAGE         20                        23     -3        2

PRECIPITATION (IN)
  TODAY            0.00          0.69 2010   0.05  -0.05      T
  MONTH TO DATE    0.27                      0.63  -0.36     0.70
  SINCE DEC 1      0.27                      0.63  -0.36     0.70
  SINCE JAN 1     30.70                     28.64   2.06    33.97

SNOWFALL (IN)
  TODAY            0.0           6.5  2010   0.5   -0.5       T
  MONTH TO DATE    2.5                       4.5   -2.0      7.3
  SINCE DEC 1      2.5                       4.5   -2.0      7.3
  SINCE JUL 1     10.7                       8.7    2.0      8.5
  SNOW DEPTH       4

DEGREE DAYS
 HEATING
  TODAY           45                        42      3       63
  MONTH TO DATE  481                       443     38      513
  SINCE DEC 1    481                       443     38      513
  SINCE JUL 1   2318                      2183    135     2124

 COOLING
  TODAY            0                         0      0        0
  MONTH TO DATE    0                         0      0        0
  SINCE DEC 1      0                         0      0        0
  SINCE JAN 1    362                       398    -36      535
..................................................................


WIND (MPH)
  HIGHEST WIND SPEED    15   HIGHEST WIND DIRECTION     W (260)
  HIGHEST GUST SPEED    18   HIGHEST GUST DIRECTION     W (250)
  AVERAGE WIND SPEED     9.1


SKY COVER
  POSSIBLE SUNSHINE  MM
  AVERAGE SKY COVER 0.4


WEATHER CONDITIONS
 THE FOLLOWING WEATHER WAS RECORDED TODAY.
  FOG
  HAZE


RELATIVE HUMIDITY (PERCENT)
 HIGHEST    96           200 AM
 LOWEST     69           300 PM
 AVERAGE    83

..........................................................


THE GREEN BAY WI CLIMATE NORMALS FOR TOMORROW
                         NORMAL    RECORD    YEAR
 MAXIMUM TEMPERATURE (F)   29        52      1968
 MINIMUM TEMPERATURE (F)   15        -6      1985
                                             1903


SUNRISE AND SUNSET
DECEMBER 11 2014......SUNRISE   719 AM CST   SUNSET   413 PM CST
DECEMBER 12 2014......SUNRISE   720 AM CST   SUNSET   413 PM CST


-  INDICATES NEGATIVE NUMBERS.
R  INDICATES RECORD WAS SET OR TIED.
MM INDICATES DATA IS MISSING.
T  INDICATES TRACE AMOUNT.




$$
