000
CDUS43 KGRB 290737
CLIGRB


CLIMATE REPORT
NATIONAL WEATHER SERVICE GREEN BAY
235 AM CDT SAT MAR 29 2014


...................................

...THE GREEN BAY WI CLIMATE SUMMARY FOR MARCH 28 2014...

CLIMATE NORMAL PERIOD 1981 TO 2010
CLIMATE RECORD PERIOD 1886 TO 2014


WEATHER ITEM   OBSERVED TIME   RECORD YEAR NORMAL DEPARTURE LAST
                VALUE   (LST)  VALUE       VALUE  FROM      YEAR
                                                  NORMAL
..................................................................
TEMPERATURE (F)
 YESTERDAY
  MAXIMUM         41    523 PM  74    1946  45     -4       45
                                      1910
                                      1905
  MINIMUM         31   1159 PM  -2    1923  27      4       26
  AVERAGE         36                        36      0       36

PRECIPITATION (IN)
  YESTERDAY        0.02          1.14 1931   0.06  -0.04     0.00
  MONTH TO DATE    0.91                      1.64  -0.73     1.85
  SINCE MAR 1      0.91                      1.64  -0.73     1.85
  SINCE JAN 1      3.70                      3.88  -0.18     6.51

SNOWFALL (IN)
  YESTERDAY        T            11.5  1931   0.2   -0.2      0.0
  MONTH TO DATE    6.1                       7.6   -1.5      8.4
  SINCE MAR 1      6.1                       7.6   -1.5      8.4
  SINCE JUL 1     68.4                      47.8   20.6     66.4
  SNOW DEPTH       T

DEGREE DAYS
 HEATING
  YESTERDAY       29                        29      0       29
  MONTH TO DATE 1214                       975    239     1105
  SINCE MAR 1   1214                       975    239     1105
  SINCE JUL 1   7695                      6815    880     6548

 COOLING
  YESTERDAY        0                         0      0        0
  MONTH TO DATE    0                         0      0        0
  SINCE MAR 1      0                         0      0        0
  SINCE JAN 1      0                         0      0        0
..................................................................


WIND (MPH)
  HIGHEST WIND SPEED    22   HIGHEST WIND DIRECTION     N (340)
  HIGHEST GUST SPEED    28   HIGHEST GUST DIRECTION     N (340)
  AVERAGE WIND SPEED    10.3


SKY COVER
  POSSIBLE SUNSHINE  MM
  AVERAGE SKY COVER 0.6


WEATHER CONDITIONS
 THE FOLLOWING WEATHER WAS RECORDED YESTERDAY.
  LIGHT SNOW
  FOG


RELATIVE HUMIDITY (PERCENT)
 HIGHEST   100          1200 AM
 LOWEST     51           400 PM
 AVERAGE    76

..........................................................


THE GREEN BAY WI CLIMATE NORMALS FOR TODAY
                         NORMAL    RECORD    YEAR
 MAXIMUM TEMPERATURE (F)   45        82      1910
 MINIMUM TEMPERATURE (F)   27         1      1887


SUNRISE AND SUNSET
MARCH 29 2014.........SUNRISE   639 AM CDT   SUNSET   716 PM CDT
MARCH 30 2014.........SUNRISE   637 AM CDT   SUNSET   717 PM CDT


-  INDICATES NEGATIVE NUMBERS.
R  INDICATES RECORD WAS SET OR TIED.
MM INDICATES DATA IS MISSING.
T  INDICATES TRACE AMOUNT.

$$
