000
CDUS43 KGRB 140636
CLIGRB


CLIMATE REPORT
NATIONAL WEATHER SERVICE GREEN BAY
1236 AM CST WED JAN 14 2015


...................................

...THE GREEN BAY WI CLIMATE SUMMARY FOR JANUARY 13 2015...

CLIMATE NORMAL PERIOD 1981 TO 2010
CLIMATE RECORD PERIOD 1886 TO 2015


WEATHER ITEM   OBSERVED TIME   RECORD YEAR NORMAL DEPARTURE LAST
                VALUE   (LST)  VALUE       VALUE  FROM      YEAR
                                                  NORMAL
..................................................................
TEMPERATURE (F)
 YESTERDAY
  MAXIMUM         15    355 PM  50    1961  24     -9       38
  MINIMUM         -5   1019 PM -23    1929   9    -14       25
  AVERAGE          5                        16    -11       32

PRECIPITATION (IN)
  YESTERDAY        T             0.48 1950   0.04  -0.04     0.00
  MONTH TO DATE    0.36                      0.50  -0.14     0.31
  SINCE DEC 1      2.04                      2.01   0.03     2.20
  SINCE JAN 1      0.36                      0.50  -0.14     0.31

SNOWFALL (IN)
  YESTERDAY        T             5.3  2008   0.4   -0.4      0.0
  MONTH TO DATE    6.1                       5.2    0.9       T
  SINCE DEC 1      9.6                      18.3   -8.7     26.4
  SINCE JUL 1     17.8                      22.5   -4.7     27.6
  SNOW DEPTH       4

DEGREE DAYS
 HEATING
  YESTERDAY       60                        49     11       33
  MONTH TO DATE  727                       627    100      720
  SINCE DEC 1   1935                      1977    -42     2264
  SINCE JUL 1   3772                      3717     55     3875

 COOLING
  YESTERDAY        0                         0      0        0
  MONTH TO DATE    0                         0      0        0
  SINCE DEC 1      0                         0      0        0
  SINCE JAN 1      0                         0      0        0
..................................................................


WIND (MPH)
  HIGHEST WIND SPEED     9   HIGHEST WIND DIRECTION     S (180)
  HIGHEST GUST SPEED    11   HIGHEST GUST DIRECTION    SW (210)
  AVERAGE WIND SPEED     3.6


SKY COVER
  POSSIBLE SUNSHINE  MM
  AVERAGE SKY COVER 0.6


WEATHER CONDITIONS
 THE FOLLOWING WEATHER WAS RECORDED YESTERDAY.
  LIGHT SNOW
  FOG
  HAZE


RELATIVE HUMIDITY (PERCENT)
 HIGHEST    91           800 PM
 LOWEST     61           400 PM
 AVERAGE    76

..........................................................


THE GREEN BAY WI CLIMATE NORMALS FOR TODAY
                         NORMAL    RECORD    YEAR
 MAXIMUM TEMPERATURE (F)   24        42      1987
                                             1952
                                             1947
 MINIMUM TEMPERATURE (F)    9       -24      1929


SUNRISE AND SUNSET
JANUARY 14 2015.......SUNRISE   726 AM CST   SUNSET   437 PM CST
JANUARY 15 2015.......SUNRISE   726 AM CST   SUNSET   439 PM CST


-  INDICATES NEGATIVE NUMBERS.
R  INDICATES RECORD WAS SET OR TIED.
MM INDICATES DATA IS MISSING.
T  INDICATES TRACE AMOUNT.




$$
