000
CDUS43 KGRB 030821
CLIGRB


CLIMATE REPORT
NATIONAL WEATHER SERVICE GREEN BAY
219 AM CST WED JAN 3 2018


...................................

...THE GREEN BAY WI CLIMATE SUMMARY FOR JANUARY 2 2018...

CLIMATE NORMAL PERIOD 1981 TO 2010
CLIMATE RECORD PERIOD 1886 TO 2018


WEATHER ITEM   OBSERVED TIME   RECORD YEAR NORMAL DEPARTURE LAST
                VALUE   (LST)  VALUE       VALUE  FROM      YEAR
                                                  NORMAL
..................................................................
TEMPERATURE (F)
 YESTERDAY
  MAXIMUM         14    313 PM  49    1897  25    -11       38
  MINIMUM         -3    508 AM -20    1979  10    -13       27
  AVERAGE          6                        17    -11       33

PRECIPITATION (IN)
  YESTERDAY        T             0.58 1966   0.04  -0.04     0.03
  MONTH TO DATE    T                         0.08  -0.08     0.03
  SINCE DEC 1      1.29                      1.59  -0.30     2.28
  SINCE JAN 1      T                         0.08  -0.08     0.03

SNOWFALL (IN)
  YESTERDAY        0.2           6.8  1892   0.4   -0.2       T
  MONTH TO DATE    0.2                       0.8   -0.6       T
  SINCE DEC 1     12.2                      13.9   -1.7     23.1
  SINCE JUL 1     12.8                      18.1   -5.3     24.0
  SNOW DEPTH       4

DEGREE DAYS
 HEATING
  YESTERDAY       59                        48     11       32
  MONTH TO DATE  129                        96     33       69
  SINCE DEC 1   1556                      1446    110     1320
  SINCE JUL 1   2972                      3186   -214     2382

 COOLING
  YESTERDAY        0                         0      0        0
  MONTH TO DATE    0                         0      0        0
  SINCE DEC 1      0                         0      0        0
  SINCE JAN 1      0                         0      0        0
..................................................................


WIND (MPH)
  HIGHEST WIND SPEED    20   HIGHEST WIND DIRECTION    SW (210)
  HIGHEST GUST SPEED    27   HIGHEST GUST DIRECTION    SW (240)
  AVERAGE WIND SPEED    11.3


SKY COVER
  POSSIBLE SUNSHINE  MM
  AVERAGE SKY COVER 0.1


WEATHER CONDITIONS
 THE FOLLOWING WEATHER WAS RECORDED YESTERDAY.
  LIGHT SNOW


RELATIVE HUMIDITY (PERCENT)
 HIGHEST    73          1100 PM
 LOWEST     42           200 PM
 AVERAGE    58

..........................................................


THE GREEN BAY WI CLIMATE NORMALS FOR TODAY
                         NORMAL    RECORD    YEAR
 MAXIMUM TEMPERATURE (F)   25        50      1897
 MINIMUM TEMPERATURE (F)   10       -18      2014


SUNRISE AND SUNSET
JANUARY  3 2018.......SUNRISE   729 AM CST   SUNSET   425 PM CST
JANUARY  4 2018.......SUNRISE   729 AM CST   SUNSET   426 PM CST


-  INDICATES NEGATIVE NUMBERS.
R  INDICATES RECORD WAS SET OR TIED.
MM INDICATES DATA IS MISSING.
T  INDICATES TRACE AMOUNT.

$$
