000
CDUS43 KGRB 300714
CLIGRB


CLIMATE REPORT
NATIONAL WEATHER SERVICE GREEN BAY
108 AM CST FRI DEC 30 2016


...................................

...THE GREEN BAY WI CLIMATE SUMMARY FOR DECEMBER 29 2016...

CLIMATE NORMAL PERIOD 1981 TO 2010
CLIMATE RECORD PERIOD 1886 TO 2016


WEATHER ITEM   OBSERVED TIME   RECORD YEAR NORMAL DEPARTURE LAST
                VALUE   (LST)  VALUE       VALUE  FROM      YEAR
                                                  NORMAL
..................................................................
TEMPERATURE (F)
 YESTERDAY
  MAXIMUM         35    228 AM  50    1984  25     10       29
  MINIMUM         28   1159 PM -17    1976  11     17       20
  AVERAGE         32                        18     14       25

PRECIPITATION (IN)
  YESTERDAY        T             0.40 1972   0.04  -0.04     0.13
  MONTH TO DATE    2.24                      1.43   0.81     5.70
  SINCE DEC 1      2.24                      1.43   0.81     5.70
  SINCE JAN 1     33.10                     29.44   3.66    32.88

SNOWFALL (IN)
  YESTERDAY        T             5.1  1978   0.4   -0.4      1.7
  MONTH TO DATE   22.9                      12.3   10.6     13.5
  SINCE DEC 1     22.9                      12.3   10.6     13.5
  SINCE JUL 1     23.8                      16.5    7.3     13.7
  SNOW DEPTH       3

DEGREE DAYS
 HEATING
  YESTERDAY       33                        47    -14       40
  MONTH TO DATE 1173                      1256    -83      858
  SINCE DEC 1   1173                      1256    -83      858
  SINCE JUL 1   2235                      2996   -761     2130

 COOLING
  YESTERDAY        0                         0      0        0
  MONTH TO DATE    0                         0      0        0
  SINCE DEC 1      0                         0      0        0
  SINCE JAN 1    577                       398    179      517
..................................................................


WIND (MPH)
  HIGHEST WIND SPEED    24   HIGHEST WIND DIRECTION    NW (300)
  HIGHEST GUST SPEED    32   HIGHEST GUST DIRECTION     W (290)
  AVERAGE WIND SPEED    14.5


SKY COVER
  POSSIBLE SUNSHINE  MM
  AVERAGE SKY COVER 0.6


WEATHER CONDITIONS
 THE FOLLOWING WEATHER WAS RECORDED YESTERDAY.
  LIGHT SNOW


RELATIVE HUMIDITY (PERCENT)
 HIGHEST    85           700 AM
 LOWEST     63           100 PM
 AVERAGE    74

..........................................................


THE GREEN BAY WI CLIMATE NORMALS FOR TODAY
                         NORMAL    RECORD    YEAR
 MAXIMUM TEMPERATURE (F)   25        55      1936
 MINIMUM TEMPERATURE (F)   11       -19      2013


SUNRISE AND SUNSET
DECEMBER 30 2016......SUNRISE   729 AM CST   SUNSET   422 PM CST
DECEMBER 31 2016......SUNRISE   729 AM CST   SUNSET   423 PM CST


-  INDICATES NEGATIVE NUMBERS.
R  INDICATES RECORD WAS SET OR TIED.
MM INDICATES DATA IS MISSING.
T  INDICATES TRACE AMOUNT.




$$
