000
CDUS43 KGRB 110635
CLIGRB


CLIMATE REPORT
NATIONAL WEATHER SERVICE GREEN BAY
135 AM CDT THU MAY 11 2017


...................................

...THE GREEN BAY WI CLIMATE SUMMARY FOR MAY 10 2017...

CLIMATE NORMAL PERIOD 1981 TO 2010
CLIMATE RECORD PERIOD 1886 TO 2017


WEATHER ITEM   OBSERVED TIME   RECORD YEAR NORMAL DEPARTURE LAST
                VALUE   (LST)  VALUE       VALUE  FROM      YEAR
                                                  NORMAL
..................................................................
TEMPERATURE (F)
 YESTERDAY
  MAXIMUM         68    136 PM  86    1896  64      4       52
  MINIMUM         46    301 AM  24    1966  42      4       45
  AVERAGE         57                        53      4       49

PRECIPITATION (IN)
  YESTERDAY        0.08          1.03 1895   0.08   0.00     0.32
  MONTH TO DATE    0.74                      0.83  -0.09     0.61
  SINCE MAR 1      7.52                      5.31   2.21     5.95
  SINCE JAN 1     10.77                      7.55   3.22     8.43

SNOWFALL (IN)
  YESTERDAY        0.0           4.3  1990   0.0    0.0      0.0
  MONTH TO DATE    0.0                       0.1   -0.1      0.0
  SINCE MAR 1      9.0                      11.1   -2.1     16.2
  SINCE JUL 1     53.2                      51.3    1.9     50.0
  SNOW DEPTH       0

DEGREE DAYS
 HEATING
  YESTERDAY        8                        12     -4       16
  MONTH TO DATE  159                       135     24      119
  SINCE MAR 1   1670                      1832   -162     1656
  SINCE JUL 1   6243                      7672  -1429     6467

 COOLING
  YESTERDAY        0                         0      0        0
  MONTH TO DATE    0                         0      0        1
  SINCE MAR 1      0                         2     -2        1
  SINCE JAN 1      0                         2     -2        1
..................................................................


WIND (MPH)
  HIGHEST WIND SPEED    13   HIGHEST WIND DIRECTION    NE (50)
  HIGHEST GUST SPEED    15   HIGHEST GUST DIRECTION    NE (50)
  AVERAGE WIND SPEED     5.5


SKY COVER
  POSSIBLE SUNSHINE  MM
  AVERAGE SKY COVER 0.6


WEATHER CONDITIONS
 THE FOLLOWING WEATHER WAS RECORDED YESTERDAY.
  LIGHT RAIN


RELATIVE HUMIDITY (PERCENT)
 HIGHEST    96          1100 PM
 LOWEST     52           400 PM
 AVERAGE    74

..........................................................


THE GREEN BAY WI CLIMATE NORMALS FOR TODAY
                         NORMAL    RECORD    YEAR
 MAXIMUM TEMPERATURE (F)   65        88      1922
 MINIMUM TEMPERATURE (F)   42        28      1907


SUNRISE AND SUNSET
MAY 11 2017...........SUNRISE   529 AM CDT   SUNSET   809 PM CDT
MAY 12 2017...........SUNRISE   528 AM CDT   SUNSET   810 PM CDT


-  INDICATES NEGATIVE NUMBERS.
R  INDICATES RECORD WAS SET OR TIED.
MM INDICATES DATA IS MISSING.
T  INDICATES TRACE AMOUNT.




$$
