081
CDUS43 KGRB 130710
CLIGRB

CLIMATE REPORT
NATIONAL WEATHER SERVICE GREEN BAY
108 AM CST MON FEB 13 2017

...................................

...THE GREEN BAY WI CLIMATE SUMMARY FOR FEBRUARY 12 2017...

CLIMATE NORMAL PERIOD 1981 TO 2010
CLIMATE RECORD PERIOD 1886 TO 2017

WEATHER ITEM   OBSERVED TIME   RECORD YEAR NORMAL DEPARTURE LAST
                VALUE   (LST)  VALUE       VALUE  FROM      YEAR
                                                  NORMAL
..................................................................
TEMPERATURE (F)
 YESTERDAY
  MAXIMUM         40   1125 AM  45    2005  27     13       16
                                      1990
                                      1966
  MINIMUM         30    401 AM -27    1899  12     18       -2
  AVERAGE         35                        19     16        7

PRECIPITATION (IN)
  YESTERDAY        0.01          0.50 1984   0.04  -0.03     0.00
  MONTH TO DATE    0.02                      0.41  -0.39     0.98
  SINCE DEC 1      4.70                      3.05   1.65     8.02
  SINCE JAN 1      2.45                      1.54   0.91     2.31

SNOWFALL (IN)
  YESTERDAY        T             5.0  1922   0.3   -0.3      0.0
  MONTH TO DATE    T                         4.4   -4.4     10.7
  SINCE DEC 1     37.7                      30.5    7.2     32.1
  SINCE JUL 1     38.6                      34.7    3.9     32.3
  SNOW DEPTH       2

DEGREE DAYS
 HEATING
  YESTERDAY       30                        46    -16       58
  MONTH TO DATE  529                       562    -33      536
  SINCE DEC 1   3060                      3411   -351     2884
  SINCE JUL 1   4122                      5151  -1029     4156

 COOLING
  YESTERDAY        0                         0      0        0
  MONTH TO DATE    0                         0      0        0
  SINCE DEC 1      0                         0      0        0
  SINCE JAN 1      0                         0      0        0
..................................................................

WIND (MPH)
  HIGHEST WIND SPEED    33   HIGHEST WIND DIRECTION     W (290)
  HIGHEST GUST SPEED    43   HIGHEST GUST DIRECTION    NW (300)
  AVERAGE WIND SPEED    15.1

SKY COVER
  POSSIBLE SUNSHINE  MM
  AVERAGE SKY COVER 0.4

WEATHER CONDITIONS
 THE FOLLOWING WEATHER WAS RECORDED YESTERDAY.
  LIGHT RAIN
  LT FREEZING RAIN
  LIGHT SNOW
  FOG

RELATIVE HUMIDITY (PERCENT)
 HIGHEST    92           400 AM
 LOWEST     44           500 PM
 AVERAGE    68
..........................................................

THE GREEN BAY WI CLIMATE NORMALS FOR TODAY
                         NORMAL    RECORD    YEAR
 MAXIMUM TEMPERATURE (F)   28        43      1990
                                             1984
                                             1976
 MINIMUM TEMPERATURE (F)   12       -22      1905

SUNRISE AND SUNSET
FEBRUARY 13 2017......SUNRISE   655 AM CST   SUNSET   519 PM CST
FEBRUARY 14 2017......SUNRISE   654 AM CST   SUNSET   520 PM CST

-  INDICATES NEGATIVE NUMBERS.
R  INDICATES RECORD WAS SET OR TIED.
MM INDICATES DATA IS MISSING.
T  INDICATES TRACE AMOUNT.

$$
