000
CDUS43 KGRB 130748
CLIGRB

CLIMATE REPORT
NATIONAL WEATHER SERVICE GREEN BAY
246 AM CDT WED APR 13 2016

...................................

...THE GREEN BAY WI CLIMATE SUMMARY FOR APRIL 12 2016...

CLIMATE NORMAL PERIOD 1981 TO 2010
CLIMATE RECORD PERIOD 1886 TO 2016

WEATHER ITEM   OBSERVED TIME   RECORD YEAR NORMAL DEPARTURE LAST
                VALUE   (LST)  VALUE       VALUE  FROM      YEAR
                                                  NORMAL
..................................................................
TEMPERATURE (F)
 YESTERDAY
  MAXIMUM         46    312 PM  80    1977  52     -6       71
  MINIMUM         29    546 AM  17    1939  33     -4       41
  AVERAGE         38                        42     -4       56

PRECIPITATION (IN)
  YESTERDAY        0.00          0.85 1900   0.09  -0.09     0.00
  MONTH TO DATE    0.62                      1.00  -0.38     1.08
  SINCE MAR 1      4.67                      2.85   1.82     1.98
  SINCE JAN 1      7.15                      5.09   2.06     2.95

SNOWFALL (IN)
  YESTERDAY        0.0           6.5  1900   0.1   -0.1      0.0
  MONTH TO DATE    4.4                       1.7    2.7       T
  SINCE MAR 1     16.2                       9.8    6.4      4.2
  SINCE JUL 1     50.0                      50.0    0.0     32.7
  SNOW DEPTH       0

DEGREE DAYS
 HEATING
  YESTERDAY       27                        23      4        9
  MONTH TO DATE  379                       300     79      263
  SINCE MAR 1   1244                      1360   -116     1231
  SINCE JUL 1   6055                      7200  -1145     7269

COOLING
  YESTERDAY        0                         0      0        0
  MONTH TO DATE    0                         0      0        0
  SINCE MAR 1      0                         0      0        0
  SINCE JAN 1      0                         0      0        0
..................................................................

WIND (MPH)
  HIGHEST WIND SPEED    17   HIGHEST WIND DIRECTION     S (160)
  HIGHEST GUST SPEED    21   HIGHEST GUST DIRECTION    SE (150)
  AVERAGE WIND SPEED     7.4

SKY COVER
  POSSIBLE SUNSHINE  MM
  AVERAGE SKY COVER 0.3

WEATHER CONDITIONS
 THE FOLLOWING WEATHER WAS RECORDED YESTERDAY.
  NO SIGNIFICANT WEATHER WAS OBSERVED.

RELATIVE HUMIDITY (PERCENT)
 HIGHEST    78           300 AM
 LOWEST     41           400 PM
 AVERAGE    60
..........................................................

THE GREEN BAY WI CLIMATE NORMALS FOR TODAY
                         NORMAL    RECORD    YEAR
 MAXIMUM TEMPERATURE (F)   53        78      1938
 MINIMUM TEMPERATURE (F)   33        18      1950

SUNRISE AND SUNSET
APRIL 13 2016.........SUNRISE   611 AM CDT   SUNSET   735 PM CDT
APRIL 14 2016.........SUNRISE   609 AM CDT   SUNSET   737 PM CDT

-  INDICATES NEGATIVE NUMBERS.
R  INDICATES RECORD WAS SET OR TIED.
MM INDICATES DATA IS MISSING.
T  INDICATES TRACE AMOUNT.

$$
