000
CDUS43 KGRB 160821
CLIGRB


CLIMATE REPORT
NATIONAL WEATHER SERVICE GREEN BAY
220 AM CST FRI JAN 16 2015


...................................

...THE GREEN BAY WI CLIMATE SUMMARY FOR JANUARY 15 2015...

CLIMATE NORMAL PERIOD 1981 TO 2010
CLIMATE RECORD PERIOD 1886 TO 2015


WEATHER ITEM   OBSERVED TIME   RECORD YEAR NORMAL DEPARTURE LAST
                VALUE   (LST)  VALUE       VALUE  FROM      YEAR
                                                  NORMAL
..................................................................
TEMPERATURE (F)
 YESTERDAY
  MAXIMUM         36    346 PM  45    1949  24     12       18
  MINIMUM         20   1219 AM -28    1972   9     11       10
  AVERAGE         28                        16     12       14

PRECIPITATION (IN)
  YESTERDAY        T             0.79 1906   0.04  -0.04      T
  MONTH TO DATE    0.36                      0.58  -0.22     0.76
  SINCE DEC 1      2.04                      2.09  -0.05     2.65
  SINCE JAN 1      0.36                      0.58  -0.22     0.76

SNOWFALL (IN)
  YESTERDAY        T             4.0  1930   0.5   -0.5       T
  MONTH TO DATE    6.1                       6.1    0.0      7.5
  SINCE DEC 1      9.6                      19.2   -9.6     33.9
  SINCE JUL 1     17.8                      23.4   -5.6     35.1
  SNOW DEPTH       4

DEGREE DAYS
 HEATING
  YESTERDAY       37                        49    -12       51
  MONTH TO DATE  819                       725     94      813
  SINCE DEC 1   2027                      2075    -48     2357
  SINCE JUL 1   3864                      3815     49     3968

 COOLING
  YESTERDAY        0                         0      0        0
  MONTH TO DATE    0                         0      0        0
  SINCE DEC 1      0                         0      0        0
  SINCE JAN 1      0                         0      0        0
..................................................................


WIND (MPH)
  HIGHEST WIND SPEED    20   HIGHEST WIND DIRECTION     W (270)
  HIGHEST GUST SPEED    24   HIGHEST GUST DIRECTION    SW (240)
  AVERAGE WIND SPEED    11.1


SKY COVER
  POSSIBLE SUNSHINE  MM
  AVERAGE SKY COVER 0.6


WEATHER CONDITIONS
 THE FOLLOWING WEATHER WAS RECORDED YESTERDAY.
  LIGHT SNOW
  FOG
  HAZE


RELATIVE HUMIDITY (PERCENT)
 HIGHEST    84          1200 AM
 LOWEST     64           300 PM
 AVERAGE    74

..........................................................


THE GREEN BAY WI CLIMATE NORMALS FOR TODAY
                         NORMAL    RECORD    YEAR
 MAXIMUM TEMPERATURE (F)   24        45      1913
 MINIMUM TEMPERATURE (F)    9       -28      1888


SUNRISE AND SUNSET
JANUARY 16 2015.......SUNRISE   725 AM CST   SUNSET   440 PM CST
JANUARY 17 2015.......SUNRISE   724 AM CST   SUNSET   441 PM CST


-  INDICATES NEGATIVE NUMBERS.
R  INDICATES RECORD WAS SET OR TIED.
MM INDICATES DATA IS MISSING.
T  INDICATES TRACE AMOUNT.




$$
