000
CDUS43 KGRB 010655
CLIGRB

CLIMATE REPORT
NATIONAL WEATHER SERVICE GREEN BAY
153 AM CDT SAT JUL 1 2017

...................................

...THE GREEN BAY WI CLIMATE SUMMARY FOR JUNE 30 2017...

CLIMATE NORMAL PERIOD 1981 TO 2010
CLIMATE RECORD PERIOD 1886 TO 2017

WEATHER ITEM   OBSERVED TIME   RECORD YEAR NORMAL DEPARTURE LAST
                VALUE   (LST)  VALUE       VALUE  FROM      YEAR
                                                  NORMAL
..................................................................
TEMPERATURE (F)
 YESTERDAY
  MAXIMUM         81    231 PM 100    1931  79      2       77
                                      1910
  MINIMUM         59    358 AM  44    1943  58      1       54
                                      1900
  AVERAGE         70                        68      2       66

PRECIPITATION (IN)
  YESTERDAY        0.12          1.21 1918   0.12   0.00     0.20
  MONTH TO DATE    3.78                      3.88  -0.10     4.44
  SINCE JUN 1      3.78                      3.88  -0.10     4.44
  SINCE JAN 1     16.78                     13.53   3.25    15.62

SNOWFALL (IN)
  YESTERDAY        0.0           0.0    MM   0.0    0.0      0.0
  MONTH TO DATE    0.0                       0.0    0.0      0.0
  SINCE JUN 1      0.0                       0.0    0.0      0.0
  SINCE JUL 1     53.2                      51.4    1.8     50.0
  SNOW DEPTH       0

DEGREE DAYS
 HEATING
  YESTERDAY        0                         1     -1        0
  MONTH TO DATE   27                        91    -64       25
  SINCE JUN 1     27                        92    -65       25
  SINCE JUL 1   6414                      7955  -1541     6622

COOLING
  YESTERDAY        5                         4      1        1
  MONTH TO DATE  115                        83     32      100
  SINCE JUN 1    115                        83     32      100
  SINCE JAN 1    123                       101     22      133
..................................................................

WIND (MPH)
  HIGHEST WIND SPEED    16   HIGHEST WIND DIRECTION    NW (310)
  HIGHEST GUST SPEED    19   HIGHEST GUST DIRECTION    NW (310)
  AVERAGE WIND SPEED     5.8

SKY COVER
  POSSIBLE SUNSHINE  MM
  AVERAGE SKY COVER 0.4

WEATHER CONDITIONS
 THE FOLLOWING WEATHER WAS RECORDED YESTERDAY.
  HEAVY RAIN
  RAIN
  LIGHT RAIN
  FOG

RELATIVE HUMIDITY (PERCENT)
 HIGHEST   100           100 AM
 LOWEST     62           200 PM
 AVERAGE    81
..........................................................

THE GREEN BAY WI CLIMATE NORMALS FOR TODAY
                         NORMAL    RECORD    YEAR
 MAXIMUM TEMPERATURE (F)   79       100      1910
 MINIMUM TEMPERATURE (F)   58        44      1965

SUNRISE AND SUNSET
JULY  1 2017..........SUNRISE   512 AM CDT   SUNSET   841 PM CDT
JULY  2 2017..........SUNRISE   512 AM CDT   SUNSET   841 PM CDT

-  INDICATES NEGATIVE NUMBERS.
R  INDICATES RECORD WAS SET OR TIED.
MM INDICATES DATA IS MISSING.
T  INDICATES TRACE AMOUNT.

$$
