000
CDUS43 KGRB 190632
CLIGRB


CLIMATE REPORT
NATIONAL WEATHER SERVICE GREEN BAY
132 AM CDT SUN JUL 19 2015


...................................

...THE GREEN BAY WI CLIMATE SUMMARY FOR JULY 18 2015...

CLIMATE NORMAL PERIOD 1981 TO 2010
CLIMATE RECORD PERIOD 1886 TO 2015


WEATHER ITEM   OBSERVED TIME   RECORD YEAR NORMAL DEPARTURE LAST
                VALUE   (LST)  VALUE       VALUE  FROM      YEAR
                                                  NORMAL
..................................................................
TEMPERATURE (F)
 YESTERDAY
  MAXIMUM         87    539 PM  97    1894  80      7       80
  MINIMUM         67    237 AM  46    2003  59      8       53
                                      2000
                                      1956
  AVERAGE         77                        69      8       67

PRECIPITATION (IN)
  YESTERDAY        0.30          1.94 1982   0.12   0.18     0.00
  MONTH TO DATE    1.79                      2.10  -0.31     0.51
  SINCE JUN 1      5.03                      5.98  -0.95     4.56
  SINCE JAN 1     11.97                     15.63  -3.66    15.22

SNOWFALL (IN)
  YESTERDAY        0.0           0.0    MM   0.0    0.0      0.0
  MONTH TO DATE    0.0                       0.0    0.0      0.0
  SINCE JUN 1      0.0                       0.0    0.0      0.0
  SINCE JUL 1      0.0                       0.0    0.0      0.0
  SNOW DEPTH       0

DEGREE DAYS
 HEATING
  YESTERDAY        0                         1     -1        0
  MONTH TO DATE   19                        18      1       13
  SINCE JUN 1     72                       110    -38       44
  SINCE JUL 1     19                        18      1       13

 COOLING
  YESTERDAY       12                         5      7        2
  MONTH TO DATE   72                        90    -18       47
  SINCE JUN 1    139                       173    -34      153
  SINCE JAN 1    167                       191    -24      169
..................................................................


WIND (MPH)
  HIGHEST WIND SPEED    31   HIGHEST WIND DIRECTION    NW (300)
  HIGHEST GUST SPEED    38   HIGHEST GUST DIRECTION     W (280)
  AVERAGE WIND SPEED     6.7


SKY COVER
  POSSIBLE SUNSHINE  MM
  AVERAGE SKY COVER 0.1


WEATHER CONDITIONS
 THE FOLLOWING WEATHER WAS RECORDED YESTERDAY.
  THUNDERSTORM
  HEAVY RAIN
  RAIN
  LIGHT RAIN
  FOG


RELATIVE HUMIDITY (PERCENT)
 HIGHEST    97           500 AM
 LOWEST     59           200 PM
 AVERAGE    78

..........................................................


THE GREEN BAY WI CLIMATE NORMALS FOR TODAY
                         NORMAL    RECORD    YEAR
 MAXIMUM TEMPERATURE (F)   80        98      1977
 MINIMUM TEMPERATURE (F)   59        46      1947


SUNRISE AND SUNSET
JULY 19 2015..........SUNRISE   525 AM CDT   SUNSET   832 PM CDT
JULY 20 2015..........SUNRISE   526 AM CDT   SUNSET   831 PM CDT


-  INDICATES NEGATIVE NUMBERS.
R  INDICATES RECORD WAS SET OR TIED.
MM INDICATES DATA IS MISSING.
T  INDICATES TRACE AMOUNT.




$$
