000
CDUS43 KGRB 060408
CLIGRB


CLIMATE REPORT
NATIONAL WEATHER SERVICE GREEN BAY
958 PM CST SUN MAR 5 2017


...................................

...THE GREEN BAY WI CLIMATE SUMMARY FOR MARCH 5 2017...
VALID TODAY AS OF 0500 PM LOCAL TIME.

CLIMATE NORMAL PERIOD 1981 TO 2010
CLIMATE RECORD PERIOD 1886 TO 2017


WEATHER ITEM   OBSERVED TIME   RECORD YEAR NORMAL DEPARTURE LAST
                VALUE   (LST)  VALUE       VALUE  FROM      YEAR
                                                  NORMAL
..................................................................
TEMPERATURE (F)
 TODAY
  MAXIMUM         39    359 PM  57    2000  34      5       35
                                      1894
  MINIMUM         31    550 AM -23    1890  18     13       29
  AVERAGE         35                        26      9       32

PRECIPITATION (IN)
  TODAY            T             1.08 2004   0.06  -0.06     0.05
  MONTH TO DATE    0.51                      0.28   0.23     0.24
  SINCE MAR 1      0.51                      0.28   0.23     0.24
  SINCE JAN 1      3.76                      2.52   1.24     2.72

SNOWFALL (IN)
  TODAY            0.0           5.2  1959   0.3   -0.3      0.8
                                      1932
  MONTH TO DATE    5.9                       1.7    4.2      3.7
  SINCE MAR 1      5.9                       1.7    4.2      3.7
  SINCE JUL 1     50.1                      41.9    8.2     37.5
  SNOW DEPTH       4

DEGREE DAYS
 HEATING
  TODAY           30                        39     -9       33
  MONTH TO DATE  207                       197     10      211
  SINCE MAR 1    207                       197     10      211
  SINCE JUL 1   4780                      6037  -1257     5022

 COOLING
  TODAY            0                         0      0        0
  MONTH TO DATE    0                         0      0        0
  SINCE MAR 1      0                         0      0        0
  SINCE JAN 1      0                         0      0        0
..................................................................


WIND (MPH)
  HIGHEST WIND SPEED    24   HIGHEST WIND DIRECTION    SE (150)
  HIGHEST GUST SPEED    29   HIGHEST GUST DIRECTION     S (160)
  AVERAGE WIND SPEED    14.7


SKY COVER
  POSSIBLE SUNSHINE  MM
  AVERAGE SKY COVER 0.5


WEATHER CONDITIONS
 THE FOLLOWING WEATHER WAS RECORDED TODAY.
  NO SIGNIFICANT WEATHER WAS OBSERVED.


RELATIVE HUMIDITY (PERCENT)
 HIGHEST    85           300 AM
 LOWEST     72          1200 AM
 AVERAGE    79

..........................................................


THE GREEN BAY WI CLIMATE NORMALS FOR TOMORROW
                         NORMAL    RECORD    YEAR
 MAXIMUM TEMPERATURE (F)   35        69      2000
 MINIMUM TEMPERATURE (F)   19       -22      1890


SUNRISE AND SUNSET
MARCH  5 2017.........SUNRISE   622 AM CST   SUNSET   546 PM CST
MARCH  6 2017.........SUNRISE   621 AM CST   SUNSET   547 PM CST


-  INDICATES NEGATIVE NUMBERS.
R  INDICATES RECORD WAS SET OR TIED.
MM INDICATES DATA IS MISSING.
T  INDICATES TRACE AMOUNT.




$$
