000
CDUS43 KGRB 042236
CLIGRB


CLIMATE REPORT
NATIONAL WEATHER SERVICE GREEN BAY
434 PM CST THU JAN 4 2018


...................................

...THE GREEN BAY WI CLIMATE SUMMARY FOR JANUARY 4 2018...
VALID TODAY AS OF 0400 PM LOCAL TIME.

CLIMATE NORMAL PERIOD 1981 TO 2010
CLIMATE RECORD PERIOD 1886 TO 2018


WEATHER ITEM   OBSERVED TIME   RECORD YEAR NORMAL DEPARTURE LAST
                VALUE   (LST)  VALUE       VALUE  FROM      YEAR
                                                  NORMAL
..................................................................
TEMPERATURE (F)
 TODAY
  MAXIMUM          9    331 PM  46    2007  25    -16       13
  MINIMUM         -6    739 AM -18    1919  10    -16       -1
                                      1912
                                      1911
  AVERAGE          2                        17    -15        6

PRECIPITATION (IN)
  TODAY            0.00          0.69 1922   0.04  -0.04     0.00
  MONTH TO DATE    0.01                      0.16  -0.15     0.04
  SINCE DEC 1      1.30                      1.67  -0.37     2.29
  SINCE JAN 1      0.01                      0.16  -0.15     0.04

SNOWFALL (IN)
  TODAY            0.0           8.8  1982   0.4   -0.4      0.0
  MONTH TO DATE    0.4                       1.6   -1.2       T
  SINCE DEC 1     12.4                      14.7   -2.3     23.1
  SINCE JUL 1     13.0                      18.9   -5.9     24.0
  SNOW DEPTH       0

DEGREE DAYS
 HEATING
  TODAY           63                        48     15       59
  MONTH TO DATE  249                       192     57      168
  SINCE DEC 1   1676                      1542    134     1419
  SINCE JUL 1   3092                      3282   -190     2481

 COOLING
  TODAY            0                         0      0        0
  MONTH TO DATE    0                         0      0        0
  SINCE DEC 1      0                         0      0        0
  SINCE JAN 1      0                         0      0        0
..................................................................


WIND (MPH)
  HIGHEST WIND SPEED    17   HIGHEST WIND DIRECTION    NW (330)
  HIGHEST GUST SPEED    21   HIGHEST GUST DIRECTION    NW (320)
  AVERAGE WIND SPEED     9.6


SKY COVER
  POSSIBLE SUNSHINE  MM
  AVERAGE SKY COVER 0.0


WEATHER CONDITIONS
 THE FOLLOWING WEATHER WAS RECORDED TODAY.
  NO SIGNIFICANT WEATHER WAS OBSERVED.


RELATIVE HUMIDITY (PERCENT)
 HIGHEST    75           200 AM
 LOWEST     50           300 PM
 AVERAGE    63

..........................................................


THE GREEN BAY WI CLIMATE NORMALS FOR TOMORROW
                         NORMAL    RECORD    YEAR
 MAXIMUM TEMPERATURE (F)   24        47      2007
 MINIMUM TEMPERATURE (F)   10       -22      1979
                                             1924
                                             1912


SUNRISE AND SUNSET
JANUARY  4 2018.......SUNRISE   729 AM CST   SUNSET   426 PM CST
JANUARY  5 2018.......SUNRISE   729 AM CST   SUNSET   427 PM CST


-  INDICATES NEGATIVE NUMBERS.
R  INDICATES RECORD WAS SET OR TIED.
MM INDICATES DATA IS MISSING.
T  INDICATES TRACE AMOUNT.




$$
