000
CDUS43 KGRB 190648
CLIGRB

CLIMATE REPORT
NATIONAL WEATHER SERVICE GREEN BAY
1246 AM CST THU FEB 19 2015

...................................

...THE GREEN BAY WI CLIMATE SUMMARY FOR FEBRUARY 18 2015...

CLIMATE NORMAL PERIOD 1981 TO 2010
CLIMATE RECORD PERIOD 1886 TO 2015

WEATHER ITEM   OBSERVED TIME   RECORD YEAR NORMAL DEPARTURE LAST
                VALUE   (LST)  VALUE       VALUE  FROM      YEAR
                                                  NORMAL
..................................................................
TEMPERATURE (F)
 YESTERDAY
  MAXIMUM          5   1249 AM  50    1981  29    -24       34
                                      1954
  MINIMUM        -12   1143 PM -21    1936  13    -25       -2
  AVERAGE         -3                        21    -24       16

PRECIPITATION (IN)
  YESTERDAY        T             1.02 1887   0.04  -0.04     0.00
  MONTH TO DATE    0.26                      0.64  -0.38     0.77
  SINCE DEC 1      2.50                      3.28  -0.78     3.99
  SINCE JAN 1      0.82                      1.77  -0.95     2.10

SNOWFALL (IN)
  YESTERDAY        T             6.6  1887   0.3   -0.3      0.0
  MONTH TO DATE    4.4                       6.4   -2.0     13.7
  SINCE DEC 1     16.7                      32.5  -15.8     57.1
  SINCE JUL 1     24.9                      36.7  -11.8     58.3
  SNOW DEPTH       5

DEGREE DAYS
 HEATING
  YESTERDAY       68                        44     24       49
  MONTH TO DATE  956                       830    126     1069
  SINCE DEC 1   3626                      3679    -53     4351
  SINCE JUL 1   5463                      5419     44     5962

COOLING
  YESTERDAY        0                         0      0        0
  MONTH TO DATE    0                         0      0        0
  SINCE DEC 1      0                         0      0        0
  SINCE JAN 1      0                         0      0        0
..................................................................

WIND (MPH)
  HIGHEST WIND SPEED    25   HIGHEST WIND DIRECTION    NW (320)
  HIGHEST GUST SPEED    32   HIGHEST GUST DIRECTION    NW (310)
  AVERAGE WIND SPEED    12.6

SKY COVER
  POSSIBLE SUNSHINE  MM
  AVERAGE SKY COVER 0.5

WEATHER CONDITIONS
 THE FOLLOWING WEATHER WAS RECORDED YESTERDAY.
  LIGHT SNOW
  HAZE

RELATIVE HUMIDITY (PERCENT)
 HIGHEST    87           300 AM
 LOWEST     47           600 PM
 AVERAGE    67
..........................................................

THE GREEN BAY WI CLIMATE NORMALS FOR TODAY
                         NORMAL    RECORD    YEAR
 MAXIMUM TEMPERATURE (F)   29        55      1981
 MINIMUM TEMPERATURE (F)   13       -17      1936

SUNRISE AND SUNSET
FEBRUARY 19 2015......SUNRISE   647 AM CST   SUNSET   527 PM CST
FEBRUARY 20 2015......SUNRISE   645 AM CST   SUNSET   528 PM CST

-  INDICATES NEGATIVE NUMBERS.
R  INDICATES RECORD WAS SET OR TIED.
MM INDICATES DATA IS MISSING.
T  INDICATES TRACE AMOUNT.

$$
