000
CDUS43 KGRB 160707
CLIGRB

CLIMATE REPORT
NATIONAL WEATHER SERVICE GREEN BAY
205 AM CDT SAT APR 16 2016

...................................

...THE GREEN BAY WI CLIMATE SUMMARY FOR APRIL 15 2016...

CLIMATE NORMAL PERIOD 1981 TO 2010
CLIMATE RECORD PERIOD 1886 TO 2016

WEATHER ITEM   OBSERVED TIME   RECORD YEAR NORMAL DEPARTURE LAST
                VALUE   (LST)  VALUE       VALUE  FROM      YEAR
                                                  NORMAL
..................................................................
TEMPERATURE (F)
 YESTERDAY
  MAXIMUM         64    301 PM  84    2002  54     10       63
                                      1896
  MINIMUM         39    538 AM  14    1928  34      5       34
  AVERAGE         52                        44      8       49

PRECIPITATION (IN)
  YESTERDAY        0.00          0.98 1993   0.09  -0.09     0.00
  MONTH TO DATE    0.84                      1.28  -0.44     1.18
  SINCE MAR 1      4.89                      3.13   1.76     2.08
  SINCE JAN 1      7.37                      5.37   2.00     3.05

SNOWFALL (IN)
  YESTERDAY        0.0          10.0  1904   0.1   -0.1      0.0
  MONTH TO DATE    4.4                       2.0    2.4       T
  SINCE MAR 1     16.2                      10.1    6.1      4.2
  SINCE JUL 1     50.0                      50.3   -0.3     32.7
  SNOW DEPTH       0

DEGREE DAYS
 HEATING
  YESTERDAY       13                        21     -8       16
  MONTH TO DATE  438                       365     73      303
  SINCE MAR 1   1303                      1425   -122     1271
  SINCE JUL 1   6114                      7265  -1151     7309

COOLING
  YESTERDAY        0                         0      0        0
  MONTH TO DATE    0                         0      0        0
  SINCE MAR 1      0                         0      0        0
  SINCE JAN 1      0                         0      0        0
..................................................................

WIND (MPH)
  HIGHEST WIND SPEED    18   HIGHEST WIND DIRECTION    SE (150)
  HIGHEST GUST SPEED    21   HIGHEST GUST DIRECTION    SE (150)
  AVERAGE WIND SPEED     8.1

SKY COVER
  POSSIBLE SUNSHINE  MM
  AVERAGE SKY COVER 0.0

WEATHER CONDITIONS
 THE FOLLOWING WEATHER WAS RECORDED YESTERDAY.
  NO SIGNIFICANT WEATHER WAS OBSERVED.

RELATIVE HUMIDITY (PERCENT)
 HIGHEST    79           400 AM
 LOWEST     36           500 PM
 AVERAGE    58
..........................................................

THE GREEN BAY WI CLIMATE NORMALS FOR TODAY
                         NORMAL    RECORD    YEAR
 MAXIMUM TEMPERATURE (F)   54        84      1896
 MINIMUM TEMPERATURE (F)   34        14      1904

SUNRISE AND SUNSET
APRIL 16 2016.........SUNRISE   606 AM CDT   SUNSET   739 PM CDT
APRIL 17 2016.........SUNRISE   604 AM CDT   SUNSET   740 PM CDT

-  INDICATES NEGATIVE NUMBERS.
R  INDICATES RECORD WAS SET OR TIED.
MM INDICATES DATA IS MISSING.
T  INDICATES TRACE AMOUNT.

$$
