000
CDUS43 KGRB 110627
CLIGRB


CLIMATE REPORT
NATIONAL WEATHER SERVICE GREEN BAY
127 AM CDT MON AUG 11 2014


...................................

...THE GREEN BAY WI CLIMATE SUMMARY FOR AUGUST 10 2014...

CLIMATE NORMAL PERIOD 1981 TO 2010
CLIMATE RECORD PERIOD 1886 TO 2014


WEATHER ITEM   OBSERVED TIME   RECORD YEAR NORMAL DEPARTURE LAST
                VALUE   (LST)  VALUE       VALUE  FROM      YEAR
                                                  NORMAL
..................................................................
TEMPERATURE (F)
 YESTERDAY
  MAXIMUM         82    127 PM  95    1944  79      3       76
  MINIMUM         56    531 AM  44    1972  58     -2       55
  AVERAGE         69                        68      1       66

PRECIPITATION (IN)
  YESTERDAY        0.00          1.85 1921   0.12  -0.12     0.00
  MONTH TO DATE    0.03                      1.13  -1.10     0.73
  SINCE JUN 1      5.29                      8.51  -3.22     7.90
  SINCE JAN 1     15.95                     18.16  -2.21    21.67

SNOWFALL (IN)
  YESTERDAY        0.0           0.0    MM   0.0    0.0      0.0
  MONTH TO DATE    0.0                       0.0    0.0      0.0
  SINCE JUN 1      0.0                       0.0    0.0      0.0
  SINCE JUL 1      0.0                       0.0    0.0      0.0
  SNOW DEPTH       0

DEGREE DAYS
 HEATING
  YESTERDAY        0                         1     -1        0
  MONTH TO DATE    0                        10    -10        3
  SINCE JUN 1     46                       125    -79       97
  SINCE JUL 1     15                        33    -18       25

 COOLING
  YESTERDAY        4                         4      0        1
  MONTH TO DATE   44                        41      3       20
  SINCE JUN 1    249                       274    -25      323
  SINCE JAN 1    265                       292    -27      361
..................................................................


WIND (MPH)
  HIGHEST WIND SPEED    14   HIGHEST WIND DIRECTION     E (80)
  HIGHEST GUST SPEED    22   HIGHEST GUST DIRECTION    NE (40)
  AVERAGE WIND SPEED     3.3


SKY COVER
  POSSIBLE SUNSHINE  MM
  AVERAGE SKY COVER 0.4


WEATHER CONDITIONS
 THE FOLLOWING WEATHER WAS RECORDED YESTERDAY.
  FOG


RELATIVE HUMIDITY (PERCENT)
 HIGHEST   100           600 AM
 LOWEST     47          1200 PM
 AVERAGE    74

..........................................................


THE GREEN BAY WI CLIMATE NORMALS FOR TODAY
                         NORMAL    RECORD    YEAR
 MAXIMUM TEMPERATURE (F)   78        95      1944
 MINIMUM TEMPERATURE (F)   58        40      1967


SUNRISE AND SUNSET
AUGUST 11 2014........SUNRISE   551 AM CDT   SUNSET   804 PM CDT
AUGUST 12 2014........SUNRISE   552 AM CDT   SUNSET   802 PM CDT


-  INDICATES NEGATIVE NUMBERS.
R  INDICATES RECORD WAS SET OR TIED.
MM INDICATES DATA IS MISSING.
T  INDICATES TRACE AMOUNT.




$$
