000
CDUS43 KGRB 300629
CLIGRB


CLIMATE REPORT
NATIONAL WEATHER SERVICE GREEN BAY
129 AM CDT MON OCT 30 2017


...................................

...THE GREEN BAY WI CLIMATE SUMMARY FOR OCTOBER 29 2017...

CLIMATE NORMAL PERIOD 1981 TO 2010
CLIMATE RECORD PERIOD 1886 TO 2017


WEATHER ITEM   OBSERVED TIME   RECORD YEAR NORMAL DEPARTURE LAST
                VALUE   (LST)  VALUE       VALUE  FROM      YEAR
                                                  NORMAL
..................................................................
TEMPERATURE (F)
 YESTERDAY
  MAXIMUM         45    218 PM  77    1937  51     -6       63
  MINIMUM         26    635 AM  15    1925  34     -8       49
  AVERAGE         36                        42     -6       56

PRECIPITATION (IN)
  YESTERDAY        T             2.02 1896   0.07  -0.07     0.27
  MONTH TO DATE    3.12                      2.29   0.83     2.66
  SINCE SEP 1      4.13                      5.33  -1.20     6.95
  SINCE JAN 1     29.52                     25.73   3.79    28.57

SNOWFALL (IN)
  YESTERDAY        0.0           3.5  1917   0.1   -0.1      0.0
  MONTH TO DATE    0.0                       0.2   -0.2      0.0
  SINCE SEP 1      0.0                       0.2   -0.2      0.0
  SINCE JUL 1      0.0                       0.2   -0.2      0.0
  SNOW DEPTH       0

DEGREE DAYS
 HEATING
  YESTERDAY       29                        23      6        9
  MONTH TO DATE  319                       511   -192      339
  SINCE SEP 1    439                       718   -279      404
  SINCE JUL 1    480                       781   -301      417

 COOLING
  YESTERDAY        0                         0      0        0
  MONTH TO DATE    8                         0      8        3
  SINCE SEP 1    100                        33     67       55
  SINCE JAN 1    477                       395     82      577
..................................................................


WIND (MPH)
  HIGHEST WIND SPEED    16   HIGHEST WIND DIRECTION     W (270)
  HIGHEST GUST SPEED    21   HIGHEST GUST DIRECTION     S (160)
  AVERAGE WIND SPEED     5.8


SKY COVER
  POSSIBLE SUNSHINE  MM
  AVERAGE SKY COVER 0.5


WEATHER CONDITIONS
 THE FOLLOWING WEATHER WAS RECORDED YESTERDAY.
  NO SIGNIFICANT WEATHER WAS OBSERVED.


RELATIVE HUMIDITY (PERCENT)
 HIGHEST   100           300 AM
 LOWEST     58           100 PM
 AVERAGE    79

..........................................................


THE GREEN BAY WI CLIMATE NORMALS FOR TODAY
                         NORMAL    RECORD    YEAR
 MAXIMUM TEMPERATURE (F)   51        75      1901
 MINIMUM TEMPERATURE (F)   34        12      1925


SUNRISE AND SUNSET
OCTOBER 30 2017.......SUNRISE   728 AM CDT   SUNSET   544 PM CDT
OCTOBER 31 2017.......SUNRISE   729 AM CDT   SUNSET   543 PM CDT


-  INDICATES NEGATIVE NUMBERS.
R  INDICATES RECORD WAS SET OR TIED.
MM INDICATES DATA IS MISSING.
T  INDICATES TRACE AMOUNT.




$$
