000
CDUS43 KGRB 032148
CLIGRB


CLIMATE REPORT
NATIONAL WEATHER SERVICE GREEN BAY
448 PM CDT SUN SEP 3 2017


...................................

...THE GREEN BAY WI CLIMATE SUMMARY FOR SEPTEMBER 3 2017...
VALID TODAY AS OF 0400 PM LOCAL TIME.

CLIMATE NORMAL PERIOD 1981 TO 2010
CLIMATE RECORD PERIOD 1886 TO 2017


WEATHER ITEM   OBSERVED TIME   RECORD YEAR NORMAL DEPARTURE LAST
                VALUE   (LST)  VALUE       VALUE  FROM      YEAR
                                                  NORMAL
..................................................................
TEMPERATURE (F)
 TODAY
  MAXIMUM         79    259 PM  92    1929  75      4       77
  MINIMUM         52    539 AM  36    1946  53     -1       48
  AVERAGE         66                        64      2       63

PRECIPITATION (IN)
  TODAY            0.00          2.99 1964   0.10  -0.10     0.00
  MONTH TO DATE    0.33                      0.31   0.02     0.00
  SINCE SEP 1      0.33                      0.31   0.02     0.00
  SINCE JAN 1     25.72                     20.71   5.01    21.62

SNOWFALL (IN)
  TODAY            0.0           0.0    MM   0.0    0.0      0.0
  MONTH TO DATE    0.0                       0.0    0.0      0.0
  SINCE SEP 1      0.0                       0.0    0.0      0.0
  SINCE JUL 1      0.0                       0.0    0.0      0.0
  SNOW DEPTH       0

DEGREE DAYS
 HEATING
  TODAY            0                         3     -3        2
  MONTH TO DATE   17                         9      8        8
  SINCE SEP 1     17                         9      8        8
  SINCE JUL 1     58                        72    -14       21

 COOLING
  TODAY            1                         2     -1        0
  MONTH TO DATE    1                         6     -5        0
  SINCE SEP 1      1                         6     -5        0
  SINCE JAN 1    378                       368     10      522
..................................................................


WIND (MPH)
  HIGHEST WIND SPEED    14   HIGHEST WIND DIRECTION    SW (240)
  HIGHEST GUST SPEED    18   HIGHEST GUST DIRECTION    SW (240)
  AVERAGE WIND SPEED     7.1


SKY COVER
  POSSIBLE SUNSHINE  MM
  AVERAGE SKY COVER 0.3


WEATHER CONDITIONS
 THE FOLLOWING WEATHER WAS RECORDED TODAY.
  FOG


RELATIVE HUMIDITY (PERCENT)
 HIGHEST   100          1200 AM
 LOWEST     54           200 PM
 AVERAGE    77

..........................................................


THE GREEN BAY WI CLIMATE NORMALS FOR TOMORROW
                         NORMAL    RECORD    YEAR
 MAXIMUM TEMPERATURE (F)   74        90      1990
                                             1925
 MINIMUM TEMPERATURE (F)   53        38      1974


SUNRISE AND SUNSET
SEPTEMBER  3 2017.....SUNRISE   618 AM CDT   SUNSET   725 PM CDT
SEPTEMBER  4 2017.....SUNRISE   619 AM CDT   SUNSET   723 PM CDT


-  INDICATES NEGATIVE NUMBERS.
R  INDICATES RECORD WAS SET OR TIED.
MM INDICATES DATA IS MISSING.
T  INDICATES TRACE AMOUNT.




$$
