000
CDUS43 KGRB 130630
CLIGRB


CLIMATE REPORT
NATIONAL WEATHER SERVICE GREEN BAY
1229 AM CST SAT FEB 13 2016


...................................

...THE GREEN BAY WI CLIMATE SUMMARY FOR FEBRUARY 12 2016...

CLIMATE NORMAL PERIOD 1981 TO 2010
CLIMATE RECORD PERIOD 1886 TO 2016


WEATHER ITEM   OBSERVED TIME   RECORD YEAR NORMAL DEPARTURE LAST
                VALUE   (LST)  VALUE       VALUE  FROM      YEAR
                                                  NORMAL
..................................................................
TEMPERATURE (F)
 YESTERDAY
  MAXIMUM         16    128 AM  45    2005  27    -11       15
                                      1990
                                      1966
  MINIMUM         -2   1159 PM -27    1899  12    -14       -5
  AVERAGE          7                        19    -12        5

PRECIPITATION (IN)
  YESTERDAY        0.00          0.50 1984   0.04  -0.04     0.00
  MONTH TO DATE    0.98                      0.41   0.57     0.25
  SINCE DEC 1      8.02                      3.05   4.97     2.49
  SINCE JAN 1      2.31                      1.54   0.77     0.81

SNOWFALL (IN)
  YESTERDAY        0.0           5.0  1922   0.3   -0.3      0.0
  MONTH TO DATE   10.7                       4.4    6.3      3.5
  SINCE DEC 1     32.1                      30.5    1.6     15.8
  SINCE JUL 1     32.3                      34.7   -2.4     24.0
  SNOW DEPTH       9

DEGREE DAYS
 HEATING
  YESTERDAY       58                        46     12       60
  MONTH TO DATE  536                       562    -26      600
  SINCE DEC 1   2884                      3411   -527     3270
  SINCE JUL 1   4156                      5151   -995     5107

 COOLING
  YESTERDAY        0                         0      0        0
  MONTH TO DATE    0                         0      0        0
  SINCE DEC 1      0                         0      0        0
  SINCE JAN 1      0                         0      0        0
..................................................................


WIND (MPH)
  HIGHEST WIND SPEED    26   HIGHEST WIND DIRECTION    NW (310)
  HIGHEST GUST SPEED    35   HIGHEST GUST DIRECTION    NW (320)
  AVERAGE WIND SPEED    14.2


SKY COVER
  POSSIBLE SUNSHINE  MM
  AVERAGE SKY COVER 0.5


WEATHER CONDITIONS
 THE FOLLOWING WEATHER WAS RECORDED YESTERDAY.
  NO SIGNIFICANT WEATHER WAS OBSERVED.


RELATIVE HUMIDITY (PERCENT)
 HIGHEST    67           600 AM
 LOWEST     46           300 PM
 AVERAGE    57

..........................................................


THE GREEN BAY WI CLIMATE NORMALS FOR TODAY
                         NORMAL    RECORD    YEAR
 MAXIMUM TEMPERATURE (F)   28        43      1990
                                             1984
                                             1976
 MINIMUM TEMPERATURE (F)   12       -22      1905


SUNRISE AND SUNSET
FEBRUARY 13 2016......SUNRISE   656 AM CST   SUNSET   518 PM CST
FEBRUARY 14 2016......SUNRISE   655 AM CST   SUNSET   519 PM CST


-  INDICATES NEGATIVE NUMBERS.
R  INDICATES RECORD WAS SET OR TIED.
MM INDICATES DATA IS MISSING.
T  INDICATES TRACE AMOUNT.




$$
