000
CDUS43 KGRB 300748
CLIGRB


CLIMATE REPORT
NATIONAL WEATHER SERVICE GREEN BAY
247 AM CDT TUE SEP 30 2014


...................................

...THE GREEN BAY WI CLIMATE SUMMARY FOR SEPTEMBER 29 2014...

CLIMATE NORMAL PERIOD 1981 TO 2010
CLIMATE RECORD PERIOD 1886 TO 2014


WEATHER ITEM   OBSERVED TIME   RECORD YEAR NORMAL DEPARTURE LAST
                VALUE   (LST)  VALUE       VALUE  FROM      YEAR
                                                  NORMAL
..................................................................
TEMPERATURE (F)
 YESTERDAY
  MAXIMUM         64    842 AM  86    1898  64      0       70
  MINIMUM         43   1159 PM  24    1949  43      0       45
  AVERAGE         54                        54      0       58

PRECIPITATION (IN)
  YESTERDAY        0.12          0.94 1901   0.09   0.03     0.00
  MONTH TO DATE    4.69                      2.95   1.74     2.89
  SINCE SEP 1      4.69                      2.95   1.74     2.89
  SINCE JAN 1     25.41                     23.35   2.06    26.88

SNOWFALL (IN)
  YESTERDAY        0.0           0.0    MM   0.0    0.0      0.0
  MONTH TO DATE    0.0                       0.0    0.0      0.0
  SINCE SEP 1      0.0                       0.0    0.0      0.0
  SINCE JUL 1      0.0                       0.0    0.0      0.0
  SNOW DEPTH       0

DEGREE DAYS
 HEATING
  YESTERDAY       11                        12     -1        7
  MONTH TO DATE  179                       195    -16      164
  SINCE SEP 1    179                       195    -16      164
  SINCE JUL 1    208                       258    -50      204

 COOLING
  YESTERDAY        0                         0      0        0
  MONTH TO DATE   19                        32    -13       55
  SINCE SEP 1     19                        32    -13       55
  SINCE JAN 1    362                       394    -32      533
..................................................................


WIND (MPH)
  HIGHEST WIND SPEED    20   HIGHEST WIND DIRECTION     N (10)
  HIGHEST GUST SPEED    24   HIGHEST GUST DIRECTION     N (10)
  AVERAGE WIND SPEED     9.3


SKY COVER
  POSSIBLE SUNSHINE  MM
  AVERAGE SKY COVER 0.7


WEATHER CONDITIONS
 THE FOLLOWING WEATHER WAS RECORDED YESTERDAY.
  RAIN
  LIGHT RAIN
  FOG
  HAZE


RELATIVE HUMIDITY (PERCENT)
 HIGHEST   100           100 AM
 LOWEST     76           900 PM
 AVERAGE    88

..........................................................


THE GREEN BAY WI CLIMATE NORMALS FOR TODAY
                         NORMAL    RECORD    YEAR
 MAXIMUM TEMPERATURE (F)   64        87      1897
 MINIMUM TEMPERATURE (F)   43        25      1899


SUNRISE AND SUNSET
SEPTEMBER 30 2014.....SUNRISE   649 AM CDT   SUNSET   635 PM CDT
OCTOBER  1 2014.......SUNRISE   650 AM CDT   SUNSET   633 PM CDT


-  INDICATES NEGATIVE NUMBERS.
R  INDICATES RECORD WAS SET OR TIED.
MM INDICATES DATA IS MISSING.
T  INDICATES TRACE AMOUNT.




$$
