385
CDUS43 KGRB 142134
CLIGRB


CLIMATE REPORT
NATIONAL WEATHER SERVICE GREEN BAY
433 PM CDT SUN AUG 14 2016


...................................

...THE GREEN BAY WI CLIMATE SUMMARY FOR AUGUST 14 2016...
VALID TODAY AS OF 0400 PM LOCAL TIME.

CLIMATE NORMAL PERIOD 1981 TO 2010
CLIMATE RECORD PERIOD 1886 TO 2016


WEATHER ITEM   OBSERVED TIME   RECORD YEAR NORMAL DEPARTURE LAST
                VALUE   (LST)  VALUE       VALUE  FROM      YEAR
                                                  NORMAL
..................................................................
TEMPERATURE (F)
 TODAY
  MAXIMUM         82    259 PM  96    1965  78      4       90
  MINIMUM         58    451 AM  40    1964  58      0       64
  AVERAGE         70                        68      2       77

PRECIPITATION (IN)
  TODAY            0.00          1.00 1986   0.11  -0.11     0.16
  MONTH TO DATE    0.31                      1.59  -1.28     2.06
  SINCE JUN 1      7.97                      8.97  -1.00     7.10
  SINCE JAN 1     19.15                     18.62   0.53    14.04

SNOWFALL (IN)
  TODAY            0.0           0.0    MM   0.0    0.0      0.0
  MONTH TO DATE    0.0                       0.0    0.0      0.0
  SINCE JUN 1      0.0                       0.0    0.0      0.0
  SINCE JUL 1      0.0                       0.0    0.0      0.0
  SNOW DEPTH       0

DEGREE DAYS
 HEATING
  TODAY            0                         1     -1        0
  MONTH TO DATE    0                        14    -14        0
  SINCE JUN 1     31                       129    -98       72
  SINCE JUL 1      6                        37    -31       19

 COOLING
  TODAY            5                         4      1       12
  MONTH TO DATE  104                        57     47       73
  SINCE JUN 1    402                       290    112      316
  SINCE JAN 1    435                       308    127      344
..................................................................


WIND (MPH)
  HIGHEST WIND SPEED    12   HIGHEST WIND DIRECTION     W (250)
  HIGHEST GUST SPEED    15   HIGHEST GUST DIRECTION    SW (240)
  AVERAGE WIND SPEED     3.7


SKY COVER
  POSSIBLE SUNSHINE  MM
  AVERAGE SKY COVER 0.1


WEATHER CONDITIONS
 THE FOLLOWING WEATHER WAS RECORDED TODAY.
  FOG


RELATIVE HUMIDITY (PERCENT)
 HIGHEST   100          1200 AM
 LOWEST     54           100 PM
 AVERAGE    77

..........................................................


THE GREEN BAY WI CLIMATE NORMALS FOR TOMORROW
                         NORMAL    RECORD    YEAR
 MAXIMUM TEMPERATURE (F)   78        93      1937
 MINIMUM TEMPERATURE (F)   57        41      1992


SUNRISE AND SUNSET
AUGUST 14 2016........SUNRISE   555 AM CDT   SUNSET   759 PM CDT
AUGUST 15 2016........SUNRISE   556 AM CDT   SUNSET   757 PM CDT


-  INDICATES NEGATIVE NUMBERS.
R  INDICATES RECORD WAS SET OR TIED.
MM INDICATES DATA IS MISSING.
T  INDICATES TRACE AMOUNT.




$$
