000
CDUS43 KGRB 302231
CLIGRB


CLIMATE REPORT
NATIONAL WEATHER SERVICE GREEN BAY
431 PM CST TUE JAN 30 2018


...................................

...THE GREEN BAY WI CLIMATE SUMMARY FOR JANUARY 30 2018...
VALID TODAY AS OF 0400 PM LOCAL TIME.

CLIMATE NORMAL PERIOD 1981 TO 2010
CLIMATE RECORD PERIOD 1886 TO 2018


WEATHER ITEM   OBSERVED TIME   RECORD YEAR NORMAL DEPARTURE LAST
                VALUE   (LST)  VALUE       VALUE  FROM      YEAR
                                                  NORMAL
..................................................................
TEMPERATURE (F)
 TODAY
  MAXIMUM         25    359 PM  42    1989  25      0       26
  MINIMUM          8    739 AM -31    1951   9     -1       10
  AVERAGE         17                        17      0       18

PRECIPITATION (IN)
  TODAY            0.00          0.64 2013   0.04  -0.04     0.15
  MONTH TO DATE    1.01                      1.10  -0.09     2.38
  SINCE DEC 1      2.30                      2.61  -0.31     4.63
  SINCE JAN 1      1.01                      1.10  -0.09     2.38

SNOWFALL (IN)
  TODAY            0.0           8.2  2013   0.4   -0.4      4.5
  MONTH TO DATE    4.8                      12.6   -7.8     13.4
  SINCE DEC 1     16.8                      25.7   -8.9     36.5
  SINCE JUL 1     17.4                      29.9  -12.5     37.4
  SNOW DEPTH       0

DEGREE DAYS
 HEATING
  TODAY           48                        48      0       47
  MONTH TO DATE 1359                      1454    -95     1241
  SINCE DEC 1   2786                      2804    -18     2492
  SINCE JUL 1   4202                      4544   -342     3554

 COOLING
  TODAY            0                         0      0        0
  MONTH TO DATE    0                         0      0        0
  SINCE DEC 1      0                         0      0        0
  SINCE JAN 1      0                         0      0        0
..................................................................


WIND (MPH)
  HIGHEST WIND SPEED    14   HIGHEST WIND DIRECTION     S (200)
  HIGHEST GUST SPEED    16   HIGHEST GUST DIRECTION     S (200)
  AVERAGE WIND SPEED     5.8


SKY COVER
  POSSIBLE SUNSHINE  MM
  AVERAGE SKY COVER 0.0


WEATHER CONDITIONS
 THE FOLLOWING WEATHER WAS RECORDED TODAY.
  NO SIGNIFICANT WEATHER WAS OBSERVED.


RELATIVE HUMIDITY (PERCENT)
 HIGHEST    80           600 AM
 LOWEST     52           100 PM
 AVERAGE    66

..........................................................


THE GREEN BAY WI CLIMATE NORMALS FOR TOMORROW
                         NORMAL    RECORD    YEAR
 MAXIMUM TEMPERATURE (F)   25        49      1993
 MINIMUM TEMPERATURE (F)    9       -26      1899


SUNRISE AND SUNSET
JANUARY 30 2018.......SUNRISE   713 AM CST   SUNSET   459 PM CST
JANUARY 31 2018.......SUNRISE   712 AM CST   SUNSET   500 PM CST


-  INDICATES NEGATIVE NUMBERS.
R  INDICATES RECORD WAS SET OR TIED.
MM INDICATES DATA IS MISSING.
T  INDICATES TRACE AMOUNT.




$$
