000
CDUS43 KGRB 120642
CLIGRB

CLIMATE REPORT
NATIONAL WEATHER SERVICE GREEN BAY
140 AM CDT TUE APR 12 2016

...................................

...THE GREEN BAY WI CLIMATE SUMMARY FOR APRIL 11 2016...

CLIMATE NORMAL PERIOD 1981 TO 2010
CLIMATE RECORD PERIOD 1886 TO 2016

WEATHER ITEM   OBSERVED TIME   RECORD YEAR NORMAL DEPARTURE LAST
                VALUE   (LST)  VALUE       VALUE  FROM      YEAR
                                                  NORMAL
..................................................................
TEMPERATURE (F)
 YESTERDAY
  MAXIMUM         43   1232 AM  82    1977  52     -9       61
  MINIMUM         33   1159 PM  18    1973  32      1       32
  AVERAGE         38                        42     -4       47

PRECIPITATION (IN)
  YESTERDAY        T             1.21 2001   0.09  -0.09     0.00
  MONTH TO DATE    0.62                      0.91  -0.29     1.08
  SINCE MAR 1      4.67                      2.76   1.91     1.98
  SINCE JAN 1      7.15                      5.00   2.15     2.95

SNOWFALL (IN)
  YESTERDAY        0.0           3.2  2007   0.2   -0.2      0.0
  MONTH TO DATE    4.4                       1.6    2.8       T
  SINCE MAR 1     16.2                       9.7    6.5      4.2
  SINCE JUL 1     50.0                      49.9    0.1     32.7
  SNOW DEPTH       0

DEGREE DAYS
 HEATING
  YESTERDAY       27                        23      4       18
  MONTH TO DATE  352                       277     75      254
  SINCE MAR 1   1217                      1337   -120     1222
  SINCE JUL 1   6028                      7177  -1149     7260

COOLING
  YESTERDAY        0                         0      0        0
  MONTH TO DATE    0                         0      0        0
  SINCE MAR 1      0                         0      0        0
  SINCE JAN 1      0                         0      0        0
..................................................................

WIND (MPH)
  HIGHEST WIND SPEED    30   HIGHEST WIND DIRECTION     W (270)
  HIGHEST GUST SPEED    39   HIGHEST GUST DIRECTION     W (270)
  AVERAGE WIND SPEED    12.2

SKY COVER
  POSSIBLE SUNSHINE  MM
  AVERAGE SKY COVER 0.7

WEATHER CONDITIONS
 THE FOLLOWING WEATHER WAS RECORDED YESTERDAY.
  LIGHT RAIN

RELATIVE HUMIDITY (PERCENT)
 HIGHEST    82           200 AM
 LOWEST     48           500 PM
 AVERAGE    65
..........................................................

THE GREEN BAY WI CLIMATE NORMALS FOR TODAY
                         NORMAL    RECORD    YEAR
 MAXIMUM TEMPERATURE (F)   52        80      1977
 MINIMUM TEMPERATURE (F)   33        17      1939

SUNRISE AND SUNSET
APRIL 12 2016.........SUNRISE   613 AM CDT   SUNSET   734 PM CDT
APRIL 13 2016.........SUNRISE   611 AM CDT   SUNSET   735 PM CDT

-  INDICATES NEGATIVE NUMBERS.
R  INDICATES RECORD WAS SET OR TIED.
MM INDICATES DATA IS MISSING.
T  INDICATES TRACE AMOUNT.

$$
