000
CDUS43 KGRB 210714
CLIGRB


CLIMATE REPORT
NATIONAL WEATHER SERVICE GREEN BAY
214 AM CDT MON JUL 21 2014


...................................

...THE GREEN BAY WI CLIMATE SUMMARY FOR JULY 20 2014...

CLIMATE NORMAL PERIOD 1981 TO 2010
CLIMATE RECORD PERIOD 1886 TO 2014


WEATHER ITEM   OBSERVED TIME   RECORD YEAR NORMAL DEPARTURE LAST
                VALUE   (LST)  VALUE       VALUE  FROM      YEAR
                                                  NORMAL
..................................................................
TEMPERATURE (F)
 YESTERDAY
  MAXIMUM         81    325 PM  99    1901  80      1       74
  MINIMUM         58    449 AM  42    1958  59     -1       62
  AVERAGE         70                        69      1       68

PRECIPITATION (IN)
  YESTERDAY        0.00          1.14 1902   0.11  -0.11     0.00
  MONTH TO DATE    0.51                      2.32  -1.81     2.03
  SINCE JUN 1      4.56                      6.20  -1.64     5.85
  SINCE JAN 1     15.22                     15.85  -0.63    19.62

SNOWFALL (IN)
  YESTERDAY        0.0           0.0    MM   0.0    0.0      0.0
  MONTH TO DATE    0.0                       0.0    0.0      0.0
  SINCE JUN 1      0.0                       0.0    0.0      0.0
  SINCE JUL 1      0.0                       0.0    0.0      0.0
  SNOW DEPTH       0

DEGREE DAYS
 HEATING
  YESTERDAY        0                         1     -1        0
  MONTH TO DATE   13                        20     -7        1
  SINCE JUN 1     44                       112    -68       73
  SINCE JUL 1     13                        20     -7        1

 COOLING
  YESTERDAY        5                         5      0        3
  MONTH TO DATE   57                       100    -43      182
  SINCE JUN 1    163                       183    -20      287
  SINCE JAN 1    179                       201    -22      325
..................................................................


WIND (MPH)
  HIGHEST WIND SPEED    15   HIGHEST WIND DIRECTION     S (200)
  HIGHEST GUST SPEED    21   HIGHEST GUST DIRECTION     S (190)
  AVERAGE WIND SPEED     7.8


SKY COVER
  POSSIBLE SUNSHINE  MM
  AVERAGE SKY COVER 0.2


WEATHER CONDITIONS
 THE FOLLOWING WEATHER WAS RECORDED YESTERDAY.
  FOG
  HAZE


RELATIVE HUMIDITY (PERCENT)
 HIGHEST    93           500 AM
 LOWEST     45          1200 PM
 AVERAGE    69

..........................................................


THE GREEN BAY WI CLIMATE NORMALS FOR TODAY
                         NORMAL    RECORD    YEAR
 MAXIMUM TEMPERATURE (F)   80        96      2002
 MINIMUM TEMPERATURE (F)   59        44      1992


SUNRISE AND SUNSET
JULY 21 2014..........SUNRISE   528 AM CDT   SUNSET   830 PM CDT
JULY 22 2014..........SUNRISE   529 AM CDT   SUNSET   829 PM CDT


-  INDICATES NEGATIVE NUMBERS.
R  INDICATES RECORD WAS SET OR TIED.
MM INDICATES DATA IS MISSING.
T  INDICATES TRACE AMOUNT.




$$
