000
CDUS43 KGRB 310708
CLIGRB


CLIMATE REPORT
NATIONAL WEATHER SERVICE GREEN BAY
206 AM CDT MON MAR 31 2014


...................................

...THE GREEN BAY WI CLIMATE SUMMARY FOR MARCH 30 2014...

CLIMATE NORMAL PERIOD 1981 TO 2010
CLIMATE RECORD PERIOD 1886 TO 2014


WEATHER ITEM   OBSERVED TIME   RECORD YEAR NORMAL DEPARTURE LAST
                VALUE   (LST)  VALUE       VALUE  FROM      YEAR
                                                  NORMAL
..................................................................
TEMPERATURE (F)
 YESTERDAY
  MAXIMUM         52    427 PM  73    1967  46      6       44
                                      1910
  MINIMUM         24    550 AM   3    1923  28     -4       29
  AVERAGE         38                        37      1       37

PRECIPITATION (IN)
  YESTERDAY        0.00          1.22 1998   0.07  -0.07     0.15
  MONTH TO DATE    0.91                      1.78  -0.87     2.00
  SINCE MAR 1      0.91                      1.78  -0.87     2.00
  SINCE JAN 1      3.70                      4.02  -0.32     6.66

SNOWFALL (IN)
  YESTERDAY        0.0           7.2  1934   0.1   -0.1      0.0
  MONTH TO DATE    6.1                       7.9   -1.8      8.4
  SINCE MAR 1      6.1                       7.9   -1.8      8.4
  SINCE JUL 1     68.4                      48.1   20.3     66.4
  SNOW DEPTH       T

DEGREE DAYS
 HEATING
  YESTERDAY       27                        28     -1       28
  MONTH TO DATE 1273                      1032    241     1160
  SINCE MAR 1   1273                      1032    241     1160
  SINCE JUL 1   7754                      6872    882     6603

 COOLING
  YESTERDAY        0                         0      0        0
  MONTH TO DATE    0                         0      0        0
  SINCE MAR 1      0                         0      0        0
  SINCE JAN 1      0                         0      0        0
..................................................................


WIND (MPH)
  HIGHEST WIND SPEED    20   HIGHEST WIND DIRECTION     S (180)
  HIGHEST GUST SPEED    25   HIGHEST GUST DIRECTION     S (180)
  AVERAGE WIND SPEED     7.6


SKY COVER
  POSSIBLE SUNSHINE  MM
  AVERAGE SKY COVER 0.1


WEATHER CONDITIONS
 THE FOLLOWING WEATHER WAS RECORDED YESTERDAY.
  NO SIGNIFICANT WEATHER WAS OBSERVED.


RELATIVE HUMIDITY (PERCENT)
 HIGHEST    92           300 AM
 LOWEST     54           300 PM
 AVERAGE    73

..........................................................


THE GREEN BAY WI CLIMATE NORMALS FOR TODAY
                         NORMAL    RECORD    YEAR
 MAXIMUM TEMPERATURE (F)   46        77      1986
 MINIMUM TEMPERATURE (F)   28         0      1923


SUNRISE AND SUNSET
MARCH 31 2014.........SUNRISE   635 AM CDT   SUNSET   719 PM CDT
APRIL  1 2014.........SUNRISE   634 AM CDT   SUNSET   720 PM CDT


-  INDICATES NEGATIVE NUMBERS.
R  INDICATES RECORD WAS SET OR TIED.
MM INDICATES DATA IS MISSING.
T  INDICATES TRACE AMOUNT.

$$
