773
CDUS43 KGRB 120748
CLIGRB


CLIMATE REPORT
NATIONAL WEATHER SERVICE GREEN BAY
245 AM CDT THU OCT 12 2017


...................................

...THE GREEN BAY WI CLIMATE SUMMARY FOR OCTOBER 11 2017...

CLIMATE NORMAL PERIOD 1981 TO 2010
CLIMATE RECORD PERIOD 1886 TO 2017


WEATHER ITEM   OBSERVED TIME   RECORD YEAR NORMAL DEPARTURE LAST
                VALUE   (LST)  VALUE       VALUE  FROM      YEAR
                                                  NORMAL
..................................................................
TEMPERATURE (F)
 YESTERDAY
  MAXIMUM         60    403 PM  82    1928  59      1       73
  MINIMUM         48    710 AM  21    1987  39      9       56
                                      1906
  AVERAGE         54                        49      5       65

PRECIPITATION (IN)
  YESTERDAY        T             1.12 1901   0.07  -0.07     0.01
  MONTH TO DATE    1.44                      0.91   0.53     0.34
  SINCE SEP 1      2.45                      3.95  -1.50     4.63
  SINCE JAN 1     27.84                     24.35   3.49    26.25

SNOWFALL (IN)
  YESTERDAY        0.0           T    2006   0.0    0.0      0.0
                                      1959
                                      1905
  MONTH TO DATE    0.0                       0.0    0.0      0.0
  SINCE SEP 1      0.0                       0.0    0.0      0.0
  SINCE JUL 1      0.0                       0.0    0.0      0.0
  SNOW DEPTH       0

DEGREE DAYS
 HEATING
  YESTERDAY       11                        16     -5        0
  MONTH TO DATE   68                       159    -91       74
  SINCE SEP 1    188                       366   -178      139
  SINCE JUL 1    229                       429   -200      152

 COOLING
  YESTERDAY        0                         0      0        0
  MONTH TO DATE    6                         0      6        0
  SINCE SEP 1     98                        33     65       52
  SINCE JAN 1    475                       395     80      574
..................................................................


WIND (MPH)
  HIGHEST WIND SPEED    24   HIGHEST WIND DIRECTION    NE (40)
  HIGHEST GUST SPEED    30   HIGHEST GUST DIRECTION    NE (50)
  AVERAGE WIND SPEED    10.9


SKY COVER
  POSSIBLE SUNSHINE  MM
  AVERAGE SKY COVER 0.9


WEATHER CONDITIONS
 THE FOLLOWING WEATHER WAS RECORDED YESTERDAY.
  LIGHT RAIN


RELATIVE HUMIDITY (PERCENT)
 HIGHEST    96          1100 PM
 LOWEST     64          1200 PM
 AVERAGE    80

..........................................................


THE GREEN BAY WI CLIMATE NORMALS FOR TODAY
                         NORMAL    RECORD    YEAR
 MAXIMUM TEMPERATURE (F)   58        82      2008
                                             1918
 MINIMUM TEMPERATURE (F)   39        24      1988
                                             1936


SUNRISE AND SUNSET
OCTOBER 12 2017.......SUNRISE   704 AM CDT   SUNSET   613 PM CDT
OCTOBER 13 2017.......SUNRISE   705 AM CDT   SUNSET   611 PM CDT


-  INDICATES NEGATIVE NUMBERS.
R  INDICATES RECORD WAS SET OR TIED.
MM INDICATES DATA IS MISSING.
T  INDICATES TRACE AMOUNT.

$$
