000
CDUS43 KGRB 180921
CLIGRB


CLIMATE REPORT
NATIONAL WEATHER SERVICE GREEN BAY
421 AM CDT WED MAR 18 2015


...................................

...THE GREEN BAY WI CLIMATE SUMMARY FOR MARCH 17 2015...

CLIMATE NORMAL PERIOD 1981 TO 2010
CLIMATE RECORD PERIOD 1886 TO 2015


WEATHER ITEM   OBSERVED TIME   RECORD YEAR NORMAL DEPARTURE LAST
                VALUE   (LST)  VALUE       VALUE  FROM      YEAR
                                                  NORMAL
..................................................................
TEMPERATURE (F)
 YESTERDAY
  MAXIMUM         42    404 PM  78    2012  40      2       28
  MINIMUM         30    601 AM  -6    1941  23      7       11
  AVERAGE         36                        31      5       20

PRECIPITATION (IN)
  YESTERDAY        0.00          0.64 1894   0.05  -0.05      T
  MONTH TO DATE    0.16                      0.95  -0.79     0.15
  SINCE MAR 1      0.16                      0.95  -0.79     0.15
  SINCE JAN 1      1.13                      3.19  -2.06     2.94

SNOWFALL (IN)
  YESTERDAY        0.0           7.1  1965   0.3   -0.3       T
  MONTH TO DATE    1.4                       5.4   -4.0      2.9
  SINCE MAR 1      1.4                       5.4   -4.0      2.9
  SINCE JUL 1     29.9                      45.6  -15.7     65.2
  SNOW DEPTH       0

DEGREE DAYS
 HEATING
  YESTERDAY       29                        34     -5       45
  MONTH TO DATE  552                       631    -79      806
  SINCE MAR 1    552                       631    -79      806
  SINCE JUL 1   6590                      6471    119     7287

 COOLING
  YESTERDAY        0                         0      0        0
  MONTH TO DATE    0                         0      0        0
  SINCE MAR 1      0                         0      0        0
  SINCE JAN 1      0                         0      0        0
..................................................................


WIND (MPH)
  HIGHEST WIND SPEED    25   HIGHEST WIND DIRECTION    NW (310)
  HIGHEST GUST SPEED    33   HIGHEST GUST DIRECTION     W (290)
  AVERAGE WIND SPEED    13.6


SKY COVER
  POSSIBLE SUNSHINE  MM
  AVERAGE SKY COVER 0.1


WEATHER CONDITIONS
 THE FOLLOWING WEATHER WAS RECORDED YESTERDAY.
  NO SIGNIFICANT WEATHER WAS OBSERVED.


RELATIVE HUMIDITY (PERCENT)
 HIGHEST    73          1200 AM
 LOWEST     30           300 PM
 AVERAGE    52

..........................................................


THE GREEN BAY WI CLIMATE NORMALS FOR TODAY
                         NORMAL    RECORD    YEAR
 MAXIMUM TEMPERATURE (F)   40        79      2012
 MINIMUM TEMPERATURE (F)   23        -3      1967


SUNRISE AND SUNSET
MARCH 18 2015.........SUNRISE   700 AM CDT   SUNSET   702 PM CDT
MARCH 19 2015.........SUNRISE   658 AM CDT   SUNSET   703 PM CDT


-  INDICATES NEGATIVE NUMBERS.
R  INDICATES RECORD WAS SET OR TIED.
MM INDICATES DATA IS MISSING.
T  INDICATES TRACE AMOUNT.




$$
