902
CDUS43 KGRB 140702
CLIGRB


CLIMATE REPORT
NATIONAL WEATHER SERVICE GREEN BAY
201 AM CDT TUE MAR 14 2017


...................................

...THE GREEN BAY WI CLIMATE SUMMARY FOR MARCH 13 2017...

CLIMATE NORMAL PERIOD 1981 TO 2010
CLIMATE RECORD PERIOD 1886 TO 2017


WEATHER ITEM   OBSERVED TIME   RECORD YEAR NORMAL DEPARTURE LAST
                VALUE   (LST)  VALUE       VALUE  FROM      YEAR
                                                  NORMAL
..................................................................
TEMPERATURE (F)
 YESTERDAY
  MAXIMUM         25    312 PM  70    1995  38    -13       49
  MINIMUM         14   1159 PM  -5    1956  21     -7       38
  AVERAGE         20                        30    -10       44

PRECIPITATION (IN)
  YESTERDAY        0.05          1.02 1990   0.05   0.00     0.21
  MONTH TO DATE    0.77                      0.73   0.04     0.51
  SINCE MAR 1      0.77                      0.73   0.04     0.51
  SINCE JAN 1      4.02                      2.97   1.05     2.99

SNOWFALL (IN)
  YESTERDAY        0.7          13.0  1997   0.3    0.4      0.0
  MONTH TO DATE    7.1                       4.3    2.8      3.7
  SINCE MAR 1      7.1                       4.3    2.8      3.7
  SINCE JUL 1     51.3                      44.5    6.8     37.5
  SNOW DEPTH       1

DEGREE DAYS
 HEATING
  YESTERDAY       45                        36      9       21
  MONTH TO DATE  483                       493    -10      374
  SINCE MAR 1    483                       493    -10      374
  SINCE JUL 1   5056                      6333  -1277     5185

 COOLING
  YESTERDAY        0                         0      0        0
  MONTH TO DATE    0                         0      0        0
  SINCE MAR 1      0                         0      0        0
  SINCE JAN 1      0                         0      0        0
..................................................................


WIND (MPH)
  HIGHEST WIND SPEED    30   HIGHEST WIND DIRECTION    NE (40)
  HIGHEST GUST SPEED    37   HIGHEST GUST DIRECTION    NE (40)
  AVERAGE WIND SPEED    18.3


SKY COVER
  POSSIBLE SUNSHINE  MM
  AVERAGE SKY COVER 0.7


WEATHER CONDITIONS
 THE FOLLOWING WEATHER WAS RECORDED YESTERDAY.
  LIGHT SNOW
  FOG


RELATIVE HUMIDITY (PERCENT)
 HIGHEST    92          1200 AM
 LOWEST     59           500 PM
 AVERAGE    76

..........................................................


THE GREEN BAY WI CLIMATE NORMALS FOR TODAY
                         NORMAL    RECORD    YEAR
 MAXIMUM TEMPERATURE (F)   38        75      2012
 MINIMUM TEMPERATURE (F)   22        -6      1895


SUNRISE AND SUNSET
MARCH 14 2017.........SUNRISE   706 AM CDT   SUNSET   658 PM CDT
MARCH 15 2017.........SUNRISE   704 AM CDT   SUNSET   659 PM CDT


-  INDICATES NEGATIVE NUMBERS.
R  INDICATES RECORD WAS SET OR TIED.
MM INDICATES DATA IS MISSING.
T  INDICATES TRACE AMOUNT.




$$
