000
CDUS43 KGRB 150710
CLIGRB


CLIMATE REPORT
NATIONAL WEATHER SERVICE GREEN BAY
210 AM CDT MON MAY 15 2017


...................................

...THE GREEN BAY WI CLIMATE SUMMARY FOR MAY 14 2017...

CLIMATE NORMAL PERIOD 1981 TO 2010
CLIMATE RECORD PERIOD 1886 TO 2017


WEATHER ITEM   OBSERVED TIME   RECORD YEAR NORMAL DEPARTURE LAST
                VALUE   (LST)  VALUE       VALUE  FROM      YEAR
                                                  NORMAL
..................................................................
TEMPERATURE (F)
 YESTERDAY
  MAXIMUM         64    402 PM  89    1991  66     -2       46
  MINIMUM         47    508 AM  29    1895  43      4       35
  AVERAGE         56                        54      2       41

PRECIPITATION (IN)
  YESTERDAY        0.00          2.17 1957   0.09  -0.09      T
  MONTH TO DATE    0.75                      1.18  -0.43     1.28
  SINCE MAR 1      7.53                      5.66   1.87     6.62
  SINCE JAN 1     10.78                      7.90   2.88     9.10

SNOWFALL (IN)
  YESTERDAY        0.0           T    2016   0.0    0.0       T
                                      2005
  MONTH TO DATE    0.0                       0.1   -0.1       T
  SINCE MAR 1      9.0                      11.1   -2.1     16.2
  SINCE JUL 1     53.2                      51.3    1.9     50.0
  SNOW DEPTH       0

DEGREE DAYS
 HEATING
  YESTERDAY        9                        11     -2       24
  MONTH TO DATE  183                       181      2      173
  SINCE MAR 1   1694                      1878   -184     1710
  SINCE JUL 1   6267                      7718  -1451     6521

 COOLING
  YESTERDAY        0                         0      0        0
  MONTH TO DATE    0                         0      0        1
  SINCE MAR 1      0                         2     -2        1
  SINCE JAN 1      0                         2     -2        1
..................................................................


WIND (MPH)
  HIGHEST WIND SPEED    18   HIGHEST WIND DIRECTION    NE (50)
  HIGHEST GUST SPEED    24   HIGHEST GUST DIRECTION    NE (40)
  AVERAGE WIND SPEED     8.1


SKY COVER
  POSSIBLE SUNSHINE  MM
  AVERAGE SKY COVER 0.1


WEATHER CONDITIONS
 THE FOLLOWING WEATHER WAS RECORDED YESTERDAY.
  NO SIGNIFICANT WEATHER WAS OBSERVED.


RELATIVE HUMIDITY (PERCENT)
 HIGHEST    77           300 AM
 LOWEST     47           600 PM
 AVERAGE    62

..........................................................


THE GREEN BAY WI CLIMATE NORMALS FOR TODAY
                         NORMAL    RECORD    YEAR
 MAXIMUM TEMPERATURE (F)   66        87      1991
 MINIMUM TEMPERATURE (F)   44        29      1929


SUNRISE AND SUNSET
MAY 15 2017...........SUNRISE   525 AM CDT   SUNSET   814 PM CDT
MAY 16 2017...........SUNRISE   524 AM CDT   SUNSET   815 PM CDT


-  INDICATES NEGATIVE NUMBERS.
R  INDICATES RECORD WAS SET OR TIED.
MM INDICATES DATA IS MISSING.
T  INDICATES TRACE AMOUNT.




$$
