000
CDUS43 KGRB 030633
CLIGRB


CLIMATE REPORT
NATIONAL WEATHER SERVICE GREEN BAY
132 AM CDT SUN SEP 3 2017


...................................

...THE GREEN BAY WI CLIMATE SUMMARY FOR SEPTEMBER 2 2017...

CLIMATE NORMAL PERIOD 1981 TO 2010
CLIMATE RECORD PERIOD 1886 TO 2017


WEATHER ITEM   OBSERVED TIME   RECORD YEAR NORMAL DEPARTURE LAST
                VALUE   (LST)  VALUE       VALUE  FROM      YEAR
                                                  NORMAL
..................................................................
TEMPERATURE (F)
 YESTERDAY
  MAXIMUM         66    958 AM  94    1953  75     -9       76
                                      1937
                                      1913
  MINIMUM         45    316 AM  38    1976  54     -9       48
  AVERAGE         56                        64     -8       62

PRECIPITATION (IN)
  YESTERDAY        0.33          1.38 1900   0.11   0.22     0.00
  MONTH TO DATE    0.33                      0.21   0.12     0.00
  SINCE SEP 1      0.33                      0.21   0.12     0.00
  SINCE JAN 1     25.72                     20.61   5.11    21.62

SNOWFALL (IN)
  YESTERDAY        0.0           0.0    MM   0.0    0.0      0.0
  MONTH TO DATE    0.0                       0.0    0.0      0.0
  SINCE SEP 1      0.0                       0.0    0.0      0.0
  SINCE JUL 1      0.0                       0.0    0.0      0.0
  SNOW DEPTH       0

DEGREE DAYS
 HEATING
  YESTERDAY        9                         3      6        3
  MONTH TO DATE   17                         6     11        6
  SINCE SEP 1     17                         6     11        6
  SINCE JUL 1     58                        69    -11       19

 COOLING
  YESTERDAY        0                         2     -2        0
  MONTH TO DATE    0                         4     -4        0
  SINCE SEP 1      0                         4     -4        0
  SINCE JAN 1    377                       366     11      522
..................................................................


WIND (MPH)
  HIGHEST WIND SPEED    16   HIGHEST WIND DIRECTION     S (200)
  HIGHEST GUST SPEED    20   HIGHEST GUST DIRECTION     S (200)
  AVERAGE WIND SPEED     4.5


SKY COVER
  POSSIBLE SUNSHINE  MM
  AVERAGE SKY COVER 0.5


WEATHER CONDITIONS
 THE FOLLOWING WEATHER WAS RECORDED YESTERDAY.
  HEAVY RAIN
  RAIN
  LIGHT RAIN
  FOG


RELATIVE HUMIDITY (PERCENT)
 HIGHEST   100          1200 AM
 LOWEST     60          1100 AM
 AVERAGE    80

..........................................................


THE GREEN BAY WI CLIMATE NORMALS FOR TODAY
                         NORMAL    RECORD    YEAR
 MAXIMUM TEMPERATURE (F)   75        92      1929
 MINIMUM TEMPERATURE (F)   53        36      1946


SUNRISE AND SUNSET
SEPTEMBER  3 2017.....SUNRISE   618 AM CDT   SUNSET   725 PM CDT
SEPTEMBER  4 2017.....SUNRISE   619 AM CDT   SUNSET   723 PM CDT


-  INDICATES NEGATIVE NUMBERS.
R  INDICATES RECORD WAS SET OR TIED.
MM INDICATES DATA IS MISSING.
T  INDICATES TRACE AMOUNT.




$$
