000
CDUS43 KGRB 132234
CLIGRB


CLIMATE REPORT
NATIONAL WEATHER SERVICE GREEN BAY
433 PM CST SUN NOV 13 2016


...................................

...THE GREEN BAY WI CLIMATE SUMMARY FOR NOVEMBER 13 2016...
VALID TODAY AS OF 0400 PM LOCAL TIME.

CLIMATE NORMAL PERIOD 1981 TO 2010
CLIMATE RECORD PERIOD 1886 TO 2016


WEATHER ITEM   OBSERVED TIME   RECORD YEAR NORMAL DEPARTURE LAST
                VALUE   (LST)  VALUE       VALUE  FROM      YEAR
                                                  NORMAL
..................................................................
TEMPERATURE (F)
 TODAY
  MAXIMUM         60    330 PM  68    1999  44     16       40
  MINIMUM         40    626 AM   2    1986  28     12       29
  AVERAGE         50                        36     14       35

PRECIPITATION (IN)
  TODAY            0.00          0.78 1978   0.08  -0.08      T
  MONTH TO DATE    0.10                      0.94  -0.84     0.60
  SINCE SEP 1      7.05                      6.42   0.63     9.09
  SINCE JAN 1     28.67                     26.82   1.85    25.29

SNOWFALL (IN)
  TODAY            0.0           4.2  1916   0.1   -0.1       T
  MONTH TO DATE    0.0                       0.8   -0.8       T
  SINCE SEP 1      0.0                       1.0   -1.0       T
  SINCE JUL 1      0.0                       1.0   -1.0       T
  SNOW DEPTH       0

DEGREE DAYS
 HEATING
  TODAY           15                        29    -14       30
  MONTH TO DATE  193                       343   -150      220
  SINCE SEP 1    634                      1106   -472      745
  SINCE JUL 1    647                      1169   -522      795

 COOLING
  TODAY            0                         0      0        0
  MONTH TO DATE    0                         0      0        0
  SINCE SEP 1     55                        36     19      115
  SINCE JAN 1    577                       398    179      517
..................................................................


WIND (MPH)
  HIGHEST WIND SPEED    21   HIGHEST WIND DIRECTION    SW (210)
  HIGHEST GUST SPEED    27   HIGHEST GUST DIRECTION     S (200)
  AVERAGE WIND SPEED    12.8


SKY COVER
  POSSIBLE SUNSHINE  MM
  AVERAGE SKY COVER 0.0


WEATHER CONDITIONS
 THE FOLLOWING WEATHER WAS RECORDED TODAY.
  NO SIGNIFICANT WEATHER WAS OBSERVED.


RELATIVE HUMIDITY (PERCENT)
 HIGHEST    76           400 AM
 LOWEST     39           300 PM
 AVERAGE    58

..........................................................


THE GREEN BAY WI CLIMATE NORMALS FOR TOMORROW
                         NORMAL    RECORD    YEAR
 MAXIMUM TEMPERATURE (F)   43        65      1958
                                             1953
                                             1909
 MINIMUM TEMPERATURE (F)   28         3      1916


SUNRISE AND SUNSET
NOVEMBER 13 2016......SUNRISE   647 AM CST   SUNSET   427 PM CST
NOVEMBER 14 2016......SUNRISE   648 AM CST   SUNSET   426 PM CST


-  INDICATES NEGATIVE NUMBERS.
R  INDICATES RECORD WAS SET OR TIED.
MM INDICATES DATA IS MISSING.
T  INDICATES TRACE AMOUNT.




$$
