470
CDUS43 KGRB 170745
CLIGRB


CLIMATE REPORT
NATIONAL WEATHER SERVICE GREEN BAY
144 AM CST FRI FEB 17 2017


...................................

...THE GREEN BAY WI CLIMATE SUMMARY FOR FEBRUARY 16 2017...

CLIMATE NORMAL PERIOD 1981 TO 2010
CLIMATE RECORD PERIOD 1886 TO 2017


WEATHER ITEM   OBSERVED TIME   RECORD YEAR NORMAL DEPARTURE LAST
                VALUE   (LST)  VALUE       VALUE  FROM      YEAR
                                                  NORMAL
..................................................................
TEMPERATURE (F)
 YESTERDAY
  MAXIMUM         31    843 PM  55    1921  28      3       32
  MINIMUM         18    428 AM -18    1936  13      5       19
  AVERAGE         25                        20      5       26

PRECIPITATION (IN)
  YESTERDAY        T             1.70 1889   0.04  -0.04     0.01
  MONTH TO DATE    0.02                      0.56  -0.54     1.00
  SINCE DEC 1      4.70                      3.20   1.50     8.04
  SINCE JAN 1      2.45                      1.69   0.76     2.33

SNOWFALL (IN)
  YESTERDAY        T            10.0  2006   0.4   -0.4      0.2
  MONTH TO DATE    T                         5.8   -5.8     11.6
  SINCE DEC 1     37.7                      31.9    5.8     33.0
  SINCE JUL 1     38.6                      36.1    2.5     33.2
  SNOW DEPTH       T

DEGREE DAYS
 HEATING
  YESTERDAY       40                        45     -5       39
  MONTH TO DATE  668                       742    -74      743
  SINCE DEC 1   3199                      3591   -392     3091
  SINCE JUL 1   4261                      5331  -1070     4363

 COOLING
  YESTERDAY        0                         0      0        0
  MONTH TO DATE    0                         0      0        0
  SINCE DEC 1      0                         0      0        0
  SINCE JAN 1      0                         0      0        0
..................................................................


WIND (MPH)
  HIGHEST WIND SPEED    13   HIGHEST WIND DIRECTION    SE (150)
  HIGHEST GUST SPEED    15   HIGHEST GUST DIRECTION    SE (150)
  AVERAGE WIND SPEED     5.5


SKY COVER
  POSSIBLE SUNSHINE  MM
  AVERAGE SKY COVER 0.4


WEATHER CONDITIONS
 THE FOLLOWING WEATHER WAS RECORDED YESTERDAY.
  LIGHT SNOW


RELATIVE HUMIDITY (PERCENT)
 HIGHEST    85           800 PM
 LOWEST     57          1200 PM
 AVERAGE    71

..........................................................


THE GREEN BAY WI CLIMATE NORMALS FOR TODAY
                         NORMAL    RECORD    YEAR
 MAXIMUM TEMPERATURE (F)   29        52      1981
 MINIMUM TEMPERATURE (F)   13       -19      1979


SUNRISE AND SUNSET
FEBRUARY 17 2017......SUNRISE   649 AM CST   SUNSET   525 PM CST
FEBRUARY 18 2017......SUNRISE   647 AM CST   SUNSET   526 PM CST


-  INDICATES NEGATIVE NUMBERS.
R  INDICATES RECORD WAS SET OR TIED.
MM INDICATES DATA IS MISSING.
T  INDICATES TRACE AMOUNT.




$$
