000
CDUS43 KGRB 240631
CLIGRB


CLIMATE REPORT
NATIONAL WEATHER SERVICE GREEN BAY
131 AM CDT WED JUN 24 2015


...................................

...THE GREEN BAY WI CLIMATE SUMMARY FOR JUNE 23 2015...

CLIMATE NORMAL PERIOD 1981 TO 2010
CLIMATE RECORD PERIOD 1886 TO 2015


WEATHER ITEM   OBSERVED TIME   RECORD YEAR NORMAL DEPARTURE LAST
                VALUE   (LST)  VALUE       VALUE  FROM      YEAR
                                                  NORMAL
..................................................................
TEMPERATURE (F)
 YESTERDAY
  MAXIMUM         80    418 PM  95    2009  78      2       80
                                      1911
  MINIMUM         59    436 AM  42    1918  56      3       62
  AVERAGE         70                        67      3       71

PRECIPITATION (IN)
  YESTERDAY        0.00          1.17 1960   0.13  -0.13     0.06
  MONTH TO DATE    2.40                      3.00  -0.60     3.71
  SINCE JUN 1      2.40                      3.00  -0.60     3.71
  SINCE JAN 1      9.34                     12.65  -3.31    14.37

SNOWFALL (IN)
  YESTERDAY        0.0           0.0    MM   0.0    0.0      0.0
  MONTH TO DATE    0.0                       0.0    0.0      0.0
  SINCE JUN 1      0.0                       0.0    0.0      0.0
  SINCE JUL 1     32.7                      51.4  -18.7     72.1
  SNOW DEPTH       0

DEGREE DAYS
 HEATING
  YESTERDAY        0                         2     -2        0
  MONTH TO DATE   49                        82    -33       29
  SINCE JUN 1     49                        82    -33       29
  SINCE JUL 1   7829                      7945   -116     8769

 COOLING
  YESTERDAY        5                         4      1        6
  MONTH TO DATE   50                        54     -4       62
  SINCE JUN 1     50                        54     -4       62
  SINCE JAN 1     78                        72      6       78
..................................................................


WIND (MPH)
  HIGHEST WIND SPEED    20   HIGHEST WIND DIRECTION    NW (300)
  HIGHEST GUST SPEED    28   HIGHEST GUST DIRECTION    NW (320)
  AVERAGE WIND SPEED     9.3


SKY COVER
  POSSIBLE SUNSHINE  MM
  AVERAGE SKY COVER 0.0


WEATHER CONDITIONS
 THE FOLLOWING WEATHER WAS RECORDED YESTERDAY.
  NO SIGNIFICANT WEATHER WAS OBSERVED.


RELATIVE HUMIDITY (PERCENT)
 HIGHEST    84          1000 PM
 LOWEST     30           400 PM
 AVERAGE    57

..........................................................


THE GREEN BAY WI CLIMATE NORMALS FOR TODAY
                         NORMAL    RECORD    YEAR
 MAXIMUM TEMPERATURE (F)   78        95      1937
 MINIMUM TEMPERATURE (F)   57        43      1887


SUNRISE AND SUNSET
JUNE 24 2015..........SUNRISE   509 AM CDT   SUNSET   841 PM CDT
JUNE 25 2015..........SUNRISE   509 AM CDT   SUNSET   841 PM CDT


-  INDICATES NEGATIVE NUMBERS.
R  INDICATES RECORD WAS SET OR TIED.
MM INDICATES DATA IS MISSING.
T  INDICATES TRACE AMOUNT.




$$
