000
CDUS43 KGRB 312241
CLIGRB


CLIMATE REPORT
NATIONAL WEATHER SERVICE GREEN BAY
438 PM CST TUE JAN 31 2017


...................................

...THE GREEN BAY WI CLIMATE SUMMARY FOR JANUARY 31 2017...
VALID TODAY AS OF 0400 PM LOCAL TIME.

CLIMATE NORMAL PERIOD 1981 TO 2010
CLIMATE RECORD PERIOD 1886 TO 2017


WEATHER ITEM   OBSERVED TIME   RECORD YEAR NORMAL DEPARTURE LAST
                VALUE   (LST)  VALUE       VALUE  FROM      YEAR
                                                  NORMAL
..................................................................
TEMPERATURE (F)
 TODAY
  MAXIMUM         30    359 PM  49    1993  25      5       37
  MINIMUM         21    737 AM -26    1899   9     12       32
  AVERAGE         26                        17      9       35

PRECIPITATION (IN)
  TODAY            0.05          0.70 1917   0.03   0.02     0.08
  MONTH TO DATE    2.43                      1.13   1.30     1.33
  SINCE DEC 1      4.68                      2.64   2.04     7.04
  SINCE JAN 1      2.43                      1.13   1.30     1.33

SNOWFALL (IN)
  TODAY            1.2           7.8  1917   0.4    0.8       T
  MONTH TO DATE   14.6                      13.0    1.6      7.7
  SINCE DEC 1     37.7                      26.1   11.6     21.4
  SINCE JUL 1     38.6                      30.3    8.3     21.6
  SNOW DEPTH       7

DEGREE DAYS
 HEATING
  TODAY           39                        48     -9       30
  MONTH TO DATE 1280                      1502   -222     1410
  SINCE DEC 1   2531                      2849   -318     2348
  SINCE JUL 1   3593                      4589   -996     3620

 COOLING
  TODAY            0                         0      0        0
  MONTH TO DATE    0                         0      0        0
  SINCE DEC 1      0                         0      0        0
  SINCE JAN 1      0                         0      0        0
..................................................................


WIND (MPH)
  HIGHEST WIND SPEED    20   HIGHEST WIND DIRECTION     W (280)
  HIGHEST GUST SPEED    23   HIGHEST GUST DIRECTION     W (260)
  AVERAGE WIND SPEED    10.4


SKY COVER
  POSSIBLE SUNSHINE  MM
  AVERAGE SKY COVER 1.0


WEATHER CONDITIONS
 THE FOLLOWING WEATHER WAS RECORDED TODAY.
  LIGHT SNOW
  FOG
  HAZE


RELATIVE HUMIDITY (PERCENT)
 HIGHEST    96          1200 AM
 LOWEST     72           400 PM
 AVERAGE    84

..........................................................


THE GREEN BAY WI CLIMATE NORMALS FOR TOMORROW
                         NORMAL    RECORD    YEAR
 MAXIMUM TEMPERATURE (F)   25        42      1922
 MINIMUM TEMPERATURE (F)    9       -24      1985


SUNRISE AND SUNSET
JANUARY 31 2017.......SUNRISE   712 AM CST   SUNSET   501 PM CST
FEBRUARY  1 2017......SUNRISE   711 AM CST   SUNSET   502 PM CST


-  INDICATES NEGATIVE NUMBERS.
R  INDICATES RECORD WAS SET OR TIED.
MM INDICATES DATA IS MISSING.
T  INDICATES TRACE AMOUNT.




$$
