627
CDUS43 KGRB 100647
CLIGRB


CLIMATE REPORT
NATIONAL WEATHER SERVICE GREEN BAY
147 AM CDT MON JUL 10 2017


...................................

...THE GREEN BAY WI CLIMATE SUMMARY FOR JULY 9 2017...

CLIMATE NORMAL PERIOD 1981 TO 2010
CLIMATE RECORD PERIOD 1886 TO 2017


WEATHER ITEM   OBSERVED TIME   RECORD YEAR NORMAL DEPARTURE LAST
                VALUE   (LST)  VALUE       VALUE  FROM      YEAR
                                                  NORMAL
..................................................................
TEMPERATURE (F)
 YESTERDAY
  MAXIMUM         83   1217 PM 100    1936  80      3       80
  MINIMUM         62    549 AM  43    1963  59      3       59
                                      1895
  AVERAGE         73                        69      4       70

PRECIPITATION (IN)
  YESTERDAY        0.01          1.63 1922   0.12  -0.11     0.00
  MONTH TO DATE    0.42                      1.07  -0.65     0.26
  SINCE JUN 1      4.20                      4.95  -0.75     4.70
  SINCE JAN 1     17.20                     14.60   2.60    15.88

SNOWFALL (IN)
  YESTERDAY        0.0           0.0    MM   0.0    0.0      0.0
  MONTH TO DATE    0.0                       0.0    0.0      0.0
  SINCE JUN 1      0.0                       0.0    0.0      0.0
  SINCE JUL 1      0.0                       0.0    0.0      0.0
  SNOW DEPTH       0

DEGREE DAYS
 HEATING
  YESTERDAY        0                         1     -1        0
  MONTH TO DATE    0                         9     -9        1
  SINCE JUN 1     27                       101    -74       26
  SINCE JUL 1      0                         9     -9        1

 COOLING
  YESTERDAY        8                         5      3        5
  MONTH TO DATE   51                        45      6       43
  SINCE JUN 1    166                       128     38      143
  SINCE JAN 1    174                       146     28      176
..................................................................


WIND (MPH)
  HIGHEST WIND SPEED    14   HIGHEST WIND DIRECTION     W (250)
  HIGHEST GUST SPEED    22   HIGHEST GUST DIRECTION     W (270)
  AVERAGE WIND SPEED     6.2


SKY COVER
  POSSIBLE SUNSHINE  MM
  AVERAGE SKY COVER 0.4


WEATHER CONDITIONS
 THE FOLLOWING WEATHER WAS RECORDED YESTERDAY.
  LIGHT RAIN


RELATIVE HUMIDITY (PERCENT)
 HIGHEST   100           900 PM
 LOWEST     51          1200 PM
 AVERAGE    76

..........................................................


THE GREEN BAY WI CLIMATE NORMALS FOR TODAY
                         NORMAL    RECORD    YEAR
 MAXIMUM TEMPERATURE (F)   80       100      1936
 MINIMUM TEMPERATURE (F)   59        42      1968


SUNRISE AND SUNSET
JULY 10 2017..........SUNRISE   518 AM CDT   SUNSET   838 PM CDT
JULY 11 2017..........SUNRISE   519 AM CDT   SUNSET   837 PM CDT


-  INDICATES NEGATIVE NUMBERS.
R  INDICATES RECORD WAS SET OR TIED.
MM INDICATES DATA IS MISSING.
T  INDICATES TRACE AMOUNT.




$$
