797
CDUS43 KGRB 170656
CLIGRB

CLIMATE REPORT
NATIONAL WEATHER SERVICE GREEN BAY
154 AM CDT SUN APR 17 2016

...................................

...THE GREEN BAY WI CLIMATE SUMMARY FOR APRIL 16 2016...

CLIMATE NORMAL PERIOD 1981 TO 2010
CLIMATE RECORD PERIOD 1886 TO 2016

WEATHER ITEM   OBSERVED TIME   RECORD YEAR NORMAL DEPARTURE LAST
                VALUE   (LST)  VALUE       VALUE  FROM      YEAR
                                                  NORMAL
..................................................................
TEMPERATURE (F)
 YESTERDAY
  MAXIMUM         74    242 PM  84    1896  54     20       68
  MINIMUM         36    425 AM  14    1904  34      2       34
  AVERAGE         55                        44     11       51

PRECIPITATION (IN)
  YESTERDAY        0.00          1.83 1945   0.10  -0.10     0.00
  MONTH TO DATE    0.84                      1.38  -0.54     1.18
  SINCE MAR 1      4.89                      3.23   1.66     2.08
  SINCE JAN 1      7.37                      5.47   1.90     3.05

SNOWFALL (IN)
  YESTERDAY        0.0           2.1  1998   0.1   -0.1      0.0
  MONTH TO DATE    4.4                       2.1    2.3       T
  SINCE MAR 1     16.2                      10.2    6.0      4.2
  SINCE JUL 1     50.0                      50.4   -0.4     32.7
  SNOW DEPTH       0

DEGREE DAYS
 HEATING
  YESTERDAY       10                        21    -11       14
  MONTH TO DATE  448                       386     62      317
  SINCE MAR 1   1313                      1446   -133     1285
  SINCE JUL 1   6124                      7286  -1162     7323

COOLING
  YESTERDAY        0                         0      0        0
  MONTH TO DATE    0                         0      0        0
  SINCE MAR 1      0                         0      0        0
  SINCE JAN 1      0                         0      0        0
..................................................................

WIND (MPH)
  HIGHEST WIND SPEED    16   HIGHEST WIND DIRECTION    SE (150)
  HIGHEST GUST SPEED    19   HIGHEST GUST DIRECTION    SE (150)
  AVERAGE WIND SPEED     5.9

SKY COVER
  POSSIBLE SUNSHINE  MM
  AVERAGE SKY COVER 0.0

WEATHER CONDITIONS
 THE FOLLOWING WEATHER WAS RECORDED YESTERDAY.
  NO SIGNIFICANT WEATHER WAS OBSERVED.

RELATIVE HUMIDITY (PERCENT)
 HIGHEST    85           400 AM
 LOWEST     29           300 PM
 AVERAGE    57
..........................................................

THE GREEN BAY WI CLIMATE NORMALS FOR TODAY
                         NORMAL    RECORD    YEAR
 MAXIMUM TEMPERATURE (F)   55        83      1958
 MINIMUM TEMPERATURE (F)   34        21      1983

SUNRISE AND SUNSET
APRIL 17 2016.........SUNRISE   604 AM CDT   SUNSET   740 PM CDT
APRIL 18 2016.........SUNRISE   603 AM CDT   SUNSET   742 PM CDT

-  INDICATES NEGATIVE NUMBERS.
R  INDICATES RECORD WAS SET OR TIED.
MM INDICATES DATA IS MISSING.
T  INDICATES TRACE AMOUNT.

$$
