000
CDUS43 KGRB 252241
CLIGRB


CLIMATE REPORT
NATIONAL WEATHER SERVICE GREEN BAY
441 PM CST SUN DEC 25 2016


...................................

...THE GREEN BAY WI CLIMATE SUMMARY FOR DECEMBER 25 2016...
VALID TODAY AS OF 0400 PM LOCAL TIME.

CLIMATE NORMAL PERIOD 1981 TO 2010
CLIMATE RECORD PERIOD 1886 TO 2016


WEATHER ITEM   OBSERVED TIME   RECORD YEAR NORMAL DEPARTURE LAST
                VALUE   (LST)  VALUE       VALUE  FROM      YEAR
                                                  NORMAL
..................................................................
TEMPERATURE (F)
 TODAY
  MAXIMUM         37    359 PM  50    1936  26     11       31
  MINIMUM         31    811 AM -22    2000  12     19       23
  AVERAGE         34                        19     15       27

PRECIPITATION (IN)
  TODAY            0.04          0.62 1973   0.05  -0.01      T
  MONTH TO DATE    1.59                      1.27   0.32     4.60
  SINCE DEC 1      1.59                      1.27   0.32     4.60
  SINCE JAN 1     32.45                     29.28   3.17    31.78

SNOWFALL (IN)
  TODAY           MM             5.4  1945   0.4   MM         T
  MONTH TO DATE   22.3                      10.6   11.7       T
  SINCE DEC 1     22.3                      10.6   11.7       T
  SINCE JUL 1     23.2                      14.8    8.4      0.2
  SNOW DEPTH       0

DEGREE DAYS
 HEATING
  TODAY           31                        46    -15       38
  MONTH TO DATE 1030                      1068    -38      709
  SINCE DEC 1   1030                      1068    -38      709
  SINCE JUL 1   2092                      2808   -716     1981

 COOLING
  TODAY            0                         0      0        0
  MONTH TO DATE    0                         0      0        0
  SINCE DEC 1      0                         0      0        0
  SINCE JAN 1    577                       398    179      517
..................................................................


WIND (MPH)
  HIGHEST WIND SPEED    21   HIGHEST WIND DIRECTION    NE (40)
  HIGHEST GUST SPEED    25   HIGHEST GUST DIRECTION    NE (40)
  AVERAGE WIND SPEED    12.6


SKY COVER
  POSSIBLE SUNSHINE  MM
  AVERAGE SKY COVER 1.0


WEATHER CONDITIONS
 THE FOLLOWING WEATHER WAS RECORDED TODAY.
  LIGHT SNOW
  FOG


RELATIVE HUMIDITY (PERCENT)
 HIGHEST   100           100 AM
 LOWEST     82           200 PM
 AVERAGE    91

..........................................................


THE GREEN BAY WI CLIMATE NORMALS FOR TOMORROW
                         NORMAL    RECORD    YEAR
 MAXIMUM TEMPERATURE (F)   26        51      1936
 MINIMUM TEMPERATURE (F)   11       -19      1996
                                             1962


SUNRISE AND SUNSET
DECEMBER 25 2016......SUNRISE   728 AM CST   SUNSET   418 PM CST
DECEMBER 26 2016......SUNRISE   728 AM CST   SUNSET   419 PM CST


-  INDICATES NEGATIVE NUMBERS.
R  INDICATES RECORD WAS SET OR TIED.
MM INDICATES DATA IS MISSING.
T  INDICATES TRACE AMOUNT.




$$
