000
CDUS43 KGRB 070639
CLIGRB


CLIMATE REPORT
NATIONAL WEATHER SERVICE GREEN BAY
1238 AM CST SUN DEC 7 2014


...................................

...THE GREEN BAY WI CLIMATE SUMMARY FOR DECEMBER 6 2014...

CLIMATE NORMAL PERIOD 1981 TO 2010
CLIMATE RECORD PERIOD 1886 TO 2014


WEATHER ITEM   OBSERVED TIME   RECORD YEAR NORMAL DEPARTURE LAST
                VALUE   (LST)  VALUE       VALUE  FROM      YEAR
                                                  NORMAL
..................................................................
TEMPERATURE (F)
 YESTERDAY
  MAXIMUM         32    116 PM  52    1998  32      0       16
  MINIMUM         12   1149 PM -15    1972  18     -6        4
  AVERAGE         22                        25     -3       10

PRECIPITATION (IN)
  YESTERDAY        0.00          0.44 1908   0.05  -0.05     0.00
  MONTH TO DATE    0.02                      0.35  -0.33     0.53
  SINCE DEC 1      0.02                      0.35  -0.33     0.53
  SINCE JAN 1     30.45                     28.36   2.09    33.80

SNOWFALL (IN)
  YESTERDAY        0.0           5.0  1908   0.4   -0.4      0.0
  MONTH TO DATE    0.4                       2.3   -1.9      3.9
  SINCE DEC 1      0.4                       2.3   -1.9      3.9
  SINCE JUL 1      8.6                       6.5    2.1      5.1
  SNOW DEPTH       2

DEGREE DAYS
 HEATING
  YESTERDAY       43                        40      3       55
  MONTH TO DATE  285                       235     50      215
  SINCE DEC 1    285                       235     50      215
  SINCE JUL 1   2122                      1975    147     1826

 COOLING
  YESTERDAY        0                         0      0        0
  MONTH TO DATE    0                         0      0        0
  SINCE DEC 1      0                         0      0        0
  SINCE JAN 1    362                       398    -36      535
..................................................................


WIND (MPH)
  HIGHEST WIND SPEED    17   HIGHEST WIND DIRECTION    NE (40)
  HIGHEST GUST SPEED    20   HIGHEST GUST DIRECTION    NE (40)
  AVERAGE WIND SPEED     5.9


SKY COVER
  POSSIBLE SUNSHINE  MM
  AVERAGE SKY COVER 0.1


WEATHER CONDITIONS
 THE FOLLOWING WEATHER WAS RECORDED YESTERDAY.
  FOG
  HAZE


RELATIVE HUMIDITY (PERCENT)
 HIGHEST    96           400 AM
 LOWEST     59           100 PM
 AVERAGE    78

..........................................................


THE GREEN BAY WI CLIMATE NORMALS FOR TODAY
                         NORMAL    RECORD    YEAR
 MAXIMUM TEMPERATURE (F)   31        50      1946
                                             1916
 MINIMUM TEMPERATURE (F)   17       -21      1972


SUNRISE AND SUNSET
DECEMBER  7 2014......SUNRISE   715 AM CST   SUNSET   413 PM CST
DECEMBER  8 2014......SUNRISE   716 AM CST   SUNSET   413 PM CST


-  INDICATES NEGATIVE NUMBERS.
R  INDICATES RECORD WAS SET OR TIED.
MM INDICATES DATA IS MISSING.
T  INDICATES TRACE AMOUNT.




$$
