000
CDUS43 KGRB 240901
CLIGRB


CLIMATE REPORT
NATIONAL WEATHER SERVICE GREEN BAY
400 AM CDT FRI JUL 24 2015


...................................

...THE GREEN BAY WI CLIMATE SUMMARY FOR JULY 23 2015...

CLIMATE NORMAL PERIOD 1981 TO 2010
CLIMATE RECORD PERIOD 1886 TO 2015


WEATHER ITEM   OBSERVED TIME   RECORD YEAR NORMAL DEPARTURE LAST
                VALUE   (LST)  VALUE       VALUE  FROM      YEAR
                                                  NORMAL
..................................................................
TEMPERATURE (F)
 YESTERDAY
  MAXIMUM         85    446 PM  96    1940  80      5       75
  MINIMUM         61    111 AM  46    2000  59      2       55
                                      1985
                                      1887
  AVERAGE         73                        69      4       65

PRECIPITATION (IN)
  YESTERDAY        0.00          4.39 1912   0.11  -0.11     0.00
  MONTH TO DATE    1.79                      2.65  -0.86     0.51
  SINCE JUN 1      5.03                      6.53  -1.50     4.56
  SINCE JAN 1     11.97                     16.18  -4.21    15.22

SNOWFALL (IN)
  YESTERDAY        0.0           0.0  2010   0.0    0.0      0.0
  MONTH TO DATE    0.0                       0.0    0.0      0.0
  SINCE JUN 1      0.0                       0.0    0.0      0.0
  SINCE JUL 1      0.0                       0.0    0.0      0.0
  SNOW DEPTH       0

DEGREE DAYS
 HEATING
  YESTERDAY        0                         1     -1        0
  MONTH TO DATE   19                        23     -4       13
  SINCE JUN 1     72                       115    -43       44
  SINCE JUL 1     19                        23     -4       13

 COOLING
  YESTERDAY        8                         5      3        0
  MONTH TO DATE  103                       115    -12       79
  SINCE JUN 1    170                       198    -28      185
  SINCE JAN 1    198                       216    -18      201
..................................................................


WIND (MPH)
  HIGHEST WIND SPEED    10   HIGHEST WIND DIRECTION     W (250)
  HIGHEST GUST SPEED    13   HIGHEST GUST DIRECTION    NW (330)
  AVERAGE WIND SPEED     5.2


SKY COVER
  POSSIBLE SUNSHINE  MM
  AVERAGE SKY COVER 0.3


WEATHER CONDITIONS
 THE FOLLOWING WEATHER WAS RECORDED YESTERDAY.
  FOG


RELATIVE HUMIDITY (PERCENT)
 HIGHEST    93          1200 AM
 LOWEST     44           100 PM
 AVERAGE    69

..........................................................


THE GREEN BAY WI CLIMATE NORMALS FOR TODAY
                         NORMAL    RECORD    YEAR
 MAXIMUM TEMPERATURE (F)   80        95      1945
 MINIMUM TEMPERATURE (F)   59        45      1953


SUNRISE AND SUNSET
JULY 24 2015..........SUNRISE   530 AM CDT   SUNSET   827 PM CDT
JULY 25 2015..........SUNRISE   532 AM CDT   SUNSET   826 PM CDT


-  INDICATES NEGATIVE NUMBERS.
R  INDICATES RECORD WAS SET OR TIED.
MM INDICATES DATA IS MISSING.
T  INDICATES TRACE AMOUNT.




$$
