000
CDUS43 KGRB 042136
CLIGRB


CLIMATE REPORT
NATIONAL WEATHER SERVICE GREEN BAY
434 PM CDT TUE APR 4 2017


...................................

...THE GREEN BAY WI CLIMATE SUMMARY FOR APRIL 4 2017...
VALID TODAY AS OF 0400 PM LOCAL TIME.

CLIMATE NORMAL PERIOD 1981 TO 2010
CLIMATE RECORD PERIOD 1886 TO 2017


WEATHER ITEM   OBSERVED TIME   RECORD YEAR NORMAL DEPARTURE LAST
                VALUE   (LST)  VALUE       VALUE  FROM      YEAR
                                                  NORMAL
..................................................................
TEMPERATURE (F)
 TODAY
  MAXIMUM         61    259 PM  75    1997  48     13       33
                                      1921
  MINIMUM         44    738 AM  11    1995  30     14       23
  AVERAGE         53                        39     14       28

PRECIPITATION (IN)
  TODAY            0.18          0.99 1897   0.07   0.11      T
  MONTH TO DATE    0.45                      0.31   0.14     0.05
  SINCE MAR 1      2.75                      2.16   0.59     4.10
  SINCE JAN 1      6.00                      4.40   1.60     6.58

SNOWFALL (IN)
  TODAY            0.0           9.8  1977   0.1   -0.1       T
  MONTH TO DATE    0.0                       0.6   -0.6      0.4
  SINCE MAR 1      9.0                       8.7    0.3     12.2
  SINCE JUL 1     53.2                      48.9    4.3     46.0
  SNOW DEPTH       0

DEGREE DAYS
 HEATING
  TODAY           12                        26    -14       37
  MONTH TO DATE   67                       107    -40      128
  SINCE MAR 1   1091                      1167    -76      993
  SINCE JUL 1   5664                      7007  -1343     5804

 COOLING
  TODAY            0                         0      0        0
  MONTH TO DATE    0                         0      0        0
  SINCE MAR 1      0                         0      0        0
  SINCE JAN 1      0                         0      0        0
..................................................................


WIND (MPH)
  HIGHEST WIND SPEED    18   HIGHEST WIND DIRECTION     N (350)
  HIGHEST GUST SPEED    27   HIGHEST GUST DIRECTION    NW (300)
  AVERAGE WIND SPEED    12.4


SKY COVER
  POSSIBLE SUNSHINE  MM
  AVERAGE SKY COVER 0.8


WEATHER CONDITIONS
 THE FOLLOWING WEATHER WAS RECORDED TODAY.
  LIGHT RAIN


RELATIVE HUMIDITY (PERCENT)
 HIGHEST   100           100 AM
 LOWEST     46           300 PM
 AVERAGE    73

..........................................................


THE GREEN BAY WI CLIMATE NORMALS FOR TOMORROW
                         NORMAL    RECORD    YEAR
 MAXIMUM TEMPERATURE (F)   49        77      1991
                                             1921
 MINIMUM TEMPERATURE (F)   30        13      1995
                                             1887


SUNRISE AND SUNSET
APRIL  4 2017.........SUNRISE   628 AM CDT   SUNSET   724 PM CDT
APRIL  5 2017.........SUNRISE   626 AM CDT   SUNSET   725 PM CDT


-  INDICATES NEGATIVE NUMBERS.
R  INDICATES RECORD WAS SET OR TIED.
MM INDICATES DATA IS MISSING.
T  INDICATES TRACE AMOUNT.




$$
