000
CDUS43 KGRB 290653
CLIGRB


CLIMATE REPORT
NATIONAL WEATHER SERVICE GREEN BAY
1251 AM CST WED NOV 29 2017


...................................

...THE GREEN BAY WI CLIMATE SUMMARY FOR NOVEMBER 28 2017...

CLIMATE NORMAL PERIOD 1981 TO 2010
CLIMATE RECORD PERIOD 1886 TO 2017


WEATHER ITEM   OBSERVED TIME   RECORD YEAR NORMAL DEPARTURE LAST
                VALUE   (LST)  VALUE       VALUE  FROM      YEAR
                                                  NORMAL
..................................................................
TEMPERATURE (F)
 YESTERDAY
  MAXIMUM         58R   117 PM  58    2006  36     22       50
  MINIMUM         38   1159 PM -12    1887  21     17       44
  AVERAGE         48                        28     20       47

PRECIPITATION (IN)
  YESTERDAY        0.00          1.47 2016   0.06  -0.06     1.47
  MONTH TO DATE    1.14                      1.99  -0.85     2.18
  SINCE SEP 1      5.27                      7.47  -2.20     9.13
  SINCE JAN 1     30.66                     27.87   2.79    30.75

SNOWFALL (IN)
  YESTERDAY        0.0           5.3  1983   0.3   -0.3      0.0
  MONTH TO DATE    0.6                       3.5   -2.9      0.9
  SINCE SEP 1      0.6                       3.7   -3.1      0.9
  SINCE JUL 1      0.6                       3.7   -3.1      0.9
  SNOW DEPTH       0

DEGREE DAYS
 HEATING
  YESTERDAY       17                        37    -20       18
  MONTH TO DATE  820                       842    -22      555
  SINCE SEP 1   1316                      1605   -289      996
  SINCE JUL 1   1357                      1668   -311     1009

 COOLING
  YESTERDAY        0                         0      0        0
  MONTH TO DATE    0                         0      0        0
  SINCE SEP 1    100                        36     64       55
  SINCE JAN 1    477                       398     79      577
..................................................................


WIND (MPH)
  HIGHEST WIND SPEED    24   HIGHEST WIND DIRECTION     W (270)
  HIGHEST GUST SPEED    30   HIGHEST GUST DIRECTION     W (280)
  AVERAGE WIND SPEED    13.3


SKY COVER
  POSSIBLE SUNSHINE  MM
  AVERAGE SKY COVER 0.1


WEATHER CONDITIONS
 THE FOLLOWING WEATHER WAS RECORDED YESTERDAY.
  NO SIGNIFICANT WEATHER WAS OBSERVED.


RELATIVE HUMIDITY (PERCENT)
 HIGHEST    71           700 AM
 LOWEST     31           800 PM
 AVERAGE    51

..........................................................


THE GREEN BAY WI CLIMATE NORMALS FOR TODAY
                         NORMAL    RECORD    YEAR
 MAXIMUM TEMPERATURE (F)   35        63      1998
 MINIMUM TEMPERATURE (F)   21        -9      1976


SUNRISE AND SUNSET
NOVEMBER 29 2017......SUNRISE   707 AM CST   SUNSET   415 PM CST
NOVEMBER 30 2017......SUNRISE   708 AM CST   SUNSET   414 PM CST


-  INDICATES NEGATIVE NUMBERS.
R  INDICATES RECORD WAS SET OR TIED.
MM INDICATES DATA IS MISSING.
T  INDICATES TRACE AMOUNT.




$$
