000
CDUS43 KGRB 160631
CLIGRB


CLIMATE REPORT
NATIONAL WEATHER SERVICE GREEN BAY
131 AM CDT MON MAR 16 2015


...................................

...THE GREEN BAY WI CLIMATE SUMMARY FOR MARCH 15 2015...

CLIMATE NORMAL PERIOD 1981 TO 2010
CLIMATE RECORD PERIOD 1886 TO 2015


WEATHER ITEM   OBSERVED TIME   RECORD YEAR NORMAL DEPARTURE LAST
                VALUE   (LST)  VALUE       VALUE  FROM      YEAR
                                                  NORMAL
..................................................................
TEMPERATURE (F)
 YESTERDAY
  MAXIMUM         56    425 PM  66    1995  39     17       34
  MINIMUM         27    626 AM  -4    1906  22      5       11
  AVERAGE         42                        30     12       23

PRECIPITATION (IN)
  YESTERDAY        0.00          0.73 1943   0.05  -0.05      T
  MONTH TO DATE    0.16                      0.84  -0.68     0.15
  SINCE MAR 1      0.16                      0.84  -0.68     0.15
  SINCE JAN 1      1.13                      3.08  -1.95     2.94

SNOWFALL (IN)
  YESTERDAY        0.0           5.5  1936   0.2   -0.2       T
  MONTH TO DATE    1.4                       4.8   -3.4      2.9
  SINCE MAR 1      1.4                       4.8   -3.4      2.9
  SINCE JUL 1     29.9                      45.0  -15.1     65.2
  SNOW DEPTH       0

DEGREE DAYS
 HEATING
  YESTERDAY       23                        35    -12       42
  MONTH TO DATE  510                       563    -53      709
  SINCE MAR 1    510                       563    -53      709
  SINCE JUL 1   6548                      6403    145     7190

 COOLING
  YESTERDAY        0                         0      0        0
  MONTH TO DATE    0                         0      0        0
  SINCE MAR 1      0                         0      0        0
  SINCE JAN 1      0                         0      0        0
..................................................................


WIND (MPH)
  HIGHEST WIND SPEED    20   HIGHEST WIND DIRECTION     S (180)
  HIGHEST GUST SPEED    29   HIGHEST GUST DIRECTION     S (190)
  AVERAGE WIND SPEED     7.9


SKY COVER
  POSSIBLE SUNSHINE  MM
  AVERAGE SKY COVER 0.0


WEATHER CONDITIONS
 THE FOLLOWING WEATHER WAS RECORDED YESTERDAY.
  FOG


RELATIVE HUMIDITY (PERCENT)
 HIGHEST   100           300 AM
 LOWEST     50           900 PM
 AVERAGE    75

..........................................................


THE GREEN BAY WI CLIMATE NORMALS FOR TODAY
                         NORMAL    RECORD    YEAR
 MAXIMUM TEMPERATURE (F)   39        70      2012
                                             1927
 MINIMUM TEMPERATURE (F)   22       -12      1997


SUNRISE AND SUNSET
MARCH 16 2015.........SUNRISE   704 AM CDT   SUNSET   700 PM CDT
MARCH 17 2015.........SUNRISE   702 AM CDT   SUNSET   701 PM CDT


-  INDICATES NEGATIVE NUMBERS.
R  INDICATES RECORD WAS SET OR TIED.
MM INDICATES DATA IS MISSING.
T  INDICATES TRACE AMOUNT.




$$
