000
CDUS43 KGRB 310643
CLIGRB


CLIMATE REPORT
NATIONAL WEATHER SERVICE GREEN BAY
1243 AM CST SAT JAN 31 2015


...................................

...THE GREEN BAY WI CLIMATE SUMMARY FOR JANUARY 30 2015...

CLIMATE NORMAL PERIOD 1981 TO 2010
CLIMATE RECORD PERIOD 1886 TO 2015


WEATHER ITEM   OBSERVED TIME   RECORD YEAR NORMAL DEPARTURE LAST
                VALUE   (LST)  VALUE       VALUE  FROM      YEAR
                                                  NORMAL
..................................................................
TEMPERATURE (F)
 YESTERDAY
  MAXIMUM         21    508 PM  42    1989  25     -4       27
  MINIMUM         13    652 AM -31    1951   9      4        8
  AVERAGE         17                        17      0       18

PRECIPITATION (IN)
  YESTERDAY        T             0.64 2013   0.04  -0.04     0.22
  MONTH TO DATE    0.56                      1.10  -0.54     1.33
  SINCE DEC 1      2.24                      2.61  -0.37     3.22
  SINCE JAN 1      0.56                      1.10  -0.54     1.33

SNOWFALL (IN)
  YESTERDAY        T             8.2  2013   0.4   -0.4      2.6
  MONTH TO DATE    8.8                      12.6   -3.8     17.0
  SINCE DEC 1     12.3                      25.7  -13.4     43.4
  SINCE JUL 1     20.5                      29.9   -9.4     44.6
  SNOW DEPTH       2

DEGREE DAYS
 HEATING
  YESTERDAY       48                        48      0       47
  MONTH TO DATE 1419                      1454    -35     1672
  SINCE DEC 1   2627                      2804   -177     3216
  SINCE JUL 1   4464                      4544    -80     4827

 COOLING
  YESTERDAY        0                         0      0        0
  MONTH TO DATE    0                         0      0        0
  SINCE DEC 1      0                         0      0        0
  SINCE JAN 1      0                         0      0        0
..................................................................


WIND (MPH)
  HIGHEST WIND SPEED    15   HIGHEST WIND DIRECTION     N (360)
  HIGHEST GUST SPEED    19   HIGHEST GUST DIRECTION     N (360)
  AVERAGE WIND SPEED     5.3


SKY COVER
  POSSIBLE SUNSHINE  MM
  AVERAGE SKY COVER 0.7


WEATHER CONDITIONS
 THE FOLLOWING WEATHER WAS RECORDED YESTERDAY.
  LIGHT SNOW


RELATIVE HUMIDITY (PERCENT)
 HIGHEST    74           900 PM
 LOWEST     56           300 AM
 AVERAGE    65

..........................................................


THE GREEN BAY WI CLIMATE NORMALS FOR TODAY
                         NORMAL    RECORD    YEAR
 MAXIMUM TEMPERATURE (F)   25        49      1993
 MINIMUM TEMPERATURE (F)    9       -26      1899


SUNRISE AND SUNSET
JANUARY 31 2015.......SUNRISE   712 AM CST   SUNSET   500 PM CST
FEBRUARY  1 2015......SUNRISE   711 AM CST   SUNSET   501 PM CST


-  INDICATES NEGATIVE NUMBERS.
R  INDICATES RECORD WAS SET OR TIED.
MM INDICATES DATA IS MISSING.
T  INDICATES TRACE AMOUNT.




$$
