000
CDUS43 KGRB 020644
CLIGRB


CLIMATE REPORT
NATIONAL WEATHER SERVICE GREEN BAY
1242 AM CST FRI DEC 2 2016


...................................

...THE GREEN BAY WI CLIMATE SUMMARY FOR DECEMBER 1 2016...

CLIMATE NORMAL PERIOD 1981 TO 2010
CLIMATE RECORD PERIOD 1886 TO 2016


WEATHER ITEM   OBSERVED TIME   RECORD YEAR NORMAL DEPARTURE LAST
                VALUE   (LST)  VALUE       VALUE  FROM      YEAR
                                                  NORMAL
..................................................................
TEMPERATURE (F)
 YESTERDAY
  MAXIMUM         44    134 PM  62    1970  34     10       42
  MINIMUM         36   1159 PM -11    1893  20     16       32
  AVERAGE         40                        27     13       37

PRECIPITATION (IN)
  YESTERDAY        0.02          1.20 1921   0.06  -0.04     0.31
  MONTH TO DATE    0.02                      0.06  -0.04     0.31
  SINCE DEC 1      0.02                      0.06  -0.04     0.31
  SINCE JAN 1     30.88                     28.07   2.81    27.49

SNOWFALL (IN)
  YESTERDAY        0.0          11.1  1985   0.4   -0.4      0.0
  MONTH TO DATE    0.0                       0.4   -0.4      0.0
  SINCE DEC 1      0.0                       0.4   -0.4      0.0
  SINCE JUL 1      0.9                       4.6   -3.7      0.2
  SNOW DEPTH       0

DEGREE DAYS
 HEATING
  YESTERDAY       25                        38    -13       28
  MONTH TO DATE   25                        38    -13       28
  SINCE DEC 1     25                        38    -13       28
  SINCE JUL 1   1087                      1778   -691     1300

 COOLING
  YESTERDAY        0                         0      0        0
  MONTH TO DATE    0                         0      0        0
  SINCE DEC 1      0                         0      0        0
  SINCE JAN 1    577                       398    179      517
..................................................................


WIND (MPH)
  HIGHEST WIND SPEED    22   HIGHEST WIND DIRECTION     W (280)
  HIGHEST GUST SPEED    26   HIGHEST GUST DIRECTION     W (290)
  AVERAGE WIND SPEED    10.1


SKY COVER
  POSSIBLE SUNSHINE  MM
  AVERAGE SKY COVER 1.0


WEATHER CONDITIONS
 THE FOLLOWING WEATHER WAS RECORDED YESTERDAY.
  LIGHT RAIN
  FOG


RELATIVE HUMIDITY (PERCENT)
 HIGHEST   100           300 AM
 LOWEST     64          1000 PM
 AVERAGE    82

..........................................................


THE GREEN BAY WI CLIMATE NORMALS FOR TODAY
                         NORMAL    RECORD    YEAR
 MAXIMUM TEMPERATURE (F)   34        60      1982
 MINIMUM TEMPERATURE (F)   19       -14      1893


SUNRISE AND SUNSET
DECEMBER  2 2016......SUNRISE   710 AM CST   SUNSET   414 PM CST
DECEMBER  3 2016......SUNRISE   711 AM CST   SUNSET   413 PM CST


-  INDICATES NEGATIVE NUMBERS.
R  INDICATES RECORD WAS SET OR TIED.
MM INDICATES DATA IS MISSING.
T  INDICATES TRACE AMOUNT.




$$
