000
CDUS43 KGRB 242235
CLIGRB


CLIMATE REPORT
NATIONAL WEATHER SERVICE GREEN BAY
434 PM CST SAT FEB 24 2018


...................................

...THE GREEN BAY WI CLIMATE SUMMARY FOR FEBRUARY 24 2018...
VALID TODAY AS OF 0400 PM LOCAL TIME.

CLIMATE NORMAL PERIOD 1981 TO 2010
CLIMATE RECORD PERIOD 1886 TO 2018


WEATHER ITEM   OBSERVED TIME   RECORD YEAR NORMAL DEPARTURE LAST
                VALUE   (LST)  VALUE       VALUE  FROM      YEAR
                                                  NORMAL
..................................................................
TEMPERATURE (F)
 TODAY
  MAXIMUM         38   1246 PM  53    1930  31      7       34
  MINIMUM         27    544 AM -21    1889  15     12       23
  AVERAGE         33                        23     10       29

PRECIPITATION (IN)
  TODAY            0.00          0.60 1948   0.05  -0.05     0.40
  MONTH TO DATE    0.92                      0.91   0.01     0.63
  SINCE DEC 1      3.25                      3.55  -0.30     5.31
  SINCE JAN 1      1.96                      2.04  -0.08     3.06

SNOWFALL (IN)
  TODAY            0.0           3.9  2017   0.3   -0.3      3.9
  MONTH TO DATE    6.7                       8.5   -1.8      3.9
  SINCE DEC 1     23.8                      34.6  -10.8     41.6
  SINCE JUL 1     24.4                      38.8  -14.4     42.5
  SNOW DEPTH       0

DEGREE DAYS
 HEATING
  TODAY           32                        42    -10       36
  MONTH TO DATE 1111                      1087     24      840
  SINCE DEC 1   3928                      3936     -8     3371
  SINCE JUL 1   5344                      5676   -332     4433

 COOLING
  TODAY            0                         0      0        0
  MONTH TO DATE    0                         0      0        0
  SINCE DEC 1      0                         0      0        0
  SINCE JAN 1      0                         0      0        0
..................................................................


WIND (MPH)
  HIGHEST WIND SPEED    16   HIGHEST WIND DIRECTION     E (80)
  HIGHEST GUST SPEED    21   HIGHEST GUST DIRECTION     E (70)
  AVERAGE WIND SPEED     7.4


SKY COVER
  POSSIBLE SUNSHINE  MM
  AVERAGE SKY COVER 0.8


WEATHER CONDITIONS
 THE FOLLOWING WEATHER WAS RECORDED TODAY.
  NO SIGNIFICANT WEATHER WAS OBSERVED.


RELATIVE HUMIDITY (PERCENT)
 HIGHEST    78           600 AM
 LOWEST     63          1200 AM
 AVERAGE    71

..........................................................


THE GREEN BAY WI CLIMATE NORMALS FOR TOMORROW
                         NORMAL    RECORD    YEAR
 MAXIMUM TEMPERATURE (F)   31        49      2000
 MINIMUM TEMPERATURE (F)   15       -23      1928


SUNRISE AND SUNSET
FEBRUARY 24 2018......SUNRISE   638 AM CST   SUNSET   534 PM CST
FEBRUARY 25 2018......SUNRISE   637 AM CST   SUNSET   535 PM CST


-  INDICATES NEGATIVE NUMBERS.
R  INDICATES RECORD WAS SET OR TIED.
MM INDICATES DATA IS MISSING.
T  INDICATES TRACE AMOUNT.




$$
