000
CDUS43 KGRB 280653
CLIGRB


CLIMATE REPORT
NATIONAL WEATHER SERVICE GREEN BAY
153 AM CDT SUN AUG 28 2016


...................................

...THE GREEN BAY WI CLIMATE SUMMARY FOR AUGUST 27 2016...

CLIMATE NORMAL PERIOD 1981 TO 2010
CLIMATE RECORD PERIOD 1886 TO 2016


WEATHER ITEM   OBSERVED TIME   RECORD YEAR NORMAL DEPARTURE LAST
                VALUE   (LST)  VALUE       VALUE  FROM      YEAR
                                                  NORMAL
..................................................................
TEMPERATURE (F)
 YESTERDAY
  MAXIMUM         66    309 PM  98    1976  76    -10       75
  MINIMUM         61    424 AM  39    1968  55      6       47
  AVERAGE         64                        66     -2       61

PRECIPITATION (IN)
  YESTERDAY        0.16          1.81 1979   0.10   0.06     0.00
  MONTH TO DATE    2.78                      2.96  -0.18     4.03
  SINCE JUN 1     10.44                     10.34   0.10     9.07
  SINCE JAN 1     21.62                     19.99   1.63    16.01

SNOWFALL (IN)
  YESTERDAY        0.0           0.0    MM   0.0    0.0      0.0
  MONTH TO DATE    0.0                       0.0    0.0      0.0
  SINCE JUN 1      0.0                       0.0    0.0      0.0
  SINCE JUL 1      0.0                       0.0    0.0      0.0
  SNOW DEPTH       0

DEGREE DAYS
 HEATING
  YESTERDAY        1                         2     -1        4
  MONTH TO DATE    7                        31    -24       29
  SINCE JUN 1     38                       146   -108      101
  SINCE JUL 1     13                        54    -41       48

 COOLING
  YESTERDAY        0                         3     -3        0
  MONTH TO DATE  166                        99     67      126
  SINCE JUN 1    464                       332    132      369
  SINCE JAN 1    497                       350    147      397
..................................................................


WIND (MPH)
  HIGHEST WIND SPEED    12   HIGHEST WIND DIRECTION     E (110)
  HIGHEST GUST SPEED    14   HIGHEST GUST DIRECTION     E (110)
  AVERAGE WIND SPEED     4.1


SKY COVER
  POSSIBLE SUNSHINE  MM
  AVERAGE SKY COVER 1.0


WEATHER CONDITIONS
 THE FOLLOWING WEATHER WAS RECORDED YESTERDAY.
  RAIN
  LIGHT RAIN
  FOG


RELATIVE HUMIDITY (PERCENT)
 HIGHEST   100          1200 AM
 LOWEST     93          1200 PM
 AVERAGE    97

..........................................................


THE GREEN BAY WI CLIMATE NORMALS FOR TODAY
                         NORMAL    RECORD    YEAR
 MAXIMUM TEMPERATURE (F)   76        93      1991
                                             1973
                                             1953
 MINIMUM TEMPERATURE (F)   55        39      1986
                                             1968


SUNRISE AND SUNSET
AUGUST 28 2016........SUNRISE   611 AM CDT   SUNSET   735 PM CDT
AUGUST 29 2016........SUNRISE   612 AM CDT   SUNSET   733 PM CDT


-  INDICATES NEGATIVE NUMBERS.
R  INDICATES RECORD WAS SET OR TIED.
MM INDICATES DATA IS MISSING.
T  INDICATES TRACE AMOUNT.




$$
