000
CDUS43 KGRB 222129
CLIGRB


CLIMATE REPORT
NATIONAL WEATHER SERVICE GREEN BAY
429 PM CDT FRI APR 22 2016


...................................

...THE GREEN BAY WI CLIMATE SUMMARY FOR APRIL 22 2016...
VALID TODAY AS OF 0400 PM LOCAL TIME.

CLIMATE NORMAL PERIOD 1981 TO 2010
CLIMATE RECORD PERIOD 1886 TO 2016


WEATHER ITEM   OBSERVED TIME   RECORD YEAR NORMAL DEPARTURE LAST
                VALUE   (LST)  VALUE       VALUE  FROM      YEAR
                                                  NORMAL
..................................................................
TEMPERATURE (F)
 TODAY
  MAXIMUM         53    259 PM  89    1980  57     -4       41
  MINIMUM         41    727 AM  24    1986  36      5       32
                                      1956
  AVERAGE         47                        47      0       37

PRECIPITATION (IN)
  TODAY            0.00          1.20 1921   0.09  -0.09      T
  MONTH TO DATE    1.10                      1.91  -0.81     1.63
  SINCE MAR 1      5.15                      3.76   1.39     2.53
  SINCE JAN 1      7.63                      6.00   1.63     3.50

SNOWFALL (IN)
  TODAY            0.0           2.9  1963   0.1   -0.1       T
  MONTH TO DATE    4.4                       2.6    1.8       T
  SINCE MAR 1     16.2                      10.7    5.5      4.2
  SINCE JUL 1     50.0                      50.9   -0.9     32.7
  SNOW DEPTH       0

DEGREE DAYS
 HEATING
  TODAY           18                        19     -1       28
  MONTH TO DATE  509                       503      6      421
  SINCE MAR 1   1374                      1563   -189     1389
  SINCE JUL 1   6185                      7403  -1218     7427

 COOLING
  TODAY            0                         0      0        0
  MONTH TO DATE    0                         0      0        0
  SINCE MAR 1      0                         0      0        0
  SINCE JAN 1      0                         0      0        0
..................................................................


WIND (MPH)
  HIGHEST WIND SPEED    18   HIGHEST WIND DIRECTION     N (360)
  HIGHEST GUST SPEED    23   HIGHEST GUST DIRECTION     N (20)
  AVERAGE WIND SPEED    12.0


SKY COVER
  POSSIBLE SUNSHINE  MM
  AVERAGE SKY COVER 0.7


WEATHER CONDITIONS
 THE FOLLOWING WEATHER WAS RECORDED TODAY.
  NO SIGNIFICANT WEATHER WAS OBSERVED.


RELATIVE HUMIDITY (PERCENT)
 HIGHEST    89           200 AM
 LOWEST     59           200 PM
 AVERAGE    74

..........................................................


THE GREEN BAY WI CLIMATE NORMALS FOR TOMORROW
                         NORMAL    RECORD    YEAR
 MAXIMUM TEMPERATURE (F)   58        82      1925
 MINIMUM TEMPERATURE (F)   37        18      1956


SUNRISE AND SUNSET
APRIL 22 2016.........SUNRISE   556 AM CDT   SUNSET   747 PM CDT
APRIL 23 2016.........SUNRISE   555 AM CDT   SUNSET   748 PM CDT


-  INDICATES NEGATIVE NUMBERS.
R  INDICATES RECORD WAS SET OR TIED.
MM INDICATES DATA IS MISSING.
T  INDICATES TRACE AMOUNT.




$$
