000
CDUS43 KGRB 100627
CLIGRB


CLIMATE REPORT
NATIONAL WEATHER SERVICE GREEN BAY
127 AM CDT WED MAY 10 2017


...................................

...THE GREEN BAY WI CLIMATE SUMMARY FOR MAY 9 2017...

CLIMATE NORMAL PERIOD 1981 TO 2010
CLIMATE RECORD PERIOD 1886 TO 2017


WEATHER ITEM   OBSERVED TIME   RECORD YEAR NORMAL DEPARTURE LAST
                VALUE   (LST)  VALUE       VALUE  FROM      YEAR
                                                  NORMAL
..................................................................
TEMPERATURE (F)
 YESTERDAY
  MAXIMUM         57    451 PM  92    1934  64     -7       65
  MINIMUM         34    206 AM  21    1966  42     -8       42
  AVERAGE         46                        53     -7       54

PRECIPITATION (IN)
  YESTERDAY        T             1.60 1918   0.08  -0.08     0.00
  MONTH TO DATE    0.66                      0.75  -0.09     0.29
  SINCE MAR 1      7.44                      5.23   2.21     5.63
  SINCE JAN 1     10.69                      7.47   3.22     8.11

SNOWFALL (IN)
  YESTERDAY        0.0           0.6  1960   0.0    0.0      0.0
  MONTH TO DATE    0.0                       0.1   -0.1      0.0
  SINCE MAR 1      9.0                      11.1   -2.1     16.2
  SINCE JUL 1     53.2                      51.3    1.9     50.0
  SNOW DEPTH       0

DEGREE DAYS
 HEATING
  YESTERDAY       19                        12      7       11
  MONTH TO DATE  151                       123     28      103
  SINCE MAR 1   1662                      1820   -158     1640
  SINCE JUL 1   6235                      7660  -1425     6451

 COOLING
  YESTERDAY        0                         0      0        0
  MONTH TO DATE    0                         0      0        1
  SINCE MAR 1      0                         2     -2        1
  SINCE JAN 1      0                         2     -2        1
..................................................................


WIND (MPH)
  HIGHEST WIND SPEED    12   HIGHEST WIND DIRECTION    SE (150)
  HIGHEST GUST SPEED    14   HIGHEST GUST DIRECTION     S (160)
  AVERAGE WIND SPEED     4.7


SKY COVER
  POSSIBLE SUNSHINE  MM
  AVERAGE SKY COVER 0.5


WEATHER CONDITIONS
 THE FOLLOWING WEATHER WAS RECORDED YESTERDAY.
  LIGHT RAIN


RELATIVE HUMIDITY (PERCENT)
 HIGHEST    76          1200 AM
 LOWEST     38           900 AM
 AVERAGE    57

..........................................................


THE GREEN BAY WI CLIMATE NORMALS FOR TODAY
                         NORMAL    RECORD    YEAR
 MAXIMUM TEMPERATURE (F)   64        86      1896
 MINIMUM TEMPERATURE (F)   42        24      1966


SUNRISE AND SUNSET
MAY 10 2017...........SUNRISE   531 AM CDT   SUNSET   808 PM CDT
MAY 11 2017...........SUNRISE   529 AM CDT   SUNSET   809 PM CDT


-  INDICATES NEGATIVE NUMBERS.
R  INDICATES RECORD WAS SET OR TIED.
MM INDICATES DATA IS MISSING.
T  INDICATES TRACE AMOUNT.




$$
