000
CDUS43 KGRB 260649
CLIGRB


CLIMATE REPORT
NATIONAL WEATHER SERVICE GREEN BAY
1245 AM CST TUE DEC 26 2017


...................................

...THE GREEN BAY WI CLIMATE SUMMARY FOR DECEMBER 25 2017...

CLIMATE NORMAL PERIOD 1981 TO 2010
CLIMATE RECORD PERIOD 1886 TO 2017


WEATHER ITEM   OBSERVED TIME   RECORD YEAR NORMAL DEPARTURE LAST
                VALUE   (LST)  VALUE       VALUE  FROM      YEAR
                                                  NORMAL
..................................................................
TEMPERATURE (F)
 YESTERDAY
  MAXIMUM         14   1242 AM  50    1936  26    -12       37
  MINIMUM         -8   1159 PM -22    2000  12    -20       31
  AVERAGE          3                        19    -16       34

PRECIPITATION (IN)
  YESTERDAY        T             0.62 1973   0.05  -0.05     0.35
  MONTH TO DATE    1.23                      1.27  -0.04     1.90
  SINCE DEC 1      1.23                      1.27  -0.04     1.90
  SINCE JAN 1     31.89                     29.28   2.61    32.76

SNOWFALL (IN)
  YESTERDAY        T             5.4  1945   0.4   -0.4      0.6
  MONTH TO DATE   11.1                      10.6    0.5     22.9
  SINCE DEC 1     11.1                      10.6    0.5     22.9
  SINCE JUL 1     11.7                      14.8   -3.1     23.8
  SNOW DEPTH       5

DEGREE DAYS
 HEATING
  YESTERDAY       62                        46     16       31
  MONTH TO DATE 1022                      1068    -46     1030
  SINCE DEC 1   1022                      1068    -46     1030
  SINCE JUL 1   2438                      2808   -370     2092

 COOLING
  YESTERDAY        0                         0      0        0
  MONTH TO DATE    0                         0      0        0
  SINCE DEC 1      0                         0      0        0
  SINCE JAN 1    477                       398     79      577
..................................................................


WIND (MPH)
  HIGHEST WIND SPEED    26   HIGHEST WIND DIRECTION     W (270)
  HIGHEST GUST SPEED    33   HIGHEST GUST DIRECTION     W (280)
  AVERAGE WIND SPEED    13.4


SKY COVER
  POSSIBLE SUNSHINE  MM
  AVERAGE SKY COVER 0.3


WEATHER CONDITIONS
 THE FOLLOWING WEATHER WAS RECORDED YESTERDAY.
  LIGHT SNOW
  HAZE


RELATIVE HUMIDITY (PERCENT)
 HIGHEST    83           200 AM
 LOWEST     49           100 PM
 AVERAGE    66

..........................................................


THE GREEN BAY WI CLIMATE NORMALS FOR TODAY
                         NORMAL    RECORD    YEAR
 MAXIMUM TEMPERATURE (F)   26        51      1936
 MINIMUM TEMPERATURE (F)   11       -19      1996
                                             1962


SUNRISE AND SUNSET
DECEMBER 26 2017......SUNRISE   728 AM CST   SUNSET   419 PM CST
DECEMBER 27 2017......SUNRISE   728 AM CST   SUNSET   419 PM CST


-  INDICATES NEGATIVE NUMBERS.
R  INDICATES RECORD WAS SET OR TIED.
MM INDICATES DATA IS MISSING.
T  INDICATES TRACE AMOUNT.




$$
