000
CDUS43 KGRB 152139
CLIGRB


CLIMATE REPORT
NATIONAL WEATHER SERVICE GREEN BAY
438 PM CDT SAT AUG 15 2015


...................................

...THE GREEN BAY WI CLIMATE SUMMARY FOR AUGUST 15 2015...
VALID TODAY AS OF 0400 PM LOCAL TIME.

CLIMATE NORMAL PERIOD 1981 TO 2010
CLIMATE RECORD PERIOD 1886 TO 2015


WEATHER ITEM   OBSERVED TIME   RECORD YEAR NORMAL DEPARTURE LAST
                VALUE   (LST)  VALUE       VALUE  FROM      YEAR
                                                  NORMAL
..................................................................
TEMPERATURE (F)
 TODAY
  MAXIMUM         88    235 PM  93    1937  78     10       78
  MINIMUM         61    524 AM  41    1992  57      4       47
  AVERAGE         75                        68      7       63

PRECIPITATION (IN)
  TODAY            0.00          1.68 1997   0.12  -0.12     0.00
  MONTH TO DATE    2.06                      1.71   0.35     1.66
  SINCE JUN 1      7.10                      9.09  -1.99     6.92
  SINCE JAN 1     14.04                     18.74  -4.70    17.58

SNOWFALL (IN)
  TODAY            0.0           0.0    MM   0.0    0.0      0.0
  MONTH TO DATE    0.0                       0.0    0.0      0.0
  SINCE JUN 1      0.0                       0.0    0.0      0.0
  SINCE JUL 1      0.0                       0.0    0.0      0.0
  SNOW DEPTH       0

DEGREE DAYS
 HEATING
  TODAY            0                         1     -1        2
  MONTH TO DATE    0                        15    -15        8
  SINCE JUN 1     72                       130    -58       54
  SINCE JUL 1     19                        38    -19       23

 COOLING
  TODAY           10                         4      6        0
  MONTH TO DATE   83                        61     22       50
  SINCE JUN 1    326                       294     32      255
  SINCE JAN 1    354                       312     42      271
..................................................................


WIND (MPH)
  HIGHEST WIND SPEED     9   HIGHEST WIND DIRECTION    NE (50)
  HIGHEST GUST SPEED    12   HIGHEST GUST DIRECTION    NE (40)
  AVERAGE WIND SPEED     1.8


SKY COVER
  POSSIBLE SUNSHINE  MM
  AVERAGE SKY COVER 0.1


WEATHER CONDITIONS
 THE FOLLOWING WEATHER WAS RECORDED TODAY.
  FOG
  HAZE


RELATIVE HUMIDITY (PERCENT)
 HIGHEST   100           500 AM
 LOWEST     55           300 PM
 AVERAGE    78

..........................................................


THE GREEN BAY WI CLIMATE NORMALS FOR TOMORROW
                         NORMAL    RECORD    YEAR
 MAXIMUM TEMPERATURE (F)   78        99      1988
 MINIMUM TEMPERATURE (F)   57        44      1992


SUNRISE AND SUNSET
AUGUST 15 2015........SUNRISE   555 AM CDT   SUNSET   758 PM CDT
AUGUST 16 2015........SUNRISE   556 AM CDT   SUNSET   757 PM CDT


-  INDICATES NEGATIVE NUMBERS.
R  INDICATES RECORD WAS SET OR TIED.
MM INDICATES DATA IS MISSING.
T  INDICATES TRACE AMOUNT.




$$
