689
CDUS43 KGRB 290638
CLIGRB


CLIMATE REPORT
NATIONAL WEATHER SERVICE GREEN BAY
1237 AM CST FRI JAN 29 2016


...................................

...THE GREEN BAY WI CLIMATE SUMMARY FOR JANUARY 28 2016...

CLIMATE NORMAL PERIOD 1981 TO 2010
CLIMATE RECORD PERIOD 1886 TO 2016


WEATHER ITEM   OBSERVED TIME   RECORD YEAR NORMAL DEPARTURE LAST
                VALUE   (LST)  VALUE       VALUE  FROM      YEAR
                                                  NORMAL
..................................................................
TEMPERATURE (F)
 YESTERDAY
  MAXIMUM         37    644 AM  46    1914  25     12       32
  MINIMUM         14   1159 PM -21    1966   9      5       15
                                      1915
  AVERAGE         26                        17      9       24

PRECIPITATION (IN)
  YESTERDAY        T             0.54 2006   0.03  -0.03     0.00
  MONTH TO DATE    1.25                      1.03   0.22     0.56
  SINCE DEC 1      6.96                      2.54   4.42     2.24
  SINCE JAN 1      1.25                      1.03   0.22     0.56

SNOWFALL (IN)
  YESTERDAY        T             5.4  1994   0.5   -0.5      0.0
  MONTH TO DATE    7.7                      11.8   -4.1      8.8
  SINCE DEC 1     21.4                      24.9   -3.5     12.3
  SINCE JUL 1     21.6                      29.1   -7.5     20.5
  SNOW DEPTH       8

DEGREE DAYS
 HEATING
  YESTERDAY       39                        48     -9       41
  MONTH TO DATE 1297                      1358    -61     1334
  SINCE DEC 1   2235                      2708   -473     2542
  SINCE JUL 1   3507                      4448   -941     4379

 COOLING
  YESTERDAY        0                         0      0        0
  MONTH TO DATE    0                         0      0        0
  SINCE DEC 1      0                         0      0        0
  SINCE JAN 1      0                         0      0        0
..................................................................


WIND (MPH)
  HIGHEST WIND SPEED    23   HIGHEST WIND DIRECTION    NW (310)
  HIGHEST GUST SPEED    28   HIGHEST GUST DIRECTION    NW (300)
  AVERAGE WIND SPEED    13.9


SKY COVER
  POSSIBLE SUNSHINE  MM
  AVERAGE SKY COVER 0.9


WEATHER CONDITIONS
 THE FOLLOWING WEATHER WAS RECORDED YESTERDAY.
  LIGHT RAIN
  LIGHT SNOW
  HAZE


RELATIVE HUMIDITY (PERCENT)
 HIGHEST    82           300 AM
 LOWEST     57           700 PM
 AVERAGE    70

..........................................................


THE GREEN BAY WI CLIMATE NORMALS FOR TODAY
                         NORMAL    RECORD    YEAR
 MAXIMUM TEMPERATURE (F)   25        50      1914
 MINIMUM TEMPERATURE (F)    9       -26      1899


SUNRISE AND SUNSET
JANUARY 29 2016.......SUNRISE   715 AM CST   SUNSET   457 PM CST
JANUARY 30 2016.......SUNRISE   714 AM CST   SUNSET   458 PM CST


-  INDICATES NEGATIVE NUMBERS.
R  INDICATES RECORD WAS SET OR TIED.
MM INDICATES DATA IS MISSING.
T  INDICATES TRACE AMOUNT.




$$
