654
CDUS43 KGRB 042329
CLIGRB


CLIMATE REPORT
NATIONAL WEATHER SERVICE GREEN BAY
528 PM CST WED JAN 4 2017


...................................

...THE GREEN BAY WI CLIMATE SUMMARY FOR JANUARY 4 2017...
VALID TODAY AS OF 0500 PM LOCAL TIME.

CLIMATE NORMAL PERIOD 1981 TO 2010
CLIMATE RECORD PERIOD 1886 TO 2017


WEATHER ITEM   OBSERVED TIME   RECORD YEAR NORMAL DEPARTURE LAST
                VALUE   (LST)  VALUE       VALUE  FROM      YEAR
                                                  NORMAL
..................................................................
TEMPERATURE (F)
 TODAY
  MAXIMUM         13   1213 AM  46    2007  25    -12       26
  MINIMUM          4    803 AM -18    1919  10     -6        3
                                      1912
                                      1911
  AVERAGE          9                        17     -8       15

PRECIPITATION (IN)
  TODAY            0.00          0.97 1929   0.04  -0.04      T
  MONTH TO DATE    0.04                      0.16  -0.12      T
  SINCE DEC 1      2.29                      1.67   0.62     5.71
  SINCE JAN 1      0.04                      0.16  -0.12      T

SNOWFALL (IN)
  TODAY           MM             8.8  1982   0.4   MM         T
  MONTH TO DATE    T                         1.6   -1.6       T
  SINCE DEC 1     23.1                      14.7    8.4     13.7
  SINCE JUL 1     24.0                      18.9    5.1     13.9
  SNOW DEPTH       0

DEGREE DAYS
 HEATING
  TODAY           56                        48      8       50
  MONTH TO DATE  165                       192    -27      175
  SINCE DEC 1   1416                      1542   -126     1113
  SINCE JUL 1   2478                      3282   -804     2385

 COOLING
  TODAY            0                         0      0        0
  MONTH TO DATE    0                         0      0        0
  SINCE DEC 1      0                         0      0        0
  SINCE JAN 1      0                         0      0        0
..................................................................


WIND (MPH)
  HIGHEST WIND SPEED    29   HIGHEST WIND DIRECTION     W (290)
  HIGHEST GUST SPEED    37   HIGHEST GUST DIRECTION     W (290)
  AVERAGE WIND SPEED    19.7


SKY COVER
  POSSIBLE SUNSHINE  MM
  AVERAGE SKY COVER 0.2


WEATHER CONDITIONS
 THE FOLLOWING WEATHER WAS RECORDED TODAY.
  NO SIGNIFICANT WEATHER WAS OBSERVED.


RELATIVE HUMIDITY (PERCENT)
 HIGHEST    76           500 AM
 LOWEST     66           100 AM
 AVERAGE    71

..........................................................


THE GREEN BAY WI CLIMATE NORMALS FOR TOMORROW
                         NORMAL    RECORD    YEAR
 MAXIMUM TEMPERATURE (F)   24        47      2007
 MINIMUM TEMPERATURE (F)   10       -22      1979
                                             1924
                                             1912


SUNRISE AND SUNSET
JANUARY  4 2017.......SUNRISE   729 AM CST   SUNSET   427 PM CST
JANUARY  5 2017.......SUNRISE   729 AM CST   SUNSET   428 PM CST


-  INDICATES NEGATIVE NUMBERS.
R  INDICATES RECORD WAS SET OR TIED.
MM INDICATES DATA IS MISSING.
T  INDICATES TRACE AMOUNT.




$$
