000
CDUS43 KGRB 300647
CLIGRB

CLIMATE REPORT
NATIONAL WEATHER SERVICE GREEN BAY
146 AM CDT TUE MAY 30 2017

...................................

...THE GREEN BAY WI CLIMATE SUMMARY FOR MAY 29 2017...

CLIMATE NORMAL PERIOD 1981 TO 2010
CLIMATE RECORD PERIOD 1886 TO 2017


WEATHER ITEM   OBSERVED TIME   RECORD YEAR NORMAL DEPARTURE LAST
                VALUE   (LST)  VALUE       VALUE  FROM      YEAR
                                                  NORMAL
..................................................................
TEMPERATURE (F)
 YESTERDAY
  MAXIMUM         68    154 PM  91    1895  70     -2       75
  MINIMUM         54    142 AM  32    1965  48      6       63
  AVERAGE         61                        59      2       69

PRECIPITATION (IN)
  YESTERDAY        0.05          2.60 1942   0.11  -0.06     0.09
  MONTH TO DATE    2.97                      2.69   0.28     3.35
  SINCE MAR 1      9.75                      7.17   2.58     8.69
  SINCE JAN 1     13.00                      9.41   3.59    11.17

SNOWFALL (IN)
  YESTERDAY        0.0           T    1947   0.0    0.0      0.0
  MONTH TO DATE    0.0                       0.2   -0.2       T
  SINCE MAR 1      9.0                      11.2   -2.2     16.2
  SINCE JUL 1     53.2                      51.4    1.8     50.0
  SNOW DEPTH       0

DEGREE DAYS
 HEATING
  YESTERDAY        4                         7     -3        0
  MONTH TO DATE  292                       313    -21      247
  SINCE MAR 1   1803                      2010   -207     1784
  SINCE JUL 1   6376                      7850  -1474     6595

COOLING
  YESTERDAY        0                         1     -1        4
  MONTH TO DATE    8                        12     -4       28
  SINCE MAR 1      8                        14     -6       28
  SINCE JAN 1      8                        14     -6       28
..................................................................

WIND (MPH)
  HIGHEST WIND SPEED    30   HIGHEST WIND DIRECTION     W (290)
  HIGHEST GUST SPEED    35   HIGHEST GUST DIRECTION     W (290)
  AVERAGE WIND SPEED    11.9

SKY COVER
  POSSIBLE SUNSHINE  MM
  AVERAGE SKY COVER 0.3

WEATHER CONDITIONS
 THE FOLLOWING WEATHER WAS RECORDED YESTERDAY.
  THUNDERSTORM
  RAIN
  LIGHT RAIN
  FOG
  HAZE

RELATIVE HUMIDITY (PERCENT)
 HIGHEST    83          1200 AM
 LOWEST     58           100 PM
 AVERAGE    71
..........................................................

THE GREEN BAY WI CLIMATE NORMALS FOR TODAY
                         NORMAL    RECORD    YEAR
 MAXIMUM TEMPERATURE (F)   70        92      1939
 MINIMUM TEMPERATURE (F)   49        33      1894

SUNRISE AND SUNSET
MAY 30 2017...........SUNRISE   512 AM CDT   SUNSET   829 PM CDT
MAY 31 2017...........SUNRISE   511 AM CDT   SUNSET   830 PM CDT

-  INDICATES NEGATIVE NUMBERS.
R  INDICATES RECORD WAS SET OR TIED.
MM INDICATES DATA IS MISSING.
T  INDICATES TRACE AMOUNT.

$$
