942
CDUS43 KGRB 270716
CLIGRB


CLIMATE REPORT
NATIONAL WEATHER SERVICE GREEN BAY
116 AM CST SUN NOV 27 2016


...................................

...THE GREEN BAY WI CLIMATE SUMMARY FOR NOVEMBER 26 2016...

CLIMATE NORMAL PERIOD 1981 TO 2010
CLIMATE RECORD PERIOD 1886 TO 2016


WEATHER ITEM   OBSERVED TIME   RECORD YEAR NORMAL DEPARTURE LAST
                VALUE   (LST)  VALUE       VALUE  FROM      YEAR
                                                  NORMAL
..................................................................
TEMPERATURE (F)
 YESTERDAY
  MAXIMUM         43    330 PM  61    1984  37      6       50
                                      1914
                                      1896
  MINIMUM         33   1159 PM  -4    1977  22     11       33
  AVERAGE         38                        29      9       42

PRECIPITATION (IN)
  YESTERDAY        0.00          1.03 1971   0.07  -0.07     0.99
  MONTH TO DATE    0.58                      1.86  -1.28     2.30
  SINCE SEP 1      7.53                      7.34   0.19    10.79
  SINCE JAN 1     29.15                     27.74   1.41    26.99

SNOWFALL (IN)
  YESTERDAY        0.0           6.5  1971   0.2   -0.2      0.0
  MONTH TO DATE    0.9                       3.0   -2.1       T
  SINCE SEP 1      0.9                       3.2   -2.3       T
  SINCE JUL 1      0.9                       3.2   -2.3       T
  SNOW DEPTH       0

DEGREE DAYS
 HEATING
  YESTERDAY       27                        36     -9       23
  MONTH TO DATE  510                       769   -259      553
  SINCE SEP 1    951                      1532   -581     1078
  SINCE JUL 1    964                      1595   -631     1128

 COOLING
  YESTERDAY        0                         0      0        0
  MONTH TO DATE    0                         0      0        0
  SINCE SEP 1     55                        36     19      115
  SINCE JAN 1    577                       398    179      517
..................................................................


WIND (MPH)
  HIGHEST WIND SPEED    13   HIGHEST WIND DIRECTION     W (280)
  HIGHEST GUST SPEED    17   HIGHEST GUST DIRECTION    SW (210)
  AVERAGE WIND SPEED     5.4


SKY COVER
  POSSIBLE SUNSHINE  MM
  AVERAGE SKY COVER 0.6


WEATHER CONDITIONS
 THE FOLLOWING WEATHER WAS RECORDED YESTERDAY.
  FOG


RELATIVE HUMIDITY (PERCENT)
 HIGHEST   100           800 PM
 LOWEST     73          1100 AM
 AVERAGE    87

..........................................................


THE GREEN BAY WI CLIMATE NORMALS FOR TODAY
                         NORMAL    RECORD    YEAR
 MAXIMUM TEMPERATURE (F)   36        63      1990
 MINIMUM TEMPERATURE (F)   22        -3      1955


SUNRISE AND SUNSET
NOVEMBER 27 2016......SUNRISE   705 AM CST   SUNSET   416 PM CST
NOVEMBER 28 2016......SUNRISE   706 AM CST   SUNSET   415 PM CST


-  INDICATES NEGATIVE NUMBERS.
R  INDICATES RECORD WAS SET OR TIED.
MM INDICATES DATA IS MISSING.
T  INDICATES TRACE AMOUNT.




$$
