509
CDUS43 KGRB 190653
CLIGRB


CLIMATE REPORT
NATIONAL WEATHER SERVICE GREEN BAY
1253 AM CST SUN NOV 19 2017


...................................

...THE GREEN BAY WI CLIMATE SUMMARY FOR NOVEMBER 18 2017...

CLIMATE NORMAL PERIOD 1981 TO 2010
CLIMATE RECORD PERIOD 1886 TO 2017


WEATHER ITEM   OBSERVED TIME   RECORD YEAR NORMAL DEPARTURE LAST
                VALUE   (LST)  VALUE       VALUE  FROM      YEAR
                                                  NORMAL
..................................................................
TEMPERATURE (F)
 YESTERDAY
  MAXIMUM         39    229 PM  68    2016  41     -2       68
                                      1953
  MINIMUM         32   1159 PM   4    1891  26      6       38
  AVERAGE         36                        33      3       53

PRECIPITATION (IN)
  YESTERDAY        T             1.20 1957   0.07  -0.07     0.00
  MONTH TO DATE    1.07                      1.30  -0.23     0.10
  SINCE SEP 1      5.20                      6.78  -1.58     7.05
  SINCE JAN 1     30.59                     27.18   3.41    28.67

SNOWFALL (IN)
  YESTERDAY        T             5.3  1926   0.1   -0.1      0.0
  MONTH TO DATE    0.6                       1.4   -0.8      0.0
  SINCE SEP 1      0.6                       1.6   -1.0      0.0
  SINCE JUL 1      0.6                       1.6   -1.0      0.0
  SNOW DEPTH       0

DEGREE DAYS
 HEATING
  YESTERDAY       29                        32     -3       12
  MONTH TO DATE  541                       497     44      265
  SINCE SEP 1   1037                      1260   -223      706
  SINCE JUL 1   1078                      1323   -245      719

 COOLING
  YESTERDAY        0                         0      0        0
  MONTH TO DATE    0                         0      0        0
  SINCE SEP 1    100                        36     64       55
  SINCE JAN 1    477                       398     79      577
..................................................................


WIND (MPH)
  HIGHEST WIND SPEED    22   HIGHEST WIND DIRECTION     N (340)
  HIGHEST GUST SPEED    29   HIGHEST GUST DIRECTION    NW (320)
  AVERAGE WIND SPEED    11.9


SKY COVER
  POSSIBLE SUNSHINE  MM
  AVERAGE SKY COVER 1.0


WEATHER CONDITIONS
 THE FOLLOWING WEATHER WAS RECORDED YESTERDAY.
  LIGHT SNOW
  FOG


RELATIVE HUMIDITY (PERCENT)
 HIGHEST   100          1200 AM
 LOWEST     70           600 PM
 AVERAGE    85

..........................................................


THE GREEN BAY WI CLIMATE NORMALS FOR TODAY
                         NORMAL    RECORD    YEAR
 MAXIMUM TEMPERATURE (F)   40        72      1953
 MINIMUM TEMPERATURE (F)   26         1      1894


SUNRISE AND SUNSET
NOVEMBER 19 2017......SUNRISE   654 AM CST   SUNSET   421 PM CST
NOVEMBER 20 2017......SUNRISE   656 AM CST   SUNSET   420 PM CST


-  INDICATES NEGATIVE NUMBERS.
R  INDICATES RECORD WAS SET OR TIED.
MM INDICATES DATA IS MISSING.
T  INDICATES TRACE AMOUNT.




$$
