000
CDUS43 KGRB 280721
CLIGRB


CLIMATE REPORT
NATIONAL WEATHER SERVICE GREEN BAY
219 AM CDT THU MAY 28 2015


...................................

...THE GREEN BAY WI CLIMATE SUMMARY FOR MAY 27 2015...

CLIMATE NORMAL PERIOD 1981 TO 2010
CLIMATE RECORD PERIOD 1886 TO 2015


WEATHER ITEM   OBSERVED TIME   RECORD YEAR NORMAL DEPARTURE LAST
                VALUE   (LST)  VALUE       VALUE  FROM      YEAR
                                                  NORMAL
..................................................................
TEMPERATURE (F)
 YESTERDAY
  MAXIMUM         76    556 PM  89    1978  69      7       73
  MINIMUM         57   1138 PM  31    1961  48      9       60
  AVERAGE         67                        59      8       67

PRECIPITATION (IN)
  YESTERDAY        0.04          2.22 1973   0.11  -0.07     0.01
  MONTH TO DATE    2.75                      2.47   0.28     2.95
  SINCE MAR 1      5.28                      6.95  -1.67     7.87
  SINCE JAN 1      6.25                      9.19  -2.94    10.66

SNOWFALL (IN)
  YESTERDAY        0.0           T    1907   0.0    0.0      0.0
                                      1906
  MONTH TO DATE    0.0                       0.2   -0.2      0.0
  SINCE MAR 1      4.2                      11.2   -7.0      9.8
  SINCE JUL 1     32.7                      51.4  -18.7     72.1
  SNOW DEPTH       0

DEGREE DAYS
 HEATING
  YESTERDAY        0                         7     -7        0
  MONTH TO DATE  184                       299   -115      262
  SINCE MAR 1   1716                      1996   -280     2252
  SINCE JUL 1   7754                      7836    -82     8733

 COOLING
  YESTERDAY        2                         1      1        2
  MONTH TO DATE   17                        10      7        9
  SINCE MAR 1     17                        12      5        9
  SINCE JAN 1     17                        12      5        9
..................................................................


WIND (MPH)
  HIGHEST WIND SPEED    25   HIGHEST WIND DIRECTION    SW (210)
  HIGHEST GUST SPEED    38   HIGHEST GUST DIRECTION    SW (230)
  AVERAGE WIND SPEED    11.0


SKY COVER
  POSSIBLE SUNSHINE  MM
  AVERAGE SKY COVER 0.6


WEATHER CONDITIONS
 THE FOLLOWING WEATHER WAS RECORDED YESTERDAY.
  LIGHT RAIN
  FOG


RELATIVE HUMIDITY (PERCENT)
 HIGHEST    90           300 AM
 LOWEST     60           500 PM
 AVERAGE    75

..........................................................


THE GREEN BAY WI CLIMATE NORMALS FOR TODAY
                         NORMAL    RECORD    YEAR
 MAXIMUM TEMPERATURE (F)   70        89      1991
 MINIMUM TEMPERATURE (F)   48        31      1949
                                             1889


SUNRISE AND SUNSET
MAY 28 2015...........SUNRISE   514 AM CDT   SUNSET   826 PM CDT
MAY 29 2015...........SUNRISE   513 AM CDT   SUNSET   827 PM CDT


-  INDICATES NEGATIVE NUMBERS.
R  INDICATES RECORD WAS SET OR TIED.
MM INDICATES DATA IS MISSING.
T  INDICATES TRACE AMOUNT.

$$
