000
CDUS43 KGRB 040643
CLIGRB


CLIMATE REPORT
NATIONAL WEATHER SERVICE GREEN BAY
143 AM CDT SAT JUL 4 2015


...................................

...THE GREEN BAY WI CLIMATE SUMMARY FOR JULY 3 2015...

CLIMATE NORMAL PERIOD 1981 TO 2010
CLIMATE RECORD PERIOD 1886 TO 2015


WEATHER ITEM   OBSERVED TIME   RECORD YEAR NORMAL DEPARTURE LAST
                VALUE   (LST)  VALUE       VALUE  FROM      YEAR
                                                  NORMAL
..................................................................
TEMPERATURE (F)
 YESTERDAY
  MAXIMUM         76    459 PM  97    1966  79     -3       76
  MINIMUM         51    447 AM  43    1968  58     -7       49
  AVERAGE         64                        69     -5       63

PRECIPITATION (IN)
  YESTERDAY        0.00          1.63 1951   0.12  -0.12      T
  MONTH TO DATE    0.00                      0.36  -0.36     0.11
  SINCE JUN 1      3.24                      4.24  -1.00     4.16
  SINCE JAN 1     10.18                     13.89  -3.71    14.82

SNOWFALL (IN)
  YESTERDAY        0.0           0.0    MM   0.0    0.0      0.0
  MONTH TO DATE    0.0                       0.0    0.0      0.0
  SINCE JUN 1      0.0                       0.0    0.0      0.0
  SINCE JUL 1      0.0                       0.0    0.0      0.0
  SNOW DEPTH       0

DEGREE DAYS
 HEATING
  YESTERDAY        1                         1      0        2
  MONTH TO DATE   10                         3      7        5
  SINCE JUN 1     63                        95    -32       36
  SINCE JUL 1     10                         3      7        5

 COOLING
  YESTERDAY        0                         5     -5        0
  MONTH TO DATE    0                        15    -15        6
  SINCE JUN 1     67                        98    -31      112
  SINCE JAN 1     95                       116    -21      128
..................................................................


WIND (MPH)
  HIGHEST WIND SPEED    13   HIGHEST WIND DIRECTION     W (250)
  HIGHEST GUST SPEED    18   HIGHEST GUST DIRECTION     W (250)
  AVERAGE WIND SPEED     4.3


SKY COVER
  POSSIBLE SUNSHINE  MM
  AVERAGE SKY COVER 0.1


WEATHER CONDITIONS
 THE FOLLOWING WEATHER WAS RECORDED YESTERDAY.
  FOG
  HAZE


RELATIVE HUMIDITY (PERCENT)
 HIGHEST    93           100 AM
 LOWEST     46           500 PM
 AVERAGE    70

..........................................................


THE GREEN BAY WI CLIMATE NORMALS FOR TODAY
                         NORMAL    RECORD    YEAR
 MAXIMUM TEMPERATURE (F)   80        96      1921
 MINIMUM TEMPERATURE (F)   58        43      1972


SUNRISE AND SUNSET
JULY  4 2015..........SUNRISE   513 AM CDT   SUNSET   840 PM CDT
JULY  5 2015..........SUNRISE   514 AM CDT   SUNSET   840 PM CDT


-  INDICATES NEGATIVE NUMBERS.
R  INDICATES RECORD WAS SET OR TIED.
MM INDICATES DATA IS MISSING.
T  INDICATES TRACE AMOUNT.




$$
