000
CDUS43 KGRB 230912
CLIGRB


CLIMATE REPORT
NATIONAL WEATHER SERVICE GREEN BAY
411 AM CDT THU OCT 23 2014


...................................

...THE GREEN BAY WI CLIMATE SUMMARY FOR OCTOBER 22 2014...

CLIMATE NORMAL PERIOD 1981 TO 2010
CLIMATE RECORD PERIOD 1886 TO 2014


WEATHER ITEM   OBSERVED TIME   RECORD YEAR NORMAL DEPARTURE LAST
                VALUE   (LST)  VALUE       VALUE  FROM      YEAR
                                                  NORMAL
..................................................................
TEMPERATURE (F)
 YESTERDAY
  MAXIMUM         55    240 PM  82    1947  54      1       47
  MINIMUM         29    425 AM  19    1969  36     -7       30
  AVERAGE         42                        45     -3       39

PRECIPITATION (IN)
  YESTERDAY        0.00          0.96 1972   0.08  -0.08     0.00
  MONTH TO DATE    2.41                      1.77   0.64     1.75
  SINCE SEP 1      7.10                      4.81   2.29     4.64
  SINCE JAN 1     27.82                     25.21   2.61    28.63

SNOWFALL (IN)
  YESTERDAY        0.0           T    2003   0.0    0.0      0.0
                                      1987
                                      1969
  MONTH TO DATE    0.0                       0.1   -0.1       T
  SINCE SEP 1      0.0                       0.1   -0.1       T
  SINCE JUL 1      0.0                       0.1   -0.1       T
  SNOW DEPTH       0

DEGREE DAYS
 HEATING
  YESTERDAY       23                        20      3       26
  MONTH TO DATE  368                       361      7      270
  SINCE SEP 1    565                       568     -3      441
  SINCE JUL 1    594                       631    -37      481

 COOLING
  YESTERDAY        0                         0      0        0
  MONTH TO DATE    0                         0      0        2
  SINCE SEP 1     19                        33    -14       57
  SINCE JAN 1    362                       395    -33      535
..................................................................


WIND (MPH)
  HIGHEST WIND SPEED    13   HIGHEST WIND DIRECTION    SE (140)
  HIGHEST GUST SPEED    16   HIGHEST GUST DIRECTION    SE (130)
  AVERAGE WIND SPEED     4.0


SKY COVER
  POSSIBLE SUNSHINE  MM
  AVERAGE SKY COVER 0.2


WEATHER CONDITIONS
 THE FOLLOWING WEATHER WAS RECORDED YESTERDAY.
  FOG
  FOG W/VISIBILITY <= 1/4 MILE


RELATIVE HUMIDITY (PERCENT)
 HIGHEST   100          1200 AM
 LOWEST     50           200 PM
 AVERAGE    75

..........................................................


THE GREEN BAY WI CLIMATE NORMALS FOR TODAY
                         NORMAL    RECORD    YEAR
 MAXIMUM TEMPERATURE (F)   54        81      1899
 MINIMUM TEMPERATURE (F)   36        16      1969


SUNRISE AND SUNSET
OCTOBER 23 2014.......SUNRISE   718 AM CDT   SUNSET   555 PM CDT
OCTOBER 24 2014.......SUNRISE   719 AM CDT   SUNSET   554 PM CDT


-  INDICATES NEGATIVE NUMBERS.
R  INDICATES RECORD WAS SET OR TIED.
MM INDICATES DATA IS MISSING.
T  INDICATES TRACE AMOUNT.




$$
