000
CDUS43 KGRB 090640
CLIGRB


CLIMATE REPORT
NATIONAL WEATHER SERVICE GREEN BAY
140 AM CDT WED JUL 9 2014


...................................

...THE GREEN BAY WI CLIMATE SUMMARY FOR JULY 8 2014...

CLIMATE NORMAL PERIOD 1981 TO 2010
CLIMATE RECORD PERIOD 1886 TO 2014


WEATHER ITEM   OBSERVED TIME   RECORD YEAR NORMAL DEPARTURE LAST
                VALUE   (LST)  VALUE       VALUE  FROM      YEAR
                                                  NORMAL
..................................................................
TEMPERATURE (F)
 YESTERDAY
  MAXIMUM         76    227 PM 102    1936  80     -4       83
  MINIMUM         56   1159 PM  47    1954  58     -2       67
                                      1953
                                      1891
  AVERAGE         66                        69     -3       75

PRECIPITATION (IN)
  YESTERDAY        0.10          4.12 2000   0.11  -0.01     1.26
  MONTH TO DATE    0.34                      0.95  -0.61     1.27
  SINCE JUN 1      4.39                      4.83  -0.44     5.09
  SINCE JAN 1     15.05                     14.48   0.57    18.86

SNOWFALL (IN)
  YESTERDAY        0.0           0.0    MM   0.0    0.0      0.0
  MONTH TO DATE    0.0                       0.0    0.0      0.0
  SINCE JUN 1      0.0                       0.0    0.0      0.0
  SINCE JUL 1      0.0                       0.0    0.0      0.0
  SNOW DEPTH       0

DEGREE DAYS
 HEATING
  YESTERDAY        0                         1     -1        0
  MONTH TO DATE    5                         8     -3        1
  SINCE JUN 1     36                       100    -64       73
  SINCE JUL 1      5                         8     -3        1

 COOLING
  YESTERDAY        1                         5     -4       10
  MONTH TO DATE   25                        40    -15       57
  SINCE JUN 1    131                       123      8      162
  SINCE JAN 1    147                       141      6      200
..................................................................


WIND (MPH)
  HIGHEST WIND SPEED    24   HIGHEST WIND DIRECTION    NW (320)
  HIGHEST GUST SPEED    30   HIGHEST GUST DIRECTION    NW (310)
  AVERAGE WIND SPEED    10.9


SKY COVER
  POSSIBLE SUNSHINE  MM
  AVERAGE SKY COVER 0.7


WEATHER CONDITIONS
 THE FOLLOWING WEATHER WAS RECORDED YESTERDAY.
  HEAVY RAIN
  LIGHT RAIN
  FOG


RELATIVE HUMIDITY (PERCENT)
 HIGHEST   100          1000 PM
 LOWEST     57           300 PM
 AVERAGE    79

..........................................................


THE GREEN BAY WI CLIMATE NORMALS FOR TODAY
                         NORMAL    RECORD    YEAR
 MAXIMUM TEMPERATURE (F)   80       100      1936
 MINIMUM TEMPERATURE (F)   59        43      1963
                                             1895


SUNRISE AND SUNSET
JULY  9 2014..........SUNRISE   517 AM CDT   SUNSET   838 PM CDT
JULY 10 2014..........SUNRISE   518 AM CDT   SUNSET   838 PM CDT


-  INDICATES NEGATIVE NUMBERS.
R  INDICATES RECORD WAS SET OR TIED.
MM INDICATES DATA IS MISSING.
T  INDICATES TRACE AMOUNT.




$$
