000
CDUS43 KGRB 300745
CLIGRB


CLIMATE REPORT
NATIONAL WEATHER SERVICE GREEN BAY
245 AM CDT WED JUL 30 2014


...................................

...THE GREEN BAY WI CLIMATE SUMMARY FOR JULY 29 2014...

CLIMATE NORMAL PERIOD 1981 TO 2010
CLIMATE RECORD PERIOD 1886 TO 2014


WEATHER ITEM   OBSERVED TIME   RECORD YEAR NORMAL DEPARTURE LAST
                VALUE   (LST)  VALUE       VALUE  FROM      YEAR
                                                  NORMAL
..................................................................
TEMPERATURE (F)
 YESTERDAY
  MAXIMUM         78    126 PM 101    1916  80     -2       73
  MINIMUM         56    428 AM  44    1952  58     -2       55
  AVERAGE         67                        69     -2       64

PRECIPITATION (IN)
  YESTERDAY        0.65          1.22 1983   0.11   0.54     0.00
  MONTH TO DATE    1.16                      3.29  -2.13     3.35
  SINCE JUN 1      5.21                      7.17  -1.96     7.17
  SINCE JAN 1     15.87                     16.82  -0.95    20.94

SNOWFALL (IN)
  YESTERDAY        0.0           0.0    MM   0.0    0.0      0.0
  MONTH TO DATE    0.0                       0.0    0.0      0.0
  SINCE JUN 1      0.0                       0.0    0.0      0.0
  SINCE JUL 1      0.0                       0.0    0.0      0.0
  SNOW DEPTH       0

DEGREE DAYS
 HEATING
  YESTERDAY        0                         1     -1        1
  MONTH TO DATE   15                        29    -14       22
  SINCE JUN 1     46                       121    -75       94
  SINCE JUL 1     15                        29    -14       22

 COOLING
  YESTERDAY        2                         5     -3        0
  MONTH TO DATE   95                       145    -50      192
  SINCE JUN 1    201                       228    -27      297
  SINCE JAN 1    217                       246    -29      335
..................................................................


WIND (MPH)
  HIGHEST WIND SPEED    23   HIGHEST WIND DIRECTION     N (10)
  HIGHEST GUST SPEED    29   HIGHEST GUST DIRECTION     N (10)
  AVERAGE WIND SPEED     6.6


SKY COVER
  POSSIBLE SUNSHINE  MM
  AVERAGE SKY COVER 0.5


WEATHER CONDITIONS
 THE FOLLOWING WEATHER WAS RECORDED YESTERDAY.
  THUNDERSTORM
  HEAVY RAIN
  RAIN
  LIGHT RAIN
  FOG
  HAZE


RELATIVE HUMIDITY (PERCENT)
 HIGHEST    97           700 PM
 LOWEST     47           100 PM
 AVERAGE    72

..........................................................


THE GREEN BAY WI CLIMATE NORMALS FOR TODAY
                         NORMAL    RECORD    YEAR
 MAXIMUM TEMPERATURE (F)   79        99      1916
 MINIMUM TEMPERATURE (F)   58        45      1978


SUNRISE AND SUNSET
JULY 30 2014..........SUNRISE   537 AM CDT   SUNSET   820 PM CDT
JULY 31 2014..........SUNRISE   538 AM CDT   SUNSET   819 PM CDT


-  INDICATES NEGATIVE NUMBERS.
R  INDICATES RECORD WAS SET OR TIED.
MM INDICATES DATA IS MISSING.
T  INDICATES TRACE AMOUNT.




$$
