000
CDUS43 KGRB 170707
CLIGRB


CLIMATE REPORT
NATIONAL WEATHER SERVICE GREEN BAY
106 AM CST FRI NOV 17 2017


...................................

...THE GREEN BAY WI CLIMATE SUMMARY FOR NOVEMBER 16 2017...

CLIMATE NORMAL PERIOD 1981 TO 2010
CLIMATE RECORD PERIOD 1886 TO 2017


WEATHER ITEM   OBSERVED TIME   RECORD YEAR NORMAL DEPARTURE LAST
                VALUE   (LST)  VALUE       VALUE  FROM      YEAR
                                                  NORMAL
..................................................................
TEMPERATURE (F)
 YESTERDAY
  MAXIMUM         39   1114 AM  72    1953  42     -3       57
  MINIMUM         32   1159 PM   1    1959  27      5       33
                                      1933
  AVERAGE         36                        34      2       45

PRECIPITATION (IN)
  YESTERDAY        0.00          1.57 1948   0.07  -0.07     0.00
  MONTH TO DATE    0.67                      1.16  -0.49     0.10
  SINCE SEP 1      4.80                      6.64  -1.84     7.05
  SINCE JAN 1     30.19                     27.04   3.15    28.67

SNOWFALL (IN)
  YESTERDAY        0.0           2.7  1992   0.1   -0.1      0.0
  MONTH TO DATE    0.6                       1.1   -0.5      0.0
  SINCE SEP 1      0.6                       1.3   -0.7      0.0
  SINCE JUL 1      0.6                       1.3   -0.7      0.0
  SNOW DEPTH       0

DEGREE DAYS
 HEATING
  YESTERDAY       29                        31     -2       20
  MONTH TO DATE  484                       434     50      245
  SINCE SEP 1    980                      1197   -217      686
  SINCE JUL 1   1021                      1260   -239      699

 COOLING
  YESTERDAY        0                         0      0        0
  MONTH TO DATE    0                         0      0        0
  SINCE SEP 1    100                        36     64       55
  SINCE JAN 1    477                       398     79      577
..................................................................


WIND (MPH)
  HIGHEST WIND SPEED    22   HIGHEST WIND DIRECTION    NW (330)
  HIGHEST GUST SPEED    28   HIGHEST GUST DIRECTION    NW (320)
  AVERAGE WIND SPEED    10.2


SKY COVER
  POSSIBLE SUNSHINE  MM
  AVERAGE SKY COVER 0.9


WEATHER CONDITIONS
 THE FOLLOWING WEATHER WAS RECORDED YESTERDAY.
  NO SIGNIFICANT WEATHER WAS OBSERVED.


RELATIVE HUMIDITY (PERCENT)
 HIGHEST    78          1000 PM
 LOWEST     64           300 PM
 AVERAGE    71

..........................................................


THE GREEN BAY WI CLIMATE NORMALS FOR TODAY
                         NORMAL    RECORD    YEAR
 MAXIMUM TEMPERATURE (F)   42        67      2016
                                             1953
                                             1931
 MINIMUM TEMPERATURE (F)   26         0      1959


SUNRISE AND SUNSET
NOVEMBER 17 2017......SUNRISE   652 AM CST   SUNSET   423 PM CST
NOVEMBER 18 2017......SUNRISE   653 AM CST   SUNSET   422 PM CST


-  INDICATES NEGATIVE NUMBERS.
R  INDICATES RECORD WAS SET OR TIED.
MM INDICATES DATA IS MISSING.
T  INDICATES TRACE AMOUNT.




$$
