000
CDUS43 KGRB 292128
CLIGRB


CLIMATE REPORT
NATIONAL WEATHER SERVICE GREEN BAY
427 PM CDT SAT AUG 29 2015


...................................

...THE GREEN BAY WI CLIMATE SUMMARY FOR AUGUST 29 2015...
VALID TODAY AS OF 0400 PM LOCAL TIME.

CLIMATE NORMAL PERIOD 1981 TO 2010
CLIMATE RECORD PERIOD 1886 TO 2015


WEATHER ITEM   OBSERVED TIME   RECORD YEAR NORMAL DEPARTURE LAST
                VALUE   (LST)  VALUE       VALUE  FROM      YEAR
                                                  NORMAL
..................................................................
TEMPERATURE (F)
 TODAY
  MAXIMUM         72    258 PM  93    1953  76     -4       84
  MINIMUM         58    347 AM  38    1965  55      3       61
  AVERAGE         65                        65      0       73

PRECIPITATION (IN)
  TODAY            0.04          0.78 1975   0.10  -0.06     0.60
  MONTH TO DATE    4.22                      3.16   1.06     4.22
  SINCE JUN 1      9.26                     10.54  -1.28     9.48
  SINCE JAN 1     16.20                     20.19  -3.99    20.14

SNOWFALL (IN)
  TODAY            0.0           0.0    MM   0.0    0.0      0.0
  MONTH TO DATE    0.0                       0.0    0.0      0.0
  SINCE JUN 1      0.0                       0.0    0.0      0.0
  SINCE JUL 1      0.0                       0.0    0.0      0.0
  SNOW DEPTH       0

DEGREE DAYS
 HEATING
  TODAY            0                         2     -2        0
  MONTH TO DATE   30                        35     -5       14
  SINCE JUN 1    102                       150    -48       60
  SINCE JUL 1     49                        58     -9       29

 COOLING
  TODAY            0                         3     -3        8
  MONTH TO DATE  126                       105     21      111
  SINCE JUN 1    369                       338     31      316
  SINCE JAN 1    397                       356     41      332
..................................................................


WIND (MPH)
  HIGHEST WIND SPEED     9   HIGHEST WIND DIRECTION    SE (120)
  HIGHEST GUST SPEED    13   HIGHEST GUST DIRECTION    SE (130)
  AVERAGE WIND SPEED     2.8


SKY COVER
  POSSIBLE SUNSHINE  MM
  AVERAGE SKY COVER 0.8


WEATHER CONDITIONS
 THE FOLLOWING WEATHER WAS RECORDED TODAY.
  LIGHT RAIN
  FOG
  HAZE


RELATIVE HUMIDITY (PERCENT)
 HIGHEST   100           300 AM
 LOWEST     73           100 PM
 AVERAGE    87

..........................................................


THE GREEN BAY WI CLIMATE NORMALS FOR TOMORROW
                         NORMAL    RECORD    YEAR
 MAXIMUM TEMPERATURE (F)   76        93      1969
                                             1937
                                             1932
 MINIMUM TEMPERATURE (F)   55        38      1915


SUNRISE AND SUNSET
AUGUST 29 2015........SUNRISE   611 AM CDT   SUNSET   735 PM CDT
AUGUST 30 2015........SUNRISE   613 AM CDT   SUNSET   733 PM CDT


-  INDICATES NEGATIVE NUMBERS.
R  INDICATES RECORD WAS SET OR TIED.
MM INDICATES DATA IS MISSING.
T  INDICATES TRACE AMOUNT.




$$
