000
CDUS43 KGRB 300708
CLIGRB


CLIMATE REPORT
NATIONAL WEATHER SERVICE GREEN BAY
207 AM CDT THU JUL 30 2015


...................................

...THE GREEN BAY WI CLIMATE SUMMARY FOR JULY 29 2015...

CLIMATE NORMAL PERIOD 1981 TO 2010
CLIMATE RECORD PERIOD 1886 TO 2015


WEATHER ITEM   OBSERVED TIME   RECORD YEAR NORMAL DEPARTURE LAST
                VALUE   (LST)  VALUE       VALUE  FROM      YEAR
                                                  NORMAL
..................................................................
TEMPERATURE (F)
 YESTERDAY
  MAXIMUM         85    340 PM 101    1916  80      5       78
  MINIMUM         69   1158 PM  44    1952  58     11       56
  AVERAGE         77                        69      8       67

PRECIPITATION (IN)
  YESTERDAY        0.00          1.22 1983   0.11  -0.11     0.65
  MONTH TO DATE    1.79                      3.29  -1.50     1.16
  SINCE JUN 1      5.03                      7.17  -2.14     5.21
  SINCE JAN 1     11.97                     16.82  -4.85    15.87

SNOWFALL (IN)
  YESTERDAY        0.0           0.0    MM   0.0    0.0      0.0
  MONTH TO DATE    0.0                       0.0    0.0      0.0
  SINCE JUN 1      0.0                       0.0    0.0      0.0
  SINCE JUL 1      0.0                       0.0    0.0      0.0
  SNOW DEPTH       0

DEGREE DAYS
 HEATING
  YESTERDAY        0                         1     -1        0
  MONTH TO DATE   19                        29    -10       15
  SINCE JUN 1     72                       121    -49       46
  SINCE JUL 1     19                        29    -10       15

 COOLING
  YESTERDAY       12                         5      7        2
  MONTH TO DATE  159                       145     14       95
  SINCE JUN 1    226                       228     -2      201
  SINCE JAN 1    254                       246      8      217
..................................................................


WIND (MPH)
  HIGHEST WIND SPEED    26   HIGHEST WIND DIRECTION     W (260)
  HIGHEST GUST SPEED    35   HIGHEST GUST DIRECTION     W (270)
  AVERAGE WIND SPEED    12.5


SKY COVER
  POSSIBLE SUNSHINE  MM
  AVERAGE SKY COVER 0.2


WEATHER CONDITIONS
 THE FOLLOWING WEATHER WAS RECORDED YESTERDAY.
  FOG


RELATIVE HUMIDITY (PERCENT)
 HIGHEST    93           200 AM
 LOWEST     32           200 PM
 AVERAGE    63

..........................................................


THE GREEN BAY WI CLIMATE NORMALS FOR TODAY
                         NORMAL    RECORD    YEAR
 MAXIMUM TEMPERATURE (F)   79        99      1916
 MINIMUM TEMPERATURE (F)   58        45      1978


SUNRISE AND SUNSET
JULY 30 2015..........SUNRISE   537 AM CDT   SUNSET   820 PM CDT
JULY 31 2015..........SUNRISE   538 AM CDT   SUNSET   819 PM CDT


-  INDICATES NEGATIVE NUMBERS.
R  INDICATES RECORD WAS SET OR TIED.
MM INDICATES DATA IS MISSING.
T  INDICATES TRACE AMOUNT.




$$
