000
CDUS43 KGRB 180738
CLIGRB


CLIMATE REPORT
NATIONAL WEATHER SERVICE GREEN BAY
237 AM CDT THU SEP 18 2014


...................................

...THE GREEN BAY WI CLIMATE SUMMARY FOR SEPTEMBER 17 2014...

CLIMATE NORMAL PERIOD 1981 TO 2010
CLIMATE RECORD PERIOD 1886 TO 2014


WEATHER ITEM   OBSERVED TIME   RECORD YEAR NORMAL DEPARTURE LAST
                VALUE   (LST)  VALUE       VALUE  FROM      YEAR
                                                  NORMAL
..................................................................
TEMPERATURE (F)
 YESTERDAY
  MAXIMUM         71    253 PM  90    1955  70      1       67
                                      1891
  MINIMUM         40    533 AM  32    1959  48     -8       37
  AVERAGE         56                        59     -3       52

PRECIPITATION (IN)
  YESTERDAY        0.00          2.81 1914   0.10  -0.10     0.03
  MONTH TO DATE    3.77                      1.72   2.05     2.29
  SINCE SEP 1      3.77                      1.72   2.05     2.29
  SINCE JAN 1     24.49                     22.12   2.37    26.28

SNOWFALL (IN)
  YESTERDAY        0.0           0.0    MM   0.0    0.0      0.0
  MONTH TO DATE    0.0                       0.0    0.0      0.0
  SINCE SEP 1      0.0                       0.0    0.0      0.0
  SINCE JUL 1      0.0                       0.0    0.0      0.0
  SNOW DEPTH       0

DEGREE DAYS
 HEATING
  YESTERDAY        9                         7      2       13
  MONTH TO DATE  106                        81     25       83
  SINCE SEP 1    106                        81     25       83
  SINCE JUL 1    135                       144     -9      123

 COOLING
  YESTERDAY        0                         1     -1        0
  MONTH TO DATE   17                        27    -10       43
  SINCE SEP 1     17                        27    -10       43
  SINCE JAN 1    360                       389    -29      521
..................................................................


WIND (MPH)
  HIGHEST WIND SPEED    26   HIGHEST WIND DIRECTION    NE (40)
  HIGHEST GUST SPEED    32   HIGHEST GUST DIRECTION    NE (30)
  AVERAGE WIND SPEED     7.7


SKY COVER
  POSSIBLE SUNSHINE  MM
  AVERAGE SKY COVER 0.2


WEATHER CONDITIONS
 THE FOLLOWING WEATHER WAS RECORDED YESTERDAY.
  FOG


RELATIVE HUMIDITY (PERCENT)
 HIGHEST   100           600 AM
 LOWEST     47          1200 PM
 AVERAGE    74

..........................................................


THE GREEN BAY WI CLIMATE NORMALS FOR TODAY
                         NORMAL    RECORD    YEAR
 MAXIMUM TEMPERATURE (F)   69        92      1955
 MINIMUM TEMPERATURE (F)   48        33      1974


SUNRISE AND SUNSET
SEPTEMBER 18 2014.....SUNRISE   635 AM CDT   SUNSET   658 PM CDT
SEPTEMBER 19 2014.....SUNRISE   636 AM CDT   SUNSET   656 PM CDT


-  INDICATES NEGATIVE NUMBERS.
R  INDICATES RECORD WAS SET OR TIED.
MM INDICATES DATA IS MISSING.
T  INDICATES TRACE AMOUNT.




$$
