000
CDUS43 KGRB 212147
CLIGRB


CLIMATE REPORT
NATIONAL WEATHER SERVICE GREEN BAY
446 PM CDT FRI JUL 21 2017


...................................

...THE GREEN BAY WI CLIMATE SUMMARY FOR JULY 21 2017...
VALID TODAY AS OF 0400 PM LOCAL TIME.

CLIMATE NORMAL PERIOD 1981 TO 2010
CLIMATE RECORD PERIOD 1886 TO 2017


WEATHER ITEM   OBSERVED TIME   RECORD YEAR NORMAL DEPARTURE LAST
                VALUE   (LST)  VALUE       VALUE  FROM      YEAR
                                                  NORMAL
..................................................................
TEMPERATURE (F)
 TODAY
  MAXIMUM         83   1254 PM  96    2002  80      3       88
  MINIMUM         63    433 AM  44    1992  59      4       68
  AVERAGE         73                        69      4       78

PRECIPITATION (IN)
  TODAY            T             1.26 1963   0.11  -0.11     0.45
  MONTH TO DATE    2.98                      2.43   0.55     2.02
  SINCE JUN 1      6.76                      6.31   0.45     6.46
  SINCE JAN 1     19.76                     15.96   3.80    17.64

SNOWFALL (IN)
  TODAY            0.0           0.0    MM   0.0    0.0      0.0
  MONTH TO DATE    0.0                       0.0    0.0      0.0
  SINCE JUN 1      0.0                       0.0    0.0      0.0
  SINCE JUL 1      0.0                       0.0    0.0      0.0
  SNOW DEPTH       0

DEGREE DAYS
 HEATING
  TODAY            0                         1     -1        0
  MONTH TO DATE    1                        21    -20        6
  SINCE JUN 1     28                       113    -85       31
  SINCE JUL 1      1                        21    -20        6

 COOLING
  TODAY            8                         5      3       13
  MONTH TO DATE  132                       105     27      126
  SINCE JUN 1    247                       188     59      226
  SINCE JAN 1    255                       206     49      259
..................................................................


WIND (MPH)
  HIGHEST WIND SPEED     8   HIGHEST WIND DIRECTION     S (200)
  HIGHEST GUST SPEED    20   HIGHEST GUST DIRECTION    NW (320)
  AVERAGE WIND SPEED     3.4


SKY COVER
  POSSIBLE SUNSHINE  MM
  AVERAGE SKY COVER 0.0


WEATHER CONDITIONS
 THE FOLLOWING WEATHER WAS RECORDED TODAY.
  LIGHT RAIN
  FOG


RELATIVE HUMIDITY (PERCENT)
 HIGHEST   100          1200 AM
 LOWEST     65          1000 AM
 AVERAGE    83

..........................................................


THE GREEN BAY WI CLIMATE NORMALS FOR TOMORROW
                         NORMAL    RECORD    YEAR
 MAXIMUM TEMPERATURE (F)   80        94      1972
                                             1918
 MINIMUM TEMPERATURE (F)   59        43      1947


SUNRISE AND SUNSET
JULY 21 2017..........SUNRISE   528 AM CDT   SUNSET   829 PM CDT
JULY 22 2017..........SUNRISE   529 AM CDT   SUNSET   828 PM CDT


-  INDICATES NEGATIVE NUMBERS.
R  INDICATES RECORD WAS SET OR TIED.
MM INDICATES DATA IS MISSING.
T  INDICATES TRACE AMOUNT.




$$
