000
CDUS43 KGRB 192221
CLIGRB


CLIMATE REPORT
NATIONAL WEATHER SERVICE GREEN BAY
419 PM CST SUN FEB 19 2017


...................................

...THE GREEN BAY WI CLIMATE SUMMARY FOR FEBRUARY 19 2017...
VALID TODAY AS OF 0400 PM LOCAL TIME.

CLIMATE NORMAL PERIOD 1981 TO 2010
CLIMATE RECORD PERIOD 1886 TO 2017


WEATHER ITEM   OBSERVED TIME   RECORD YEAR NORMAL DEPARTURE LAST
                VALUE   (LST)  VALUE       VALUE  FROM      YEAR
                                                  NORMAL
..................................................................
TEMPERATURE (F)
 TODAY
  MAXIMUM         57R   357 PM  55    1981  29     28       46
  MINIMUM         32    622 AM -17    1936  13     19       35
  AVERAGE         45                        21     24       41

PRECIPITATION (IN)
  TODAY            0.00          0.81 1971   0.04  -0.04      T
  MONTH TO DATE    0.02                      0.68  -0.66     1.02
  SINCE DEC 1      4.70                      3.32   1.38     8.06
  SINCE JAN 1      2.45                      1.81   0.64     2.35

SNOWFALL (IN)
  TODAY            0.0           4.0  1890   0.4   -0.4      0.0
  MONTH TO DATE    T                         6.8   -6.8     11.6
  SINCE DEC 1     37.7                      32.9    4.8     33.0
  SINCE JUL 1     38.6                      37.1    1.5     33.2
  SNOW DEPTH       0

DEGREE DAYS
 HEATING
  TODAY           20                        44    -24       24
  MONTH TO DATE  730                       874   -144      862
  SINCE DEC 1   3261                      3723   -462     3210
  SINCE JUL 1   4323                      5463  -1140     4482

 COOLING
  TODAY            0                         0      0        0
  MONTH TO DATE    0                         0      0        0
  SINCE DEC 1      0                         0      0        0
  SINCE JAN 1      0                         0      0        0
..................................................................


WIND (MPH)
  HIGHEST WIND SPEED     8   HIGHEST WIND DIRECTION     S (180)
  HIGHEST GUST SPEED    10   HIGHEST GUST DIRECTION     S (190)
  AVERAGE WIND SPEED     4.1


SKY COVER
  POSSIBLE SUNSHINE  MM
  AVERAGE SKY COVER 0.0


WEATHER CONDITIONS
 THE FOLLOWING WEATHER WAS RECORDED TODAY.
  NO SIGNIFICANT WEATHER WAS OBSERVED.


RELATIVE HUMIDITY (PERCENT)
 HIGHEST    96           600 AM
 LOWEST     46          1000 AM
 AVERAGE    71

..........................................................


THE GREEN BAY WI CLIMATE NORMALS FOR TOMORROW
                         NORMAL    RECORD    YEAR
 MAXIMUM TEMPERATURE (F)   30        54      1930
 MINIMUM TEMPERATURE (F)   14       -24      1929


SUNRISE AND SUNSET
FEBRUARY 19 2017......SUNRISE   646 AM CST   SUNSET   527 PM CST
FEBRUARY 20 2017......SUNRISE   644 AM CST   SUNSET   529 PM CST


-  INDICATES NEGATIVE NUMBERS.
R  INDICATES RECORD WAS SET OR TIED.
MM INDICATES DATA IS MISSING.
T  INDICATES TRACE AMOUNT.




$$
