000
CDUS43 KGRB 212143
CLIGRB


CLIMATE REPORT
NATIONAL WEATHER SERVICE GREEN BAY
442 PM CDT THU SEP 21 2017


...................................

...THE GREEN BAY WI CLIMATE SUMMARY FOR SEPTEMBER 21 2017...
VALID TODAY AS OF 0400 PM LOCAL TIME.

CLIMATE NORMAL PERIOD 1981 TO 2010
CLIMATE RECORD PERIOD 1886 TO 2017


WEATHER ITEM   OBSERVED TIME   RECORD YEAR NORMAL DEPARTURE LAST
                VALUE   (LST)  VALUE       VALUE  FROM      YEAR
                                                  NORMAL
..................................................................
TEMPERATURE (F)
 TODAY
  MAXIMUM         82    259 PM  90    1908  68     14       73
                                      1895
  MINIMUM         64    409 AM  28    1974  46     18       57
  AVERAGE         73                        57     16       65

PRECIPITATION (IN)
  TODAY            0.00          1.83 1893   0.11  -0.11     1.08
  MONTH TO DATE    0.98                      2.15  -1.17     3.58
  SINCE SEP 1      0.98                      2.15  -1.17     3.58
  SINCE JAN 1     26.37                     22.55   3.82    25.20

SNOWFALL (IN)
  TODAY            0.0           0.0    MM   0.0    0.0      0.0
  MONTH TO DATE    0.0                       0.0    0.0      0.0
  SINCE SEP 1      0.0                       0.0    0.0      0.0
  SINCE JUL 1      0.0                       0.0    0.0      0.0
  SNOW DEPTH       0

DEGREE DAYS
 HEATING
  TODAY            0                         9     -9        0
  MONTH TO DATE   83                       113    -30       24
  SINCE SEP 1     83                       113    -30       24
  SINCE JUL 1    124                       176    -52       37

 COOLING
  TODAY            8                         1      7        0
  MONTH TO DATE   34                        31      3       47
  SINCE SEP 1     34                        31      3       47
  SINCE JAN 1    411                       393     18      569
..................................................................


WIND (MPH)
  HIGHEST WIND SPEED    15   HIGHEST WIND DIRECTION    NE (40)
  HIGHEST GUST SPEED    19   HIGHEST GUST DIRECTION    NE (40)
  AVERAGE WIND SPEED     5.2


SKY COVER
  POSSIBLE SUNSHINE  MM
  AVERAGE SKY COVER 0.5


WEATHER CONDITIONS
 THE FOLLOWING WEATHER WAS RECORDED TODAY.
  FOG


RELATIVE HUMIDITY (PERCENT)
 HIGHEST   100          1200 AM
 LOWEST     74           200 PM
 AVERAGE    87

..........................................................


THE GREEN BAY WI CLIMATE NORMALS FOR TOMORROW
                         NORMAL    RECORD    YEAR
 MAXIMUM TEMPERATURE (F)   67        93      1895
 MINIMUM TEMPERATURE (F)   46        27      1974


SUNRISE AND SUNSET
SEPTEMBER 21 2017.....SUNRISE   639 AM CDT   SUNSET   651 PM CDT
SEPTEMBER 22 2017.....SUNRISE   640 AM CDT   SUNSET   649 PM CDT


-  INDICATES NEGATIVE NUMBERS.
R  INDICATES RECORD WAS SET OR TIED.
MM INDICATES DATA IS MISSING.
T  INDICATES TRACE AMOUNT.




$$
