000
CDUS43 KGRB 290804
CLIGRB

CLIMATE REPORT
NATIONAL WEATHER SERVICE GREEN BAY
202 AM CST MON DEC 29 2014

...................................

...THE GREEN BAY WI CLIMATE SUMMARY FOR DECEMBER 28 2014...

CLIMATE NORMAL PERIOD 1981 TO 2010
CLIMATE RECORD PERIOD 1886 TO 2014

WEATHER ITEM   OBSERVED TIME   RECORD YEAR NORMAL DEPARTURE LAST
                VALUE   (LST)  VALUE       VALUE  FROM      YEAR
                                                  NORMAL
..................................................................
TEMPERATURE (F)
 YESTERDAY
  MAXIMUM         28    305 PM  52    1984  25      3       38
  MINIMUM         16   1159 PM -20    1924  11      5       14
  AVERAGE         22                        18      4       26

PRECIPITATION (IN)
  YESTERDAY        T             0.86 1959   0.04  -0.04     0.00
  MONTH TO DATE    1.68                      1.39   0.29     1.88
  SINCE DEC 1      1.68                      1.39   0.29     1.88
  SINCE JAN 1     32.11                     29.40   2.71    35.15

SNOWFALL (IN)
  YESTERDAY        T             4.9  1968   0.5   -0.5      0.0
  MONTH TO DATE    3.5                      11.9   -8.4     26.2
  SINCE DEC 1      3.5                      11.9   -8.4     26.2
  SINCE JUL 1     11.7                      16.1   -4.4     27.4
  SNOW DEPTH       0

DEGREE DAYS
 HEATING
  YESTERDAY       43                        47     -4       39
  MONTH TO DATE 1043                      1209   -166     1353
  SINCE DEC 1   1043                      1209   -166     1353
  SINCE JUL 1   2880                      2949    -69     2964

COOLING
  YESTERDAY        0                         0      0        0
  MONTH TO DATE    0                         0      0        0
  SINCE DEC 1      0                         0      0        0
  SINCE JAN 1    362                       398    -36      535
..................................................................

WIND (MPH)
  HIGHEST WIND SPEED    17   HIGHEST WIND DIRECTION     W (280)
  HIGHEST GUST SPEED    22   HIGHEST GUST DIRECTION     W (280)
  AVERAGE WIND SPEED     8.9

SKY COVER
  POSSIBLE SUNSHINE  MM
  AVERAGE SKY COVER 0.3

WEATHER CONDITIONS
 THE FOLLOWING WEATHER WAS RECORDED YESTERDAY.
  NO SIGNIFICANT WEATHER WAS OBSERVED.

RELATIVE HUMIDITY (PERCENT)
 HIGHEST    88           300 AM
 LOWEST     67          1000 PM
 AVERAGE    78
..........................................................

THE GREEN BAY WI CLIMATE NORMALS FOR TODAY
                         NORMAL    RECORD    YEAR
 MAXIMUM TEMPERATURE (F)   25        50      1984
 MINIMUM TEMPERATURE (F)   11       -17      1976

SUNRISE AND SUNSET
DECEMBER 29 2014......SUNRISE   729 AM CST   SUNSET   421 PM CST
DECEMBER 30 2014......SUNRISE   729 AM CST   SUNSET   422 PM CST

-  INDICATES NEGATIVE NUMBERS.
R  INDICATES RECORD WAS SET OR TIED.
MM INDICATES DATA IS MISSING.
T  INDICATES TRACE AMOUNT.

$$
