000
CDUS43 KGRB 250743
CLIGRB


CLIMATE REPORT
NATIONAL WEATHER SERVICE GREEN BAY
241 AM CDT TUE APR 25 2017


...................................

...THE GREEN BAY WI CLIMATE SUMMARY FOR APRIL 24 2017...

CLIMATE NORMAL PERIOD 1981 TO 2010
CLIMATE RECORD PERIOD 1886 TO 2017


WEATHER ITEM   OBSERVED TIME   RECORD YEAR NORMAL DEPARTURE LAST
                VALUE   (LST)  VALUE       VALUE  FROM      YEAR
                                                  NORMAL
..................................................................
TEMPERATURE (F)
 YESTERDAY
  MAXIMUM         68    254 PM  86    1990  58     10       48
  MINIMUM         34    446 AM  21    1956  37     -3       41
  AVERAGE         51                        47      4       45

PRECIPITATION (IN)
  YESTERDAY        0.00          1.75 1994   0.09  -0.09     0.16
  MONTH TO DATE    3.07                      2.09   0.98     1.26
  SINCE MAR 1      5.37                      3.94   1.43     5.31
  SINCE JAN 1      8.62                      6.18   2.44     7.79

SNOWFALL (IN)
  YESTERDAY        0.0           4.0  1907   0.1   -0.1      0.0
  MONTH TO DATE    0.0                       2.7   -2.7      4.4
  SINCE MAR 1      9.0                      10.8   -1.8     16.2
  SINCE JUL 1     53.2                      51.0    2.2     50.0
  SNOW DEPTH       0

DEGREE DAYS
 HEATING
  YESTERDAY       14                        18     -4       20
  MONTH TO DATE  387                       539   -152      548
  SINCE MAR 1   1411                      1599   -188     1413
  SINCE JUL 1   5984                      7439  -1455     6224

 COOLING
  YESTERDAY        0                         0      0        0
  MONTH TO DATE    0                         0      0        0
  SINCE MAR 1      0                         0      0        0
  SINCE JAN 1      0                         0      0        0
..................................................................


WIND (MPH)
  HIGHEST WIND SPEED    22   HIGHEST WIND DIRECTION    SE (150)
  HIGHEST GUST SPEED    26   HIGHEST GUST DIRECTION    SE (150)
  AVERAGE WIND SPEED     8.7


SKY COVER
  POSSIBLE SUNSHINE  MM
  AVERAGE SKY COVER 0.0


WEATHER CONDITIONS
 THE FOLLOWING WEATHER WAS RECORDED YESTERDAY.
  NO SIGNIFICANT WEATHER WAS OBSERVED.


RELATIVE HUMIDITY (PERCENT)
 HIGHEST    89           500 AM
 LOWEST     34           500 PM
 AVERAGE    62

..........................................................


THE GREEN BAY WI CLIMATE NORMALS FOR TODAY
                         NORMAL    RECORD    YEAR
 MAXIMUM TEMPERATURE (F)   59        88      1990
 MINIMUM TEMPERATURE (F)   37        25      1967


SUNRISE AND SUNSET
APRIL 25 2017.........SUNRISE   552 AM CDT   SUNSET   750 PM CDT
APRIL 26 2017.........SUNRISE   550 AM CDT   SUNSET   751 PM CDT


-  INDICATES NEGATIVE NUMBERS.
R  INDICATES RECORD WAS SET OR TIED.
MM INDICATES DATA IS MISSING.
T  INDICATES TRACE AMOUNT.

$$
