000
CDUS43 KGRB 260700
CLIGRB


CLIMATE REPORT
NATIONAL WEATHER SERVICE GREEN BAY
158 AM CDT THU MAY 26 2016


...................................

...THE GREEN BAY WI CLIMATE SUMMARY FOR MAY 25 2016...

CLIMATE NORMAL PERIOD 1981 TO 2010
CLIMATE RECORD PERIOD 1886 TO 2016


WEATHER ITEM   OBSERVED TIME   RECORD YEAR NORMAL DEPARTURE LAST
                VALUE   (LST)  VALUE       VALUE  FROM      YEAR
                                                  NORMAL
..................................................................
TEMPERATURE (F)
 YESTERDAY
  MAXIMUM         71    259 PM  88    1911  69      2       78
  MINIMUM         57    710 AM  32    1988  47     10       58
  AVERAGE         64                        58      6       68

PRECIPITATION (IN)
  YESTERDAY        0.42          1.54 1957   0.11   0.31     0.10
  MONTH TO DATE    1.70                      2.25  -0.55     2.57
  SINCE MAR 1      7.04                      6.73   0.31     5.10
  SINCE JAN 1      9.52                      8.97   0.55     6.07

SNOWFALL (IN)
  YESTERDAY        0.0           0.0    MM   0.0    0.0      0.0
  MONTH TO DATE    T                         0.2   -0.2      0.0
  SINCE MAR 1     16.2                      11.2    5.0      4.2
  SINCE JUL 1     50.0                      51.4   -1.4     32.7
  SNOW DEPTH       0

DEGREE DAYS
 HEATING
  YESTERDAY        1                         8     -7        0
  MONTH TO DATE  247                       284    -37      184
  SINCE MAR 1   1784                      1981   -197     1716
  SINCE JUL 1   6595                      7821  -1226     7754

 COOLING
  YESTERDAY        0                         1     -1        3
  MONTH TO DATE    9                         8      1       10
  SINCE MAR 1      9                        10     -1       10
  SINCE JAN 1      9                        10     -1       10
..................................................................


WIND (MPH)
  HIGHEST WIND SPEED    20   HIGHEST WIND DIRECTION    NE (50)
  HIGHEST GUST SPEED    24   HIGHEST GUST DIRECTION    NE (60)
  AVERAGE WIND SPEED     9.9


SKY COVER
  POSSIBLE SUNSHINE  MM
  AVERAGE SKY COVER 0.6


WEATHER CONDITIONS
 THE FOLLOWING WEATHER WAS RECORDED YESTERDAY.
  THUNDERSTORM
  RAIN
  LIGHT RAIN
  FOG


RELATIVE HUMIDITY (PERCENT)
 HIGHEST   100           400 AM
 LOWEST     66           300 PM
 AVERAGE    83

..........................................................


THE GREEN BAY WI CLIMATE NORMALS FOR TODAY
                         NORMAL    RECORD    YEAR
 MAXIMUM TEMPERATURE (F)   69        88      1978
                                             1914
 MINIMUM TEMPERATURE (F)   47        31      1969


SUNRISE AND SUNSET
MAY 26 2016...........SUNRISE   514 AM CDT   SUNSET   825 PM CDT
MAY 27 2016...........SUNRISE   514 AM CDT   SUNSET   826 PM CDT


-  INDICATES NEGATIVE NUMBERS.
R  INDICATES RECORD WAS SET OR TIED.
MM INDICATES DATA IS MISSING.
T  INDICATES TRACE AMOUNT.

$$
