000
CDUS43 KGRB 290625
CLIGRB


CLIMATE REPORT
NATIONAL WEATHER SERVICE GREEN BAY
125 AM CDT MON SEP 29 2014


...................................

...THE GREEN BAY WI CLIMATE SUMMARY FOR SEPTEMBER 28 2014...

CLIMATE NORMAL PERIOD 1981 TO 2010
CLIMATE RECORD PERIOD 1886 TO 2014


WEATHER ITEM   OBSERVED TIME   RECORD YEAR NORMAL DEPARTURE LAST
                VALUE   (LST)  VALUE       VALUE  FROM      YEAR
                                                  NORMAL
..................................................................
TEMPERATURE (F)
 YESTERDAY
  MAXIMUM         80    144 PM  88    1952  65     15       79
  MINIMUM         51    601 AM  27    1976  44      7       53
  AVERAGE         66                        54     12       66

PRECIPITATION (IN)
  YESTERDAY        0.00          1.61 1911   0.09  -0.09     0.22
  MONTH TO DATE    4.57                      2.86   1.71     2.89
  SINCE SEP 1      4.57                      2.86   1.71     2.89
  SINCE JAN 1     25.29                     23.26   2.03    26.88

SNOWFALL (IN)
  YESTERDAY        0.0           T    2006   0.0    0.0      0.0
  MONTH TO DATE    0.0                       0.0    0.0      0.0
  SINCE SEP 1      0.0                       0.0    0.0      0.0
  SINCE JUL 1      0.0                       0.0    0.0      0.0
  SNOW DEPTH       0

DEGREE DAYS
 HEATING
  YESTERDAY        0                        11    -11        0
  MONTH TO DATE  168                       183    -15      157
  SINCE SEP 1    168                       183    -15      157
  SINCE JUL 1    197                       246    -49      197

 COOLING
  YESTERDAY        1                         0      1        1
  MONTH TO DATE   19                        32    -13       55
  SINCE SEP 1     19                        32    -13       55
  SINCE JAN 1    362                       394    -32      533
..................................................................


WIND (MPH)
  HIGHEST WIND SPEED     8   HIGHEST WIND DIRECTION     S (180)
  HIGHEST GUST SPEED    11   HIGHEST GUST DIRECTION     S (170)
  AVERAGE WIND SPEED     2.8


SKY COVER
  POSSIBLE SUNSHINE  MM
  AVERAGE SKY COVER 0.0


WEATHER CONDITIONS
 THE FOLLOWING WEATHER WAS RECORDED YESTERDAY.
  FOG
  HAZE


RELATIVE HUMIDITY (PERCENT)
 HIGHEST   100          1200 AM
 LOWEST     48           300 PM
 AVERAGE    74

..........................................................


THE GREEN BAY WI CLIMATE NORMALS FOR TODAY
                         NORMAL    RECORD    YEAR
 MAXIMUM TEMPERATURE (F)   64        86      1898
 MINIMUM TEMPERATURE (F)   43        24      1949


SUNRISE AND SUNSET
SEPTEMBER 29 2014.....SUNRISE   648 AM CDT   SUNSET   637 PM CDT
SEPTEMBER 30 2014.....SUNRISE   649 AM CDT   SUNSET   635 PM CDT


-  INDICATES NEGATIVE NUMBERS.
R  INDICATES RECORD WAS SET OR TIED.
MM INDICATES DATA IS MISSING.
T  INDICATES TRACE AMOUNT.




$$
