000
CDUS43 KGRB 140710
CLIGRB


CLIMATE REPORT
NATIONAL WEATHER SERVICE GREEN BAY
158 AM CDT SUN SEP 14 2014


...................................

...THE GREEN BAY WI CLIMATE SUMMARY FOR SEPTEMBER 13 2014...

CLIMATE NORMAL PERIOD 1981 TO 2010
CLIMATE RECORD PERIOD 1886 TO 2014


WEATHER ITEM   OBSERVED TIME   RECORD YEAR NORMAL DEPARTURE LAST
                VALUE   (LST)  VALUE       VALUE  FROM      YEAR
                                                  NORMAL
..................................................................
TEMPERATURE (F)
 YESTERDAY
  MAXIMUM         58   1236 PM  92    1952  71    -13       63
                                      1939
  MINIMUM         39    557 AM  33    1953  50    -11       44
  AVERAGE         49                        60    -11       54

PRECIPITATION (IN)
  YESTERDAY        0.00          1.56 1954   0.10  -0.10     0.00
  MONTH TO DATE    3.67                      1.31   2.36     1.88
  SINCE SEP 1      3.67                      1.31   2.36     1.88
  SINCE JAN 1     24.39                     21.71   2.68    25.87

SNOWFALL (IN)
  YESTERDAY        0.0           0.0    MM   0.0    0.0      0.0
  MONTH TO DATE    0.0                       0.0    0.0      0.0
  SINCE SEP 1      0.0                       0.0    0.0      0.0
  SINCE JUL 1      0.0                       0.0    0.0      0.0
  SNOW DEPTH       0

DEGREE DAYS
 HEATING
  YESTERDAY       16                         6     10       11
  MONTH TO DATE   62                        55      7       34
  SINCE SEP 1     62                        55      7       34
  SINCE JUL 1     91                       118    -27       74

 COOLING
  YESTERDAY        0                         1     -1        0
  MONTH TO DATE   17                        23     -6       43
  SINCE SEP 1     17                        23     -6       43
  SINCE JAN 1    360                       385    -25      521
..................................................................


WIND (MPH)
  HIGHEST WIND SPEED    12   HIGHEST WIND DIRECTION    NW (330)
  HIGHEST GUST SPEED    19   HIGHEST GUST DIRECTION    NW (310)
  AVERAGE WIND SPEED     5.4


SKY COVER
  POSSIBLE SUNSHINE  MM
  AVERAGE SKY COVER 0.6


WEATHER CONDITIONS
 THE FOLLOWING WEATHER WAS RECORDED YESTERDAY.
  NO SIGNIFICANT WEATHER WAS OBSERVED.


RELATIVE HUMIDITY (PERCENT)
 HIGHEST   100          1200 AM
 LOWEST     47           200 PM
 AVERAGE    74

..........................................................


THE GREEN BAY WI CLIMATE NORMALS FOR TODAY
                         NORMAL    RECORD    YEAR
 MAXIMUM TEMPERATURE (F)   71        94      1939
 MINIMUM TEMPERATURE (F)   49        34      1963
                                             1923


SUNRISE AND SUNSET
SEPTEMBER 14 2014.....SUNRISE   630 AM CDT   SUNSET   705 PM CDT
SEPTEMBER 15 2014.....SUNRISE   631 AM CDT   SUNSET   703 PM CDT


-  INDICATES NEGATIVE NUMBERS.
R  INDICATES RECORD WAS SET OR TIED.
MM INDICATES DATA IS MISSING.
T  INDICATES TRACE AMOUNT.




$$
