000
CDUS43 KGRB 220817
CLIGRB


CLIMATE REPORT
NATIONAL WEATHER SERVICE GREEN BAY
317 AM CDT FRI JUL 22 2016


...................................

...THE GREEN BAY WI CLIMATE SUMMARY FOR JULY 21 2016...

CLIMATE NORMAL PERIOD 1981 TO 2010
CLIMATE RECORD PERIOD 1886 TO 2016


WEATHER ITEM   OBSERVED TIME   RECORD YEAR NORMAL DEPARTURE LAST
                VALUE   (LST)  VALUE       VALUE  FROM      YEAR
                                                  NORMAL
..................................................................
TEMPERATURE (F)
 YESTERDAY
  MAXIMUM         88    307 PM  96    2002  80      8       79
  MINIMUM         68    916 AM  44    1992  59      9       56
  AVERAGE         78                        69      9       68

PRECIPITATION (IN)
  YESTERDAY        0.45          1.26 1963   0.11   0.34     0.00
  MONTH TO DATE    2.02                      2.43  -0.41     1.79
  SINCE JUN 1      6.46                      6.31   0.15     5.03
  SINCE JAN 1     17.64                     15.96   1.68    11.97

SNOWFALL (IN)
  YESTERDAY        0.0           0.0    MM   0.0    0.0      0.0
  MONTH TO DATE    0.0                       0.0    0.0      0.0
  SINCE JUN 1      0.0                       0.0    0.0      0.0
  SINCE JUL 1      0.0                       0.0    0.0      0.0
  SNOW DEPTH       0

DEGREE DAYS
 HEATING
  YESTERDAY        0                         1     -1        0
  MONTH TO DATE    6                        21    -15       19
  SINCE JUN 1     31                       113    -82       72
  SINCE JUL 1      6                        21    -15       19

 COOLING
  YESTERDAY       13                         5      8        3
  MONTH TO DATE  126                       105     21       91
  SINCE JUN 1    226                       188     38      158
  SINCE JAN 1    259                       206     53      186
..................................................................


WIND (MPH)
  HIGHEST WIND SPEED    35   HIGHEST WIND DIRECTION    NW (300)
  HIGHEST GUST SPEED    46   HIGHEST GUST DIRECTION    NW (300)
  AVERAGE WIND SPEED     8.0


SKY COVER
  POSSIBLE SUNSHINE  MM
  AVERAGE SKY COVER 0.4


WEATHER CONDITIONS
 THE FOLLOWING WEATHER WAS RECORDED YESTERDAY.
  THUNDERSTORM
  HEAVY RAIN
  RAIN
  LIGHT RAIN
  FOG


RELATIVE HUMIDITY (PERCENT)
 HIGHEST   100           300 AM
 LOWEST     74           100 PM
 AVERAGE    87

..........................................................


THE GREEN BAY WI CLIMATE NORMALS FOR TODAY
                         NORMAL    RECORD    YEAR
 MAXIMUM TEMPERATURE (F)   80        94      1972
                                             1918
 MINIMUM TEMPERATURE (F)   59        43      1947


SUNRISE AND SUNSET
JULY 22 2016..........SUNRISE   529 AM CDT   SUNSET   828 PM CDT
JULY 23 2016..........SUNRISE   530 AM CDT   SUNSET   827 PM CDT


-  INDICATES NEGATIVE NUMBERS.
R  INDICATES RECORD WAS SET OR TIED.
MM INDICATES DATA IS MISSING.
T  INDICATES TRACE AMOUNT.




$$
