000
CDUS43 KGRB 220645
CLIGRB


CLIMATE REPORT
NATIONAL WEATHER SERVICE GREEN BAY
144 AM CDT SAT APR 22 2017


...................................

...THE GREEN BAY WI CLIMATE SUMMARY FOR APRIL 21 2017...

CLIMATE NORMAL PERIOD 1981 TO 2010
CLIMATE RECORD PERIOD 1886 TO 2017


WEATHER ITEM   OBSERVED TIME   RECORD YEAR NORMAL DEPARTURE LAST
                VALUE   (LST)  VALUE       VALUE  FROM      YEAR
                                                  NORMAL
..................................................................
TEMPERATURE (F)
 YESTERDAY
  MAXIMUM         60    314 PM  82    1985  57      3       69
  MINIMUM         39   1159 PM  21    1959  36      3       48
  AVERAGE         50                        46      4       59

PRECIPITATION (IN)
  YESTERDAY        0.00          1.27 1937   0.09  -0.09     0.23
  MONTH TO DATE    3.07                      1.82   1.25     1.10
  SINCE MAR 1      5.37                      3.67   1.70     5.15
  SINCE JAN 1      8.62                      5.91   2.71     7.63

SNOWFALL (IN)
  YESTERDAY        0.0           1.0  1934   0.1   -0.1      0.0
  MONTH TO DATE    0.0                       2.5   -2.5      4.4
  SINCE MAR 1      9.0                      10.6   -1.6     16.2
  SINCE JUL 1     53.2                      50.8    2.4     50.0
  SNOW DEPTH       0

DEGREE DAYS
 HEATING
  YESTERDAY       15                        19     -4        6
  MONTH TO DATE  340                       484   -144      491
  SINCE MAR 1   1364                      1544   -180     1356
  SINCE JUL 1   5937                      7384  -1447     6167

 COOLING
  YESTERDAY        0                         0      0        0
  MONTH TO DATE    0                         0      0        0
  SINCE MAR 1      0                         0      0        0
  SINCE JAN 1      0                         0      0        0
..................................................................


WIND (MPH)
  HIGHEST WIND SPEED    22   HIGHEST WIND DIRECTION    NW (310)
  HIGHEST GUST SPEED    29   HIGHEST GUST DIRECTION    NW (310)
  AVERAGE WIND SPEED    10.3


SKY COVER
  POSSIBLE SUNSHINE  MM
  AVERAGE SKY COVER 0.4


WEATHER CONDITIONS
 THE FOLLOWING WEATHER WAS RECORDED YESTERDAY.
  NO SIGNIFICANT WEATHER WAS OBSERVED.


RELATIVE HUMIDITY (PERCENT)
 HIGHEST    85           200 AM
 LOWEST     37           300 PM
 AVERAGE    61

..........................................................


THE GREEN BAY WI CLIMATE NORMALS FOR TODAY
                         NORMAL    RECORD    YEAR
 MAXIMUM TEMPERATURE (F)   57        89      1980
 MINIMUM TEMPERATURE (F)   36        24      1986
                                             1956


SUNRISE AND SUNSET
APRIL 22 2017.........SUNRISE   557 AM CDT   SUNSET   746 PM CDT
APRIL 23 2017.........SUNRISE   555 AM CDT   SUNSET   747 PM CDT


-  INDICATES NEGATIVE NUMBERS.
R  INDICATES RECORD WAS SET OR TIED.
MM INDICATES DATA IS MISSING.
T  INDICATES TRACE AMOUNT.




$$
