389
CDUS43 KGRB 240657
CLIGRB


CLIMATE REPORT
NATIONAL WEATHER SERVICE GREEN BAY
154 AM CDT TUE MAY 24 2016


...................................

...THE GREEN BAY WI CLIMATE SUMMARY FOR MAY 23 2016...

CLIMATE NORMAL PERIOD 1981 TO 2010
CLIMATE RECORD PERIOD 1886 TO 2016


WEATHER ITEM   OBSERVED TIME   RECORD YEAR NORMAL DEPARTURE LAST
                VALUE   (LST)  VALUE       VALUE  FROM      YEAR
                                                  NORMAL
..................................................................
TEMPERATURE (F)
 YESTERDAY
  MAXIMUM         85    359 PM  88    2010  68     17       79
  MINIMUM         49    430 AM  29    1963  46      3       40
                                      1958
  AVERAGE         67                        57     10       60

PRECIPITATION (IN)
  YESTERDAY        0.00          1.60 2004   0.10  -0.10     0.00
  MONTH TO DATE    1.28                      2.04  -0.76     1.23
  SINCE MAR 1      6.62                      6.52   0.10     3.76
  SINCE JAN 1      9.10                      8.76   0.34     4.73

SNOWFALL (IN)
  YESTERDAY        0.0           0.0    MM   0.0    0.0      0.0
  MONTH TO DATE    T                         0.2   -0.2      0.0
  SINCE MAR 1     16.2                      11.2    5.0      4.2
  SINCE JUL 1     50.0                      51.4   -1.4     32.7
  SNOW DEPTH       0

DEGREE DAYS
 HEATING
  YESTERDAY        0                         9     -9        5
  MONTH TO DATE  246                       268    -22      182
  SINCE MAR 1   1783                      1965   -182     1714
  SINCE JUL 1   6594                      7805  -1211     7752

 COOLING
  YESTERDAY        2                         1      1        0
  MONTH TO DATE    5                         6     -1        7
  SINCE MAR 1      5                         8     -3        7
  SINCE JAN 1      5                         8     -3        7
..................................................................


WIND (MPH)
  HIGHEST WIND SPEED    22   HIGHEST WIND DIRECTION     S (160)
  HIGHEST GUST SPEED    26   HIGHEST GUST DIRECTION     S (160)
  AVERAGE WIND SPEED     8.8


SKY COVER
  POSSIBLE SUNSHINE  MM
  AVERAGE SKY COVER 0.0


WEATHER CONDITIONS
 THE FOLLOWING WEATHER WAS RECORDED YESTERDAY.
  NO SIGNIFICANT WEATHER WAS OBSERVED.


RELATIVE HUMIDITY (PERCENT)
 HIGHEST    83           400 AM
 LOWEST     23           300 PM
 AVERAGE    53

..........................................................


THE GREEN BAY WI CLIMATE NORMALS FOR TODAY
                         NORMAL    RECORD    YEAR
 MAXIMUM TEMPERATURE (F)   69        90      2010
 MINIMUM TEMPERATURE (F)   47        33      1992


SUNRISE AND SUNSET
MAY 24 2016...........SUNRISE   516 AM CDT   SUNSET   823 PM CDT
MAY 25 2016...........SUNRISE   515 AM CDT   SUNSET   824 PM CDT


-  INDICATES NEGATIVE NUMBERS.
R  INDICATES RECORD WAS SET OR TIED.
MM INDICATES DATA IS MISSING.
T  INDICATES TRACE AMOUNT.

$$
