000
CDUS43 KGRB 200717
CLIGRB


CLIMATE REPORT
NATIONAL WEATHER SERVICE GREEN BAY
214 AM CDT TUE JUN 20 2017


...................................

...THE GREEN BAY WI CLIMATE SUMMARY FOR JUNE 19 2017...

CLIMATE NORMAL PERIOD 1981 TO 2010
CLIMATE RECORD PERIOD 1886 TO 2017


WEATHER ITEM   OBSERVED TIME   RECORD YEAR NORMAL DEPARTURE LAST
                VALUE   (LST)  VALUE       VALUE  FROM      YEAR
                                                  NORMAL
..................................................................
TEMPERATURE (F)
 YESTERDAY
  MAXIMUM         74    221 PM  95    1995  77     -3       87
  MINIMUM         57    417 AM  43    1970  55      2       61
                                      1958
  AVERAGE         66                        66      0       74

PRECIPITATION (IN)
  YESTERDAY        0.22          1.20 1961   0.13   0.09     0.00
  MONTH TO DATE    2.50                      2.48   0.02     3.28
  SINCE JUN 1      2.50                      2.48   0.02     3.28
  SINCE JAN 1     15.50                     12.13   3.37    14.46

SNOWFALL (IN)
  YESTERDAY        0.0           0.0    MM   0.0    0.0      0.0
  MONTH TO DATE    0.0                       0.0    0.0      0.0
  SINCE JUN 1      0.0                       0.0    0.0      0.0
  SINCE JUL 1     53.2                      51.4    1.8     50.0
  SNOW DEPTH       0

DEGREE DAYS
 HEATING
  YESTERDAY        0                         2     -2        0
  MONTH TO DATE    7                        74    -67       25
  SINCE JUN 1      7                        74    -67       25
  SINCE JUL 1   6394                      7937  -1543     6622

 COOLING
  YESTERDAY        1                         3     -2        9
  MONTH TO DATE   97                        39     58       51
  SINCE JUN 1     97                        39     58       51
  SINCE JAN 1    105                        57     48       84
..................................................................


WIND (MPH)
  HIGHEST WIND SPEED    24   HIGHEST WIND DIRECTION    NW (310)
  HIGHEST GUST SPEED    30   HIGHEST GUST DIRECTION    NW (320)
  AVERAGE WIND SPEED     9.0


SKY COVER
  POSSIBLE SUNSHINE  MM
  AVERAGE SKY COVER 0.6


WEATHER CONDITIONS
 THE FOLLOWING WEATHER WAS RECORDED YESTERDAY.
  THUNDERSTORM
  RAIN
  LIGHT RAIN
  FOG


RELATIVE HUMIDITY (PERCENT)
 HIGHEST   100           200 AM
 LOWEST     61          1200 PM
 AVERAGE    81

..........................................................


THE GREEN BAY WI CLIMATE NORMALS FOR TODAY
                         NORMAL    RECORD    YEAR
 MAXIMUM TEMPERATURE (F)   77        98      1988
                                             1933
 MINIMUM TEMPERATURE (F)   56        41      1992
                                             1969


SUNRISE AND SUNSET
JUNE 20 2017..........SUNRISE   508 AM CDT   SUNSET   841 PM CDT
JUNE 21 2017..........SUNRISE   508 AM CDT   SUNSET   841 PM CDT


-  INDICATES NEGATIVE NUMBERS.
R  INDICATES RECORD WAS SET OR TIED.
MM INDICATES DATA IS MISSING.
T  INDICATES TRACE AMOUNT.

$$
