000
CDUS43 KGRB 190654
CLIGRB


CLIMATE REPORT
NATIONAL WEATHER SERVICE GREEN BAY
153 AM CDT MON JUN 19 2017


...................................

...THE GREEN BAY WI CLIMATE SUMMARY FOR JUNE 18 2017...

CLIMATE NORMAL PERIOD 1981 TO 2010
CLIMATE RECORD PERIOD 1886 TO 2017


WEATHER ITEM   OBSERVED TIME   RECORD YEAR NORMAL DEPARTURE LAST
                VALUE   (LST)  VALUE       VALUE  FROM      YEAR
                                                  NORMAL
..................................................................
TEMPERATURE (F)
 YESTERDAY
  MAXIMUM         74    416 PM  96    1995  76     -2       85
  MINIMUM         60   1159 PM  40    1958  55      5       60
  AVERAGE         67                        66      1       73

PRECIPITATION (IN)
  YESTERDAY        0.43          3.49 1928   0.12   0.31     0.00
  MONTH TO DATE    2.28                      2.35  -0.07     3.28
  SINCE JUN 1      2.28                      2.35  -0.07     3.28
  SINCE JAN 1     15.28                     12.00   3.28    14.46

SNOWFALL (IN)
  YESTERDAY        0.0           0.0    MM   0.0    0.0      0.0
  MONTH TO DATE    0.0                       0.0    0.0      0.0
  SINCE JUN 1      0.0                       0.0    0.0      0.0
  SINCE JUL 1     53.2                      51.4    1.8     50.0
  SNOW DEPTH       0

DEGREE DAYS
 HEATING
  YESTERDAY        0                         2     -2        0
  MONTH TO DATE    7                        72    -65       25
  SINCE JUN 1      7                        72    -65       25
  SINCE JUL 1   6394                      7935  -1541     6622

 COOLING
  YESTERDAY        2                         3     -1        8
  MONTH TO DATE   96                        36     60       42
  SINCE JUN 1     96                        36     60       42
  SINCE JAN 1    104                        54     50       75
..................................................................


WIND (MPH)
  HIGHEST WIND SPEED    28   HIGHEST WIND DIRECTION     W (290)
  HIGHEST GUST SPEED    36   HIGHEST GUST DIRECTION     W (270)
  AVERAGE WIND SPEED    12.4


SKY COVER
  POSSIBLE SUNSHINE  MM
  AVERAGE SKY COVER 0.7


WEATHER CONDITIONS
 THE FOLLOWING WEATHER WAS RECORDED YESTERDAY.
  HEAVY RAIN
  LIGHT RAIN
  FOG


RELATIVE HUMIDITY (PERCENT)
 HIGHEST   100          1200 AM
 LOWEST     64           400 PM
 AVERAGE    82

..........................................................


THE GREEN BAY WI CLIMATE NORMALS FOR TODAY
                         NORMAL    RECORD    YEAR
 MAXIMUM TEMPERATURE (F)   77        95      1995
 MINIMUM TEMPERATURE (F)   55        43      1970
                                             1958


SUNRISE AND SUNSET
JUNE 19 2017..........SUNRISE   508 AM CDT   SUNSET   840 PM CDT
JUNE 20 2017..........SUNRISE   508 AM CDT   SUNSET   841 PM CDT


-  INDICATES NEGATIVE NUMBERS.
R  INDICATES RECORD WAS SET OR TIED.
MM INDICATES DATA IS MISSING.
T  INDICATES TRACE AMOUNT.




$$
