000
CDUS43 KGRB 080752
CLIGRB


CLIMATE REPORT
NATIONAL WEATHER SERVICE GREEN BAY
149 AM CST MON FEB 8 2016


...................................

...THE GREEN BAY WI CLIMATE SUMMARY FOR FEBRUARY 7 2016...

CLIMATE NORMAL PERIOD 1981 TO 2010
CLIMATE RECORD PERIOD 1886 TO 2016


WEATHER ITEM   OBSERVED TIME   RECORD YEAR NORMAL DEPARTURE LAST
                VALUE   (LST)  VALUE       VALUE  FROM      YEAR
                                                  NORMAL
..................................................................
TEMPERATURE (F)
 YESTERDAY
  MAXIMUM         40    329 PM  45    1991  26     14       33
  MINIMUM         29   1234 AM -23    1899  10     19       18
  AVERAGE         35                        18     17       26

PRECIPITATION (IN)
  YESTERDAY        T             0.62 1892   0.04  -0.04      T
  MONTH TO DATE    0.87                      0.23   0.64     0.03
  SINCE DEC 1      7.91                      2.87   5.04     2.27
  SINCE JAN 1      2.20                      1.36   0.84     0.59

SNOWFALL (IN)
  YESTERDAY        T             5.8  1892   0.4   -0.4       T
  MONTH TO DATE    8.6                       2.7    5.9      0.8
  SINCE DEC 1     30.0                      28.8    1.2     13.1
  SINCE JUL 1     30.2                      33.0   -2.8     21.3
  SNOW DEPTH      10

DEGREE DAYS
 HEATING
  YESTERDAY       30                        47    -17       39
  MONTH TO DATE  273                       331    -58      362
  SINCE DEC 1   2621                      3180   -559     3032
  SINCE JUL 1   3893                      4920  -1027     4869

 COOLING
  YESTERDAY        0                         0      0        0
  MONTH TO DATE    0                         0      0        0
  SINCE DEC 1      0                         0      0        0
  SINCE JAN 1      0                         0      0        0
..................................................................


WIND (MPH)
  HIGHEST WIND SPEED    16   HIGHEST WIND DIRECTION     S (200)
  HIGHEST GUST SPEED    23   HIGHEST GUST DIRECTION     S (190)
  AVERAGE WIND SPEED     8.9


SKY COVER
  POSSIBLE SUNSHINE  MM
  AVERAGE SKY COVER 0.8


WEATHER CONDITIONS
 THE FOLLOWING WEATHER WAS RECORDED YESTERDAY.
  LIGHT SNOW
  FOG


RELATIVE HUMIDITY (PERCENT)
 HIGHEST    85          1200 AM
 LOWEST     70          1200 PM
 AVERAGE    78

..........................................................


THE GREEN BAY WI CLIMATE NORMALS FOR TODAY
                         NORMAL    RECORD    YEAR
 MAXIMUM TEMPERATURE (F)   26        56      1925
 MINIMUM TEMPERATURE (F)   11       -22      1951


SUNRISE AND SUNSET
FEBRUARY  8 2016......SUNRISE   703 AM CST   SUNSET   511 PM CST
FEBRUARY  9 2016......SUNRISE   702 AM CST   SUNSET   512 PM CST


-  INDICATES NEGATIVE NUMBERS.
R  INDICATES RECORD WAS SET OR TIED.
MM INDICATES DATA IS MISSING.
T  INDICATES TRACE AMOUNT.

$$
