462
CDUS43 KGRB 072245
CLIGRB


CLIMATE REPORT
NATIONAL WEATHER SERVICE GREEN BAY
442 PM CST THU DEC 7 2017


...................................

...THE GREEN BAY WI CLIMATE SUMMARY FOR DECEMBER 7 2017...
VALID TODAY AS OF 0400 PM LOCAL TIME.

CLIMATE NORMAL PERIOD 1981 TO 2010
CLIMATE RECORD PERIOD 1886 TO 2017


WEATHER ITEM   OBSERVED TIME   RECORD YEAR NORMAL DEPARTURE LAST
                VALUE   (LST)  VALUE       VALUE  FROM      YEAR
                                                  NORMAL
..................................................................
TEMPERATURE (F)
 TODAY
  MAXIMUM         23    252 PM  50    1946  31     -8       29
                                      1916
  MINIMUM         18    242 AM -21    1972  17      1       23
  AVERAGE         21                        24     -3       26

PRECIPITATION (IN)
  TODAY            0.01          1.12 1927   0.06  -0.05      T
  MONTH TO DATE    0.37                      0.41  -0.04     0.34
  SINCE DEC 1      0.37                      0.41  -0.04     0.34
  SINCE JAN 1     31.03                     28.42   2.61    31.20

SNOWFALL (IN)
  TODAY            0.2          11.2  1927   0.4   -0.2       T
  MONTH TO DATE    0.2                       2.7   -2.5      3.7
  SINCE DEC 1      0.2                       2.7   -2.5      3.7
  SINCE JUL 1      0.8                       6.9   -6.1      4.6
  SNOW DEPTH       T

DEGREE DAYS
 HEATING
  TODAY           44                        41      3       39
  MONTH TO DATE  207                       276    -69      217
  SINCE DEC 1    207                       276    -69      217
  SINCE JUL 1   1623                      2016   -393     1279

 COOLING
  TODAY            0                         0      0        0
  MONTH TO DATE    0                         0      0        0
  SINCE DEC 1      0                         0      0        0
  SINCE JAN 1    477                       398     79      577
..................................................................


WIND (MPH)
  HIGHEST WIND SPEED    23   HIGHEST WIND DIRECTION     W (270)
  HIGHEST GUST SPEED    28   HIGHEST GUST DIRECTION     W (270)
  AVERAGE WIND SPEED    14.3


SKY COVER
  POSSIBLE SUNSHINE  MM
  AVERAGE SKY COVER 0.8


WEATHER CONDITIONS
 THE FOLLOWING WEATHER WAS RECORDED TODAY.
  LIGHT SNOW
  FOG


RELATIVE HUMIDITY (PERCENT)
 HIGHEST    84           400 AM
 LOWEST     52           300 PM
 AVERAGE    68

..........................................................


THE GREEN BAY WI CLIMATE NORMALS FOR TOMORROW
                         NORMAL    RECORD    YEAR
 MAXIMUM TEMPERATURE (F)   31        60      1946
 MINIMUM TEMPERATURE (F)   17       -11      1927


SUNRISE AND SUNSET
DECEMBER  7 2017......SUNRISE   715 AM CST   SUNSET   413 PM CST
DECEMBER  8 2017......SUNRISE   716 AM CST   SUNSET   413 PM CST


-  INDICATES NEGATIVE NUMBERS.
R  INDICATES RECORD WAS SET OR TIED.
MM INDICATES DATA IS MISSING.
T  INDICATES TRACE AMOUNT.




$$
