000
CDUS43 KGRB 110649
CLIGRB


CLIMATE REPORT
NATIONAL WEATHER SERVICE GREEN BAY
148 AM CDT FRI APR 11 2014


...................................

...THE GREEN BAY WI CLIMATE SUMMARY FOR APRIL 10 2014...

CLIMATE NORMAL PERIOD 1981 TO 2010
CLIMATE RECORD PERIOD 1886 TO 2014


WEATHER ITEM   OBSERVED TIME   RECORD YEAR NORMAL DEPARTURE LAST
                VALUE   (LST)  VALUE       VALUE  FROM      YEAR
                                                  NORMAL
..................................................................
TEMPERATURE (F)
 YESTERDAY
  MAXIMUM         61    232 PM  79    1977  51     10       36
  MINIMUM         37   1159 PM  18    1909  32      5       31
  AVERAGE         49                        42      7       34

PRECIPITATION (IN)
  YESTERDAY        0.00          1.44 1953   0.09  -0.09     0.97
  MONTH TO DATE    0.32                      0.82  -0.50     1.86
  SINCE MAR 1      1.23                      2.67  -1.44     3.87
  SINCE JAN 1      4.02                      4.91  -0.89     8.53

SNOWFALL (IN)
  YESTERDAY        0.0           8.0  1894   0.1   -0.1      2.5
  MONTH TO DATE    0.2                       1.4   -1.2      4.0
  SINCE MAR 1      6.3                       9.5   -3.2     12.4
  SINCE JUL 1     68.6                      49.7   18.9     70.4
  SNOW DEPTH       0

DEGREE DAYS
 HEATING
  YESTERDAY       16                        23     -7       31
  MONTH TO DATE  240                       254    -14      292
  SINCE MAR 1   1534                      1314    220     1480
  SINCE JUL 1   8015                      7154    861     6923

 COOLING
  YESTERDAY        0                         0      0        0
  MONTH TO DATE    0                         0      0        0
  SINCE MAR 1      0                         0      0        0
  SINCE JAN 1      0                         0      0        0
..................................................................


WIND (MPH)
  HIGHEST WIND SPEED    28   HIGHEST WIND DIRECTION     W (270)
  HIGHEST GUST SPEED    35   HIGHEST GUST DIRECTION     W (270)
  AVERAGE WIND SPEED    13.0


SKY COVER
  POSSIBLE SUNSHINE  MM
  AVERAGE SKY COVER 0.1


WEATHER CONDITIONS
 THE FOLLOWING WEATHER WAS RECORDED YESTERDAY.
  NO SIGNIFICANT WEATHER WAS OBSERVED.


RELATIVE HUMIDITY (PERCENT)
 HIGHEST    65           600 AM
 LOWEST     27           300 PM
 AVERAGE    46

..........................................................


THE GREEN BAY WI CLIMATE NORMALS FOR TODAY
                         NORMAL    RECORD    YEAR
 MAXIMUM TEMPERATURE (F)   52        82      1977
 MINIMUM TEMPERATURE (F)   32        18      1973


SUNRISE AND SUNSET
APRIL 11 2014.........SUNRISE   616 AM CDT   SUNSET   732 PM CDT
APRIL 12 2014.........SUNRISE   614 AM CDT   SUNSET   734 PM CDT


-  INDICATES NEGATIVE NUMBERS.
R  INDICATES RECORD WAS SET OR TIED.
MM INDICATES DATA IS MISSING.
T  INDICATES TRACE AMOUNT.




$$
