000
CDUS43 KGRB 160821
CLIGRB


CLIMATE REPORT
NATIONAL WEATHER SERVICE GREEN BAY
319 AM CDT SAT SEP 16 2017


...................................

...THE GREEN BAY WI CLIMATE SUMMARY FOR SEPTEMBER 15 2017...

CLIMATE NORMAL PERIOD 1981 TO 2010
CLIMATE RECORD PERIOD 1886 TO 2017


WEATHER ITEM   OBSERVED TIME   RECORD YEAR NORMAL DEPARTURE LAST
                VALUE   (LST)  VALUE       VALUE  FROM      YEAR
                                                  NORMAL
..................................................................
TEMPERATURE (F)
 YESTERDAY
  MAXIMUM         86        MM  94    1939  70     16       77
  MINIMUM         60        MM  32    2007  49     11       49
  AVERAGE         73                        60     13       63

PRECIPITATION (IN)
  YESTERDAY        0.00          1.40 1936   0.11  -0.11     0.00
  MONTH TO DATE    0.51                      1.52  -1.01     2.18
  SINCE SEP 1      0.51                      1.52  -1.01     2.18
  SINCE JAN 1     25.90                     21.92   3.98    23.80

SNOWFALL (IN)
  YESTERDAY        0.0           0.0    MM   0.0    0.0      0.0
  MONTH TO DATE    0.0                       0.0    0.0      0.0
  SINCE SEP 1      0.0                       0.0    0.0      0.0
  SINCE JUL 1      0.0                       0.0    0.0      0.0
  SNOW DEPTH       0

DEGREE DAYS
 HEATING
  YESTERDAY        0                         6     -6        2
  MONTH TO DATE   78                        67     11       23
  SINCE SEP 1     78                        67     11       23
  SINCE JUL 1    119                       130    -11       36

 COOLING
  YESTERDAY        8                         1      7        0
  MONTH TO DATE   11                        25    -14       35
  SINCE SEP 1     11                        25    -14       35
  SINCE JAN 1    388                       387      1      557
..................................................................


WIND (MPH)
  HIGHEST WIND SPEED    16   HIGHEST WIND DIRECTION    SE (150)
  HIGHEST GUST SPEED    MM   HIGHEST GUST DIRECTION    MM
  AVERAGE WIND SPEED     8.6


SKY COVER
  POSSIBLE SUNSHINE  MM
  AVERAGE SKY COVER 0.0


WEATHER CONDITIONS
 THE FOLLOWING WEATHER WAS RECORDED YESTERDAY.
  FOG


RELATIVE HUMIDITY (PERCENT)
 HIGHEST   100           100 AM
 LOWEST     44           100 PM
 AVERAGE    72

..........................................................


THE GREEN BAY WI CLIMATE NORMALS FOR TODAY
                         NORMAL    RECORD    YEAR
 MAXIMUM TEMPERATURE (F)   70        92      1891
 MINIMUM TEMPERATURE (F)   48        33      1916


SUNRISE AND SUNSET
SEPTEMBER 16 2017.....SUNRISE   633 AM CDT   SUNSET   701 PM CDT
SEPTEMBER 17 2017.....SUNRISE   634 AM CDT   SUNSET   659 PM CDT


-  INDICATES NEGATIVE NUMBERS.
R  INDICATES RECORD WAS SET OR TIED.
MM INDICATES DATA IS MISSING.
T  INDICATES TRACE AMOUNT.

$$
