000
CDUS43 KGRB 210721
CLIGRB

CLIMATE REPORT
NATIONAL WEATHER SERVICE GREEN BAY
119 AM CST WED JAN 21 2015

...................................

...THE GREEN BAY WI CLIMATE SUMMARY FOR JANUARY 20 2015...

CLIMATE NORMAL PERIOD 1981 TO 2010
CLIMATE RECORD PERIOD 1886 TO 2015

WEATHER ITEM   OBSERVED TIME   RECORD YEAR NORMAL DEPARTURE LAST
                VALUE   (LST)  VALUE       VALUE  FROM      YEAR
                                                  NORMAL
..................................................................
TEMPERATURE (F)
 YESTERDAY
  MAXIMUM         25   1240 PM  47    1906  24      1       17
  MINIMUM         22    511 AM -25    1985   9     13        1
  AVERAGE         24                        16      8        9

PRECIPITATION (IN)
  YESTERDAY        0.05          0.84 1974   0.04   0.01     0.01
                                      1894
  MONTH TO DATE    0.43                      0.76  -0.33     0.93
  SINCE DEC 1      2.11                      2.27  -0.16     2.82
  SINCE JAN 1      0.43                      0.76  -0.33     0.93

SNOWFALL (IN)
  YESTERDAY        0.8           6.0  1982   0.5    0.3      0.2
  MONTH TO DATE    7.4                       8.3   -0.9     10.8
  SINCE DEC 1     10.9                      21.4  -10.5     37.2
  SINCE JUL 1     19.1                      25.6   -6.5     38.4
  SNOW DEPTH       3

DEGREE DAYS
 HEATING
  YESTERDAY       41                        49     -8       56
  MONTH TO DATE 1005                       970     35     1063
  SINCE DEC 1   2213                      2320   -107     2607
  SINCE JUL 1   4050                      4060    -10     4218

COOLING
  YESTERDAY        0                         0      0        0
  MONTH TO DATE    0                         0      0        0
  SINCE DEC 1      0                         0      0        0
  SINCE JAN 1      0                         0      0        0
..................................................................

WIND (MPH)
  HIGHEST WIND SPEED    15   HIGHEST WIND DIRECTION    NE (40)
  HIGHEST GUST SPEED    18   HIGHEST GUST DIRECTION    NE (50)
  AVERAGE WIND SPEED     9.5

SKY COVER
  POSSIBLE SUNSHINE  MM
  AVERAGE SKY COVER 1.0

WEATHER CONDITIONS
 THE FOLLOWING WEATHER WAS RECORDED YESTERDAY.
  LIGHT SNOW
  FOG

RELATIVE HUMIDITY (PERCENT)
 HIGHEST    96           700 AM
 LOWEST     74           200 PM
 AVERAGE    85
..........................................................

THE GREEN BAY WI CLIMATE NORMALS FOR TODAY
                         NORMAL    RECORD    YEAR
 MAXIMUM TEMPERATURE (F)   24        49      1934
 MINIMUM TEMPERATURE (F)    9       -36      1888

SUNRISE AND SUNSET
JANUARY 21 2015.......SUNRISE   722 AM CST   SUNSET   446 PM CST
JANUARY 22 2015.......SUNRISE   721 AM CST   SUNSET   448 PM CST

-  INDICATES NEGATIVE NUMBERS.
R  INDICATES RECORD WAS SET OR TIED.
MM INDICATES DATA IS MISSING.
T  INDICATES TRACE AMOUNT.

$$
