769
CDUS43 KGRB 230726
CLIGRB


CLIMATE REPORT
NATIONAL WEATHER SERVICE GREEN BAY
224 AM CDT FRI SEP 23 2016

...................................

...THE GREEN BAY WI CLIMATE SUMMARY FOR SEPTEMBER 22 2016...

CLIMATE NORMAL PERIOD 1981 TO 2010
CLIMATE RECORD PERIOD 1886 TO 2016

WEATHER ITEM   OBSERVED TIME   RECORD YEAR NORMAL DEPARTURE LAST
                VALUE   (LST)  VALUE       VALUE  FROM      YEAR
                                                  NORMAL
..................................................................
TEMPERATURE (F)
 YESTERDAY
  MAXIMUM         73    318 PM  93    1895  67      6       79
  MINIMUM         62   1159 PM  27    1974  46     16       49
  AVERAGE         68                        57     11       64

PRECIPITATION (IN)
  YESTERDAY        0.37          2.04 1959   0.10   0.27     0.00
  MONTH TO DATE    3.95                      2.25   1.70     5.73
  SINCE SEP 1      3.95                      2.25   1.70     5.73
  SINCE JAN 1     25.57                     22.65   2.92    21.93

SNOWFALL (IN)
  YESTERDAY        0.0           T    1995   0.0    0.0      0.0
  MONTH TO DATE    0.0                       0.0    0.0      0.0
  SINCE SEP 1      0.0                       0.0    0.0      0.0
  SINCE JUL 1      0.0                       0.0    0.0      0.0
  SNOW DEPTH       0

DEGREE DAYS
 HEATING
  YESTERDAY        0                         9     -9        1
  MONTH TO DATE   24                       122    -98       41
  SINCE SEP 1     24                       122    -98       41
  SINCE JUL 1     37                       185   -148       91

 COOLING
  YESTERDAY        3                         1      2        0
  MONTH TO DATE   50                        32     18      102
  SINCE SEP 1     50                        32     18      102
  SINCE JAN 1    572                       394    178      504
..................................................................

WIND (MPH)
  HIGHEST WIND SPEED    21   HIGHEST WIND DIRECTION    NE (40)
  HIGHEST GUST SPEED    26   HIGHEST GUST DIRECTION    NE (40)
  AVERAGE WIND SPEED     7.9

SKY COVER
  POSSIBLE SUNSHINE  MM
  AVERAGE SKY COVER 0.9


WEATHER CONDITIONS
 THE FOLLOWING WEATHER WAS RECORDED YESTERDAY.
  THUNDERSTORM
  RAIN
  LIGHT RAIN
  FOG


RELATIVE HUMIDITY (PERCENT)
 HIGHEST   100          1200 AM
 LOWEST     84           200 PM
 AVERAGE    92
..........................................................

THE GREEN BAY WI CLIMATE NORMALS FOR TODAY
                         NORMAL    RECORD    YEAR
 MAXIMUM TEMPERATURE (F)   67        90      1937
                                             1891
 MINIMUM TEMPERATURE (F)   45        27      1974


SUNRISE AND SUNSET
SEPTEMBER 23 2016.....SUNRISE   641 AM CDT   SUNSET   647 PM CDT
SEPTEMBER 24 2016.....SUNRISE   643 AM CDT   SUNSET   645 PM CDT

-  INDICATES NEGATIVE NUMBERS.
R  INDICATES RECORD WAS SET OR TIED.
MM INDICATES DATA IS MISSING.
T  INDICATES TRACE AMOUNT.

$$
