000
CDUS43 KGRB 190734
CLIGRB


CLIMATE REPORT
NATIONAL WEATHER SERVICE GREEN BAY
134 AM CST SUN FEB 19 2017


...................................

...THE GREEN BAY WI CLIMATE SUMMARY FOR FEBRUARY 18 2017...

CLIMATE NORMAL PERIOD 1981 TO 2010
CLIMATE RECORD PERIOD 1886 TO 2017


WEATHER ITEM   OBSERVED TIME   RECORD YEAR NORMAL DEPARTURE LAST
                VALUE   (LST)  VALUE       VALUE  FROM      YEAR
                                                  NORMAL
..................................................................
TEMPERATURE (F)
 YESTERDAY
  MAXIMUM         57R   328 PM  50    1981  29     28       37
                                      1954
  MINIMUM         38    633 AM -21    1936  13     25        4
  AVERAGE         48                        21     27       21

PRECIPITATION (IN)
  YESTERDAY        0.00          1.02 1887   0.04  -0.04     0.02
  MONTH TO DATE    0.02                      0.64  -0.62     1.02
  SINCE DEC 1      4.70                      3.28   1.42     8.06
  SINCE JAN 1      2.45                      1.77   0.68     2.35

SNOWFALL (IN)
  YESTERDAY        0.0           6.6  1887   0.3   -0.3       T
  MONTH TO DATE    T                         6.4   -6.4     11.6
  SINCE DEC 1     37.7                      32.5    5.2     33.0
  SINCE JUL 1     38.6                      36.7    1.9     33.2
  SNOW DEPTH       0

DEGREE DAYS
 HEATING
  YESTERDAY       17                        44    -27       44
  MONTH TO DATE  710                       830   -120      838
  SINCE DEC 1   3241                      3679   -438     3186
  SINCE JUL 1   4303                      5419  -1116     4458

 COOLING
  YESTERDAY        0                         0      0        0
  MONTH TO DATE    0                         0      0        0
  SINCE DEC 1      0                         0      0        0
  SINCE JAN 1      0                         0      0        0
..................................................................


WIND (MPH)
  HIGHEST WIND SPEED    17   HIGHEST WIND DIRECTION     W (280)
  HIGHEST GUST SPEED    21   HIGHEST GUST DIRECTION     W (280)
  AVERAGE WIND SPEED     8.6


SKY COVER
  POSSIBLE SUNSHINE  MM
  AVERAGE SKY COVER 0.0


WEATHER CONDITIONS
 THE FOLLOWING WEATHER WAS RECORDED YESTERDAY.
  NO SIGNIFICANT WEATHER WAS OBSERVED.


RELATIVE HUMIDITY (PERCENT)
 HIGHEST    92           600 AM
 LOWEST     51           300 PM
 AVERAGE    72

..........................................................


THE GREEN BAY WI CLIMATE NORMALS FOR TODAY
                         NORMAL    RECORD    YEAR
 MAXIMUM TEMPERATURE (F)   29        55      1981
 MINIMUM TEMPERATURE (F)   13       -17      1936


SUNRISE AND SUNSET
FEBRUARY 19 2017......SUNRISE   646 AM CST   SUNSET   527 PM CST
FEBRUARY 20 2017......SUNRISE   644 AM CST   SUNSET   529 PM CST


-  INDICATES NEGATIVE NUMBERS.
R  INDICATES RECORD WAS SET OR TIED.
MM INDICATES DATA IS MISSING.
T  INDICATES TRACE AMOUNT.




$$
