000
CDUS43 KGRB 170642
CLIGRB


CLIMATE REPORT
NATIONAL WEATHER SERVICE GREEN BAY
141 AM CDT MON JUL 17 2017


...................................

...THE GREEN BAY WI CLIMATE SUMMARY FOR JULY 16 2017...

CLIMATE NORMAL PERIOD 1981 TO 2010
CLIMATE RECORD PERIOD 1886 TO 2017


WEATHER ITEM   OBSERVED TIME   RECORD YEAR NORMAL DEPARTURE LAST
                VALUE   (LST)  VALUE       VALUE  FROM      YEAR
                                                  NORMAL
..................................................................
TEMPERATURE (F)
 YESTERDAY
  MAXIMUM         73    307 PM 100    1931  80     -7       77
  MINIMUM         54   1159 PM  45    1966  59     -5       50
  AVERAGE         64                        69     -5       64

PRECIPITATION (IN)
  YESTERDAY        0.00          1.41 1927   0.12  -0.12     0.00
  MONTH TO DATE    2.71                      1.87   0.84     1.23
  SINCE JUN 1      6.49                      5.75   0.74     5.67
  SINCE JAN 1     19.49                     15.40   4.09    16.85

SNOWFALL (IN)
  YESTERDAY        0.0           0.0    MM   0.0    0.0      0.0
  MONTH TO DATE    0.0                       0.0    0.0      0.0
  SINCE JUN 1      0.0                       0.0    0.0      0.0
  SINCE JUL 1      0.0                       0.0    0.0      0.0
  SNOW DEPTH       0

DEGREE DAYS
 HEATING
  YESTERDAY        1                         1      0        1
  MONTH TO DATE    1                        16    -15        6
  SINCE JUN 1     28                       108    -80       31
  SINCE JUL 1      1                        16    -15        6

 COOLING
  YESTERDAY        0                         5     -5        0
  MONTH TO DATE   93                        80     13       85
  SINCE JUN 1    208                       163     45      185
  SINCE JAN 1    216                       181     35      218
..................................................................


WIND (MPH)
  HIGHEST WIND SPEED    16   HIGHEST WIND DIRECTION    NE (30)
  HIGHEST GUST SPEED    22   HIGHEST GUST DIRECTION     N (20)
  AVERAGE WIND SPEED     8.5


SKY COVER
  POSSIBLE SUNSHINE  MM
  AVERAGE SKY COVER 0.4


WEATHER CONDITIONS
 THE FOLLOWING WEATHER WAS RECORDED YESTERDAY.
  NO SIGNIFICANT WEATHER WAS OBSERVED.


RELATIVE HUMIDITY (PERCENT)
 HIGHEST   100          1200 AM
 LOWEST     53           500 PM
 AVERAGE    77

..........................................................


THE GREEN BAY WI CLIMATE NORMALS FOR TODAY
                         NORMAL    RECORD    YEAR
 MAXIMUM TEMPERATURE (F)   80        98      1931
 MINIMUM TEMPERATURE (F)   59        45      1958
                                             1896


SUNRISE AND SUNSET
JULY 17 2017..........SUNRISE   524 AM CDT   SUNSET   833 PM CDT
JULY 18 2017..........SUNRISE   525 AM CDT   SUNSET   832 PM CDT


-  INDICATES NEGATIVE NUMBERS.
R  INDICATES RECORD WAS SET OR TIED.
MM INDICATES DATA IS MISSING.
T  INDICATES TRACE AMOUNT.




$$
