000
CDUS43 KGRB 202149
CLIGRB


CLIMATE REPORT
NATIONAL WEATHER SERVICE GREEN BAY
445 PM CDT FRI MAY 20 2016


...................................

...THE GREEN BAY WI CLIMATE SUMMARY FOR MAY 20 2016...
VALID TODAY AS OF 0400 PM LOCAL TIME.

CLIMATE NORMAL PERIOD 1981 TO 2010
CLIMATE RECORD PERIOD 1886 TO 2016


WEATHER ITEM   OBSERVED TIME   RECORD YEAR NORMAL DEPARTURE LAST
                VALUE   (LST)  VALUE       VALUE  FROM      YEAR
                                                  NORMAL
..................................................................
TEMPERATURE (F)
 TODAY
  MAXIMUM         76    145 PM  90    2012  67      9       59
                                      1972
                                      1948
  MINIMUM         44    440 AM  30    2002  45     -1       33
  AVERAGE         60                        56      4       46

PRECIPITATION (IN)
  TODAY            0.00          1.02 1913   0.10  -0.10     0.00
  MONTH TO DATE    1.28                      1.74  -0.46     1.21
  SINCE MAR 1      6.62                      6.22   0.40     3.74
  SINCE JAN 1      9.10                      8.46   0.64     4.71

SNOWFALL (IN)
  TODAY            0.0           0.0    MM   0.0    0.0      0.0
  MONTH TO DATE    T                         0.2   -0.2      0.0
  SINCE MAR 1     16.2                      11.2    5.0      4.2
  SINCE JUL 1     50.0                      51.4   -1.4     32.7
  SNOW DEPTH       0

DEGREE DAYS
 HEATING
  TODAY            5                         9     -4       19
  MONTH TO DATE  245                       241      4      160
  SINCE MAR 1   1782                      1938   -156     1692
  SINCE JUL 1   6593                      7778  -1185     7730

 COOLING
  TODAY            0                         1     -1        0
  MONTH TO DATE    1                         3     -2        7
  SINCE MAR 1      1                         5     -4        7
  SINCE JAN 1      1                         5     -4        7
..................................................................


WIND (MPH)
  HIGHEST WIND SPEED    13   HIGHEST WIND DIRECTION    NE (40)
  HIGHEST GUST SPEED    16   HIGHEST GUST DIRECTION    NE (30)
  AVERAGE WIND SPEED     3.4


SKY COVER
  POSSIBLE SUNSHINE  MM
  AVERAGE SKY COVER 0.0


WEATHER CONDITIONS
 THE FOLLOWING WEATHER WAS RECORDED TODAY.
  NO SIGNIFICANT WEATHER WAS OBSERVED.


RELATIVE HUMIDITY (PERCENT)
 HIGHEST    83           400 AM
 LOWEST     27          1200 PM
 AVERAGE    55

..........................................................


THE GREEN BAY WI CLIMATE NORMALS FOR TOMORROW
                         NORMAL    RECORD    YEAR
 MAXIMUM TEMPERATURE (F)   68        88      1970
 MINIMUM TEMPERATURE (F)   46        30      2002


SUNRISE AND SUNSET
MAY 20 2016...........SUNRISE   519 AM CDT   SUNSET   819 PM CDT
MAY 21 2016...........SUNRISE   519 AM CDT   SUNSET   820 PM CDT


-  INDICATES NEGATIVE NUMBERS.
R  INDICATES RECORD WAS SET OR TIED.
MM INDICATES DATA IS MISSING.
T  INDICATES TRACE AMOUNT.




$$
