000
CDUS43 KGRB 100711
CLIGRB


CLIMATE REPORT
NATIONAL WEATHER SERVICE GREEN BAY
210 AM CDT SUN SEP 10 2017


...................................

...THE GREEN BAY WI CLIMATE SUMMARY FOR SEPTEMBER 9 2017...

CLIMATE NORMAL PERIOD 1981 TO 2010
CLIMATE RECORD PERIOD 1886 TO 2017


WEATHER ITEM   OBSERVED TIME   RECORD YEAR NORMAL DEPARTURE LAST
                VALUE   (LST)  VALUE       VALUE  FROM      YEAR
                                                  NORMAL
..................................................................
TEMPERATURE (F)
 YESTERDAY
  MAXIMUM         69    252 PM  95    1955  73     -4       74
                                      1931
  MINIMUM         42    442 AM  36    1956  51     -9       53
  AVERAGE         56                        62     -6       64

PRECIPITATION (IN)
  YESTERDAY        0.00          1.44 1901   0.10  -0.10      T
  MONTH TO DATE    0.51                      0.90  -0.39     0.99
  SINCE SEP 1      0.51                      0.90  -0.39     0.99
  SINCE JAN 1     25.90                     21.30   4.60    22.61

SNOWFALL (IN)
  YESTERDAY        0.0           0.0    MM   0.0    0.0      0.0
  MONTH TO DATE    0.0                       0.0    0.0      0.0
  SINCE SEP 1      0.0                       0.0    0.0      0.0
  SINCE JUL 1      0.0                       0.0    0.0      0.0
  SNOW DEPTH       0

DEGREE DAYS
 HEATING
  YESTERDAY        9                         5      4        1
  MONTH TO DATE   62                        33     29        9
  SINCE SEP 1     62                        33     29        9
  SINCE JUL 1    103                        96      7       22

 COOLING
  YESTERDAY        0                         2     -2        0
  MONTH TO DATE    1                        18    -17       33
  SINCE SEP 1      1                        18    -17       33
  SINCE JAN 1    378                       380     -2      555
..................................................................


WIND (MPH)
  HIGHEST WIND SPEED    13   HIGHEST WIND DIRECTION    SE (150)
  HIGHEST GUST SPEED    16   HIGHEST GUST DIRECTION    SE (130)
  AVERAGE WIND SPEED     5.2


SKY COVER
  POSSIBLE SUNSHINE  MM
  AVERAGE SKY COVER 0.2


WEATHER CONDITIONS
 THE FOLLOWING WEATHER WAS RECORDED YESTERDAY.
  NO SIGNIFICANT WEATHER WAS OBSERVED.


RELATIVE HUMIDITY (PERCENT)
 HIGHEST   100           100 AM
 LOWEST     53           100 PM
 AVERAGE    77

..........................................................


THE GREEN BAY WI CLIMATE NORMALS FOR TODAY
                         NORMAL    RECORD    YEAR
 MAXIMUM TEMPERATURE (F)   72        97      1931
 MINIMUM TEMPERATURE (F)   51        36      1967
                                             1917


SUNRISE AND SUNSET
SEPTEMBER 10 2017.....SUNRISE   626 AM CDT   SUNSET   712 PM CDT
SEPTEMBER 11 2017.....SUNRISE   627 AM CDT   SUNSET   710 PM CDT


-  INDICATES NEGATIVE NUMBERS.
R  INDICATES RECORD WAS SET OR TIED.
MM INDICATES DATA IS MISSING.
T  INDICATES TRACE AMOUNT.




$$
