000
CDUS43 KGRB 110640
CLIGRB


CLIMATE REPORT
NATIONAL WEATHER SERVICE GREEN BAY
139 AM CDT MON SEP 11 2017


...................................

...THE GREEN BAY WI CLIMATE SUMMARY FOR SEPTEMBER 10 2017...

CLIMATE NORMAL PERIOD 1981 TO 2010
CLIMATE RECORD PERIOD 1886 TO 2017


WEATHER ITEM   OBSERVED TIME   RECORD YEAR NORMAL DEPARTURE LAST
                VALUE   (LST)  VALUE       VALUE  FROM      YEAR
                                                  NORMAL
..................................................................
TEMPERATURE (F)
 YESTERDAY
  MAXIMUM         71    321 PM  97    1931  72     -1       71
  MINIMUM         41    558 AM  36    1967  51    -10       50
                                      1917
  AVERAGE         56                        62     -6       61

PRECIPITATION (IN)
  YESTERDAY        0.00          2.20 1986   0.10  -0.10     0.82
  MONTH TO DATE    0.51                      1.00  -0.49     1.81
  SINCE SEP 1      0.51                      1.00  -0.49     1.81
  SINCE JAN 1     25.90                     21.40   4.50    23.43

SNOWFALL (IN)
  YESTERDAY        0.0           0.0    MM   0.0    0.0      0.0
  MONTH TO DATE    0.0                       0.0    0.0      0.0
  SINCE SEP 1      0.0                       0.0    0.0      0.0
  SINCE JUL 1      0.0                       0.0    0.0      0.0
  SNOW DEPTH       0

DEGREE DAYS
 HEATING
  YESTERDAY        9                         5      4        4
  MONTH TO DATE   71                        38     33       13
  SINCE SEP 1     71                        38     33       13
  SINCE JUL 1    112                       101     11       26

 COOLING
  YESTERDAY        0                         2     -2        0
  MONTH TO DATE    1                        20    -19       33
  SINCE SEP 1      1                        20    -19       33
  SINCE JAN 1    378                       382     -4      555
..................................................................


WIND (MPH)
  HIGHEST WIND SPEED    16   HIGHEST WIND DIRECTION    SE (150)
  HIGHEST GUST SPEED    21   HIGHEST GUST DIRECTION     S (160)
  AVERAGE WIND SPEED     5.6


SKY COVER
  POSSIBLE SUNSHINE  MM
  AVERAGE SKY COVER 0.0


WEATHER CONDITIONS
 THE FOLLOWING WEATHER WAS RECORDED YESTERDAY.
  FOG


RELATIVE HUMIDITY (PERCENT)
 HIGHEST   100          1200 AM
 LOWEST     49           200 PM
 AVERAGE    75

..........................................................


THE GREEN BAY WI CLIMATE NORMALS FOR TODAY
                         NORMAL    RECORD    YEAR
 MAXIMUM TEMPERATURE (F)   72        95      1931
                                             1895
 MINIMUM TEMPERATURE (F)   50        35      1959
                                             1958


SUNRISE AND SUNSET
SEPTEMBER 11 2017.....SUNRISE   627 AM CDT   SUNSET   710 PM CDT
SEPTEMBER 12 2017.....SUNRISE   628 AM CDT   SUNSET   708 PM CDT


-  INDICATES NEGATIVE NUMBERS.
R  INDICATES RECORD WAS SET OR TIED.
MM INDICATES DATA IS MISSING.
T  INDICATES TRACE AMOUNT.




$$
