000
CDUS43 KGRB 242147
CLIGRB


CLIMATE REPORT
NATIONAL WEATHER SERVICE GREEN BAY
447 PM CDT WED SEP 24 2014


...................................

...THE GREEN BAY WI CLIMATE SUMMARY FOR SEPTEMBER 24 2014...
VALID TODAY AS OF 0400 PM LOCAL TIME.

CLIMATE NORMAL PERIOD 1981 TO 2010
CLIMATE RECORD PERIOD 1886 TO 2014


WEATHER ITEM   OBSERVED TIME   RECORD YEAR NORMAL DEPARTURE LAST
                VALUE   (LST)  VALUE       VALUE  FROM      YEAR
                                                  NORMAL
..................................................................
TEMPERATURE (F)
 TODAY
  MAXIMUM         72    229 PM  92    1891  66      6       71
  MINIMUM         47    459 AM  28    1989  45      2       41
                                      1976
  AVERAGE         60                        56      4       56

PRECIPITATION (IN)
  TODAY            0.00          1.85 1910   0.11  -0.11     0.00
  MONTH TO DATE    4.57                      2.47   2.10     2.67
  SINCE SEP 1      4.57                      2.47   2.10     2.67
  SINCE JAN 1     25.29                     22.87   2.42    26.66

SNOWFALL (IN)
  TODAY            0.0           0.0    MM   0.0    0.0      0.0
  MONTH TO DATE    0.0                       0.0    0.0      0.0
  SINCE SEP 1      0.0                       0.0    0.0      0.0
  SINCE JUL 1      0.0                       0.0    0.0      0.0
  SNOW DEPTH       0

DEGREE DAYS
 HEATING
  TODAY            5                        10     -5        9
  MONTH TO DATE  163                       141     22      139
  SINCE SEP 1    163                       141     22      139
  SINCE JUL 1    192                       204    -12      179

 COOLING
  TODAY            0                         0      0        0
  MONTH TO DATE   18                        32    -14       54
  SINCE SEP 1     18                        32    -14       54
  SINCE JAN 1    361                       394    -33      532
..................................................................


WIND (MPH)
  HIGHEST WIND SPEED    13   HIGHEST WIND DIRECTION    SE (140)
  HIGHEST GUST SPEED    17   HIGHEST GUST DIRECTION     S (160)
  AVERAGE WIND SPEED     5.1


SKY COVER
  POSSIBLE SUNSHINE  MM
  AVERAGE SKY COVER 0.0


WEATHER CONDITIONS
 THE FOLLOWING WEATHER WAS RECORDED TODAY.
  FOG


RELATIVE HUMIDITY (PERCENT)
 HIGHEST    96          1200 AM
 LOWEST     53           100 PM
 AVERAGE    75

..........................................................


THE GREEN BAY WI CLIMATE NORMALS FOR TOMORROW
                         NORMAL    RECORD    YEAR
 MAXIMUM TEMPERATURE (F)   66        87      1920
 MINIMUM TEMPERATURE (F)   45        30      1966
                                             1947
                                             1942


SUNRISE AND SUNSET
SEPTEMBER 24 2014.....SUNRISE   642 AM CDT   SUNSET   646 PM CDT
SEPTEMBER 25 2014.....SUNRISE   643 AM CDT   SUNSET   644 PM CDT


-  INDICATES NEGATIVE NUMBERS.
R  INDICATES RECORD WAS SET OR TIED.
MM INDICATES DATA IS MISSING.
T  INDICATES TRACE AMOUNT.




$$
