104
CDUS43 KGRB 130819
CLIGRB


CLIMATE REPORT
NATIONAL WEATHER SERVICE GREEN BAY
217 AM CST MON NOV 13 2017


...................................

...THE GREEN BAY WI CLIMATE SUMMARY FOR NOVEMBER 12 2017...

CLIMATE NORMAL PERIOD 1981 TO 2010
CLIMATE RECORD PERIOD 1886 TO 2017


WEATHER ITEM   OBSERVED TIME   RECORD YEAR NORMAL DEPARTURE LAST
                VALUE   (LST)  VALUE       VALUE  FROM      YEAR
                                                  NORMAL
..................................................................
TEMPERATURE (F)
 YESTERDAY
  MAXIMUM         43    116 PM  64    1964  44     -1       52
  MINIMUM         20    409 AM   6    1986  29     -9       29
                                      1911
  AVERAGE         32                        36     -4       41

PRECIPITATION (IN)
  YESTERDAY        0.00          0.98 1889   0.07  -0.07     0.00
  MONTH TO DATE    0.41                      0.86  -0.45     0.10
  SINCE SEP 1      4.54                      6.34  -1.80     7.05
  SINCE JAN 1     29.93                     26.74   3.19    28.67

SNOWFALL (IN)
  YESTERDAY        0.0           9.8  1889   0.1   -0.1      0.0
  MONTH TO DATE    0.6                       0.7   -0.1      0.0
  SINCE SEP 1      0.6                       0.9   -0.3      0.0
  SINCE JUL 1      0.6                       0.9   -0.3      0.0
  SNOW DEPTH       T

DEGREE DAYS
 HEATING
  YESTERDAY       33                        29      4       24
  MONTH TO DATE  374                       314     60      178
  SINCE SEP 1    870                      1077   -207      619
  SINCE JUL 1    911                      1140   -229      632

 COOLING
  YESTERDAY        0                         0      0        0
  MONTH TO DATE    0                         0      0        0
  SINCE SEP 1    100                        36     64       55
  SINCE JAN 1    477                       398     79      577
..................................................................


WIND (MPH)
  HIGHEST WIND SPEED     7   HIGHEST WIND DIRECTION     W (260)
  HIGHEST GUST SPEED     9   HIGHEST GUST DIRECTION    NW (300)
  AVERAGE WIND SPEED     2.2


SKY COVER
  POSSIBLE SUNSHINE  MM
  AVERAGE SKY COVER 0.4


WEATHER CONDITIONS
 THE FOLLOWING WEATHER WAS RECORDED YESTERDAY.
  FOG


RELATIVE HUMIDITY (PERCENT)
 HIGHEST   100           100 AM
 LOWEST     60           200 PM
 AVERAGE    80

..........................................................


THE GREEN BAY WI CLIMATE NORMALS FOR TODAY
                         NORMAL    RECORD    YEAR
 MAXIMUM TEMPERATURE (F)   44        68      1999
 MINIMUM TEMPERATURE (F)   28         2      1986


SUNRISE AND SUNSET
NOVEMBER 13 2017......SUNRISE   646 AM CST   SUNSET   427 PM CST
NOVEMBER 14 2017......SUNRISE   648 AM CST   SUNSET   426 PM CST


-  INDICATES NEGATIVE NUMBERS.
R  INDICATES RECORD WAS SET OR TIED.
MM INDICATES DATA IS MISSING.
T  INDICATES TRACE AMOUNT.

$$
