000
CDUS43 KGRB 250816
CLIGRB


CLIMATE REPORT
NATIONAL WEATHER SERVICE GREEN BAY
315 AM CDT THU JUN 25 2015


...................................

...THE GREEN BAY WI CLIMATE SUMMARY FOR JUNE 24 2015...

CLIMATE NORMAL PERIOD 1981 TO 2010
CLIMATE RECORD PERIOD 1886 TO 2015


WEATHER ITEM   OBSERVED TIME   RECORD YEAR NORMAL DEPARTURE LAST
                VALUE   (LST)  VALUE       VALUE  FROM      YEAR
                                                  NORMAL
..................................................................
TEMPERATURE (F)
 YESTERDAY
  MAXIMUM         83    224 PM  95    1937  78      5       81
  MINIMUM         55    429 AM  43    1887  57     -2       63
  AVERAGE         69                        67      2       72

PRECIPITATION (IN)
  YESTERDAY        0.00          1.52 1940   0.13  -0.13     0.01
  MONTH TO DATE    2.40                      3.13  -0.73     3.72
  SINCE JUN 1      2.40                      3.13  -0.73     3.72
  SINCE JAN 1      9.34                     12.78  -3.44    14.38

SNOWFALL (IN)
  YESTERDAY        0.0           0.0    MM   0.0    0.0      0.0
  MONTH TO DATE    0.0                       0.0    0.0      0.0
  SINCE JUN 1      0.0                       0.0    0.0      0.0
  SINCE JUL 1     32.7                      51.4  -18.7     72.1
  SNOW DEPTH       0

DEGREE DAYS
 HEATING
  YESTERDAY        0                         2     -2        0
  MONTH TO DATE   49                        84    -35       29
  SINCE JUN 1     49                        84    -35       29
  SINCE JUL 1   7829                      7947   -118     8769

 COOLING
  YESTERDAY        4                         4      0        7
  MONTH TO DATE   54                        58     -4       69
  SINCE JUN 1     54                        58     -4       69
  SINCE JAN 1     82                        76      6       85
..................................................................


WIND (MPH)
  HIGHEST WIND SPEED    15   HIGHEST WIND DIRECTION    NE (50)
  HIGHEST GUST SPEED    20   HIGHEST GUST DIRECTION    NE (50)
  AVERAGE WIND SPEED     5.7


SKY COVER
  POSSIBLE SUNSHINE  MM
  AVERAGE SKY COVER 0.1


WEATHER CONDITIONS
 THE FOLLOWING WEATHER WAS RECORDED YESTERDAY.
  NO SIGNIFICANT WEATHER WAS OBSERVED.


RELATIVE HUMIDITY (PERCENT)
 HIGHEST    93           400 AM
 LOWEST     37           200 PM
 AVERAGE    65

..........................................................


THE GREEN BAY WI CLIMATE NORMALS FOR TODAY
                         NORMAL    RECORD    YEAR
 MAXIMUM TEMPERATURE (F)   78        92      1966
                                             1963
 MINIMUM TEMPERATURE (F)   57        41      1970


SUNRISE AND SUNSET
JUNE 25 2015..........SUNRISE   509 AM CDT   SUNSET   841 PM CDT
JUNE 26 2015..........SUNRISE   509 AM CDT   SUNSET   841 PM CDT


-  INDICATES NEGATIVE NUMBERS.
R  INDICATES RECORD WAS SET OR TIED.
MM INDICATES DATA IS MISSING.
T  INDICATES TRACE AMOUNT.




$$
