000
CDUS43 KGRB 130713
CLIGRB

CLIMATE REPORT
NATIONAL WEATHER SERVICE GREEN BAY
211 AM CDT MON MAR 13 2017

...................................

...THE GREEN BAY WI CLIMATE SUMMARY FOR MARCH 12 2017...

CLIMATE NORMAL PERIOD 1981 TO 2010
CLIMATE RECORD PERIOD 1886 TO 2017


WEATHER ITEM   OBSERVED TIME   RECORD YEAR NORMAL DEPARTURE LAST
                VALUE   (LST)  VALUE       VALUE  FROM      YEAR
                                                  NORMAL
..................................................................
TEMPERATURE (F)
 YESTERDAY
  MAXIMUM         27    412 PM  70    1990  37    -10       63
  MINIMUM         14    622 AM  -7    1948  21     -7       35
  AVERAGE         21                        29     -8       49

PRECIPITATION (IN)
  YESTERDAY        0.03          0.99 1899   0.06  -0.03     0.00
  MONTH TO DATE    0.72                      0.68   0.04     0.30
  SINCE MAR 1      0.72                      0.68   0.04     0.30
  SINCE JAN 1      3.97                      2.92   1.05     2.78

SNOWFALL (IN)
  YESTERDAY        0.5           8.0  1923   0.3    0.2      0.0
  MONTH TO DATE    6.4                       4.0    2.4      3.7
  SINCE MAR 1      6.4                       4.0    2.4      3.7
  SINCE JUL 1     50.6                      44.2    6.4     37.5
  SNOW DEPTH       1

DEGREE DAYS
 HEATING
  YESTERDAY       44                        36      8       16
  MONTH TO DATE  392                       457    -65      353
  SINCE MAR 1    392                       457    -65      353
  SINCE JUL 1   4965                      6297  -1332     5164

 COOLING
  YESTERDAY        0                         0      0        0
  MONTH TO DATE    0                         0      0        0
  SINCE MAR 1      0                         0      0        0
  SINCE JAN 1      0                         0      0        0
..................................................................

WIND (MPH)
  HIGHEST WIND SPEED    15   HIGHEST WIND DIRECTION    NE (30)
  HIGHEST GUST SPEED    18   HIGHEST GUST DIRECTION     N (20)
  AVERAGE WIND SPEED     5.6

SKY COVER
  POSSIBLE SUNSHINE  MM
  AVERAGE SKY COVER 0.3

WEATHER CONDITIONS
 THE FOLLOWING WEATHER WAS RECORDED YESTERDAY.
  LIGHT SNOW
  FOG

RELATIVE HUMIDITY (PERCENT)
 HIGHEST    84          1100 PM
 LOWEST     37           400 PM
 AVERAGE    61
..........................................................

THE GREEN BAY WI CLIMATE NORMALS FOR TODAY
                         NORMAL    RECORD    YEAR
 MAXIMUM TEMPERATURE (F)   38        70      1995
 MINIMUM TEMPERATURE (F)   21        -5      1956

SUNRISE AND SUNSET
MARCH 13 2017.........SUNRISE   708 AM CDT   SUNSET   656 PM CDT
MARCH 14 2017.........SUNRISE   706 AM CDT   SUNSET   658 PM CDT

-  INDICATES NEGATIVE NUMBERS.
R  INDICATES RECORD WAS SET OR TIED.
MM INDICATES DATA IS MISSING.
T  INDICATES TRACE AMOUNT.

$$
