000
CDUS43 KGRB 142154
CLIGRB


CLIMATE REPORT
NATIONAL WEATHER SERVICE GREEN BAY
452 PM CDT THU AUG 14 2014


...................................

...THE GREEN BAY WI CLIMATE SUMMARY FOR AUGUST 14 2014...
VALID TODAY AS OF 0400 PM LOCAL TIME.

CLIMATE NORMAL PERIOD 1981 TO 2010
CLIMATE RECORD PERIOD 1886 TO 2014


WEATHER ITEM   OBSERVED TIME   RECORD YEAR NORMAL DEPARTURE LAST
                VALUE   (LST)  VALUE       VALUE  FROM      YEAR
                                                  NORMAL
..................................................................
TEMPERATURE (F)
 TODAY
  MAXIMUM         73    259 PM  96    1965  78     -5       72
  MINIMUM         48    519 AM  40    1964  58    -10       43
  AVERAGE         61                        68     -7       58

PRECIPITATION (IN)
  TODAY            0.00          1.00 1986   0.11  -0.11     0.00
  MONTH TO DATE    1.66                      1.59   0.07     0.74
  SINCE JUN 1      6.92                      8.97  -2.05     7.91
  SINCE JAN 1     17.58                     18.62  -1.04    21.68

SNOWFALL (IN)
  TODAY            0.0           0.0    MM   0.0    0.0      0.0
  MONTH TO DATE    0.0                       0.0    0.0      0.0
  SINCE JUN 1      0.0                       0.0    0.0      0.0
  SINCE JUL 1      0.0                       0.0    0.0      0.0
  SNOW DEPTH       0

DEGREE DAYS
 HEATING
  TODAY            4                         1      3        7
  MONTH TO DATE    6                        14     -8       17
  SINCE JUN 1     52                       129    -77      111
  SINCE JUL 1     21                        37    -16       39

 COOLING
  TODAY            0                         4     -4        0
  MONTH TO DATE   50                        57     -7       20
  SINCE JUN 1    255                       290    -35      323
  SINCE JAN 1    271                       308    -37      361
..................................................................


WIND (MPH)
  HIGHEST WIND SPEED    13   HIGHEST WIND DIRECTION     N (340)
  HIGHEST GUST SPEED    17   HIGHEST GUST DIRECTION    NW (320)
  AVERAGE WIND SPEED     4.4


SKY COVER
  POSSIBLE SUNSHINE  MM
  AVERAGE SKY COVER 0.1


WEATHER CONDITIONS
 THE FOLLOWING WEATHER WAS RECORDED TODAY.
  NO SIGNIFICANT WEATHER WAS OBSERVED.


RELATIVE HUMIDITY (PERCENT)
 HIGHEST    93           300 AM
 LOWEST     38           300 PM
 AVERAGE    66

..........................................................


THE GREEN BAY WI CLIMATE NORMALS FOR TOMORROW
                         NORMAL    RECORD    YEAR
 MAXIMUM TEMPERATURE (F)   78        93      1937
 MINIMUM TEMPERATURE (F)   57        41      1992


SUNRISE AND SUNSET
AUGUST 14 2014........SUNRISE   554 AM CDT   SUNSET   759 PM CDT
AUGUST 15 2014........SUNRISE   555 AM CDT   SUNSET   758 PM CDT


-  INDICATES NEGATIVE NUMBERS.
R  INDICATES RECORD WAS SET OR TIED.
MM INDICATES DATA IS MISSING.
T  INDICATES TRACE AMOUNT.




$$
