000
CDUS43 KGRB 130734
CLIGRB


CLIMATE REPORT
NATIONAL WEATHER SERVICE GREEN BAY
133 AM CST WED DEC 13 2017


...................................

...THE GREEN BAY WI CLIMATE SUMMARY FOR DECEMBER 12 2017...

CLIMATE NORMAL PERIOD 1981 TO 2010
CLIMATE RECORD PERIOD 1886 TO 2017


WEATHER ITEM   OBSERVED TIME   RECORD YEAR NORMAL DEPARTURE LAST
                VALUE   (LST)  VALUE       VALUE  FROM      YEAR
                                                  NORMAL
..................................................................
TEMPERATURE (F)
 YESTERDAY
  MAXIMUM         20    136 PM  52    1968  29     -9       24
  MINIMUM         11    544 PM  -6    1985  15     -4       15
                                      1903
  AVERAGE         16                        22     -6       20

PRECIPITATION (IN)
  YESTERDAY        T             0.83 1965   0.05  -0.05      T
  MONTH TO DATE    0.45                      0.68  -0.23     0.64
  SINCE DEC 1      0.45                      0.68  -0.23     0.64
  SINCE JAN 1     31.11                     28.69   2.42    31.50

SNOWFALL (IN)
  YESTERDAY        T             6.0  1909   0.4   -0.4       T
  MONTH TO DATE    1.7                       4.9   -3.2      9.3
  SINCE DEC 1      1.7                       4.9   -3.2      9.3
  SINCE JUL 1      2.3                       9.1   -6.8     10.2
  SNOW DEPTH       1

DEGREE DAYS
 HEATING
  YESTERDAY       49                        43      6       45
  MONTH TO DATE  426                       486    -60      427
  SINCE DEC 1    426                       486    -60      427
  SINCE JUL 1   1842                      2226   -384     1489

 COOLING
  YESTERDAY        0                         0      0        0
  MONTH TO DATE    0                         0      0        0
  SINCE DEC 1      0                         0      0        0
  SINCE JAN 1    477                       398     79      577
..................................................................


WIND (MPH)
  HIGHEST WIND SPEED    22   HIGHEST WIND DIRECTION     N (340)
  HIGHEST GUST SPEED    30   HIGHEST GUST DIRECTION    NW (330)
  AVERAGE WIND SPEED    10.7


SKY COVER
  POSSIBLE SUNSHINE  MM
  AVERAGE SKY COVER 0.8


WEATHER CONDITIONS
 THE FOLLOWING WEATHER WAS RECORDED YESTERDAY.
  LIGHT SNOW


RELATIVE HUMIDITY (PERCENT)
 HIGHEST    67           300 AM
 LOWEST     54           300 PM
 AVERAGE    61

..........................................................


THE GREEN BAY WI CLIMATE NORMALS FOR TODAY
                         NORMAL    RECORD    YEAR
 MAXIMUM TEMPERATURE (F)   29        55      2015
 MINIMUM TEMPERATURE (F)   15       -20      1903


SUNRISE AND SUNSET
DECEMBER 13 2017......SUNRISE   721 AM CST   SUNSET   413 PM CST
DECEMBER 14 2017......SUNRISE   721 AM CST   SUNSET   413 PM CST


-  INDICATES NEGATIVE NUMBERS.
R  INDICATES RECORD WAS SET OR TIED.
MM INDICATES DATA IS MISSING.
T  INDICATES TRACE AMOUNT.




$$
