000
CDUS43 KGRB 252119
CLIGRB


CLIMATE REPORT
NATIONAL WEATHER SERVICE GREEN BAY
419 PM CDT SUN SEP 25 2016


...................................

...THE GREEN BAY WI CLIMATE SUMMARY FOR SEPTEMBER 25 2016...
VALID TODAY AS OF 0400 PM LOCAL TIME.

CLIMATE NORMAL PERIOD 1981 TO 2010
CLIMATE RECORD PERIOD 1886 TO 2016


WEATHER ITEM   OBSERVED TIME   RECORD YEAR NORMAL DEPARTURE LAST
                VALUE   (LST)  VALUE       VALUE  FROM      YEAR
                                                  NORMAL
..................................................................
TEMPERATURE (F)
 TODAY
  MAXIMUM         77   1235 PM  87    1920  66     11       76
  MINIMUM         57    140 AM  30    1966  45     12       58
                                      1947
                                      1942
  AVERAGE         67                        55     12       67

PRECIPITATION (IN)
  TODAY            0.00          1.23 1972   0.10  -0.10     0.00
  MONTH TO DATE    3.95                      2.57   1.38     5.73
  SINCE SEP 1      3.95                      2.57   1.38     5.73
  SINCE JAN 1     25.57                     22.97   2.60    21.93

SNOWFALL (IN)
  TODAY            0.0           T    1942   0.0    0.0      0.0
                                      1928
  MONTH TO DATE    0.0                       0.0    0.0      0.0
  SINCE SEP 1      0.0                       0.0    0.0      0.0
  SINCE JUL 1      0.0                       0.0    0.0      0.0
  SNOW DEPTH       0

DEGREE DAYS
 HEATING
  TODAY            0                        10    -10        0
  MONTH TO DATE   29                       151   -122       41
  SINCE SEP 1     29                       151   -122       41
  SINCE JUL 1     42                       214   -172       91

 COOLING
  TODAY            2                         0      2        2
  MONTH TO DATE   52                        32     20      106
  SINCE SEP 1     52                        32     20      106
  SINCE JAN 1    574                       394    180      508
..................................................................


WIND (MPH)
  HIGHEST WIND SPEED    21   HIGHEST WIND DIRECTION    SE (150)
  HIGHEST GUST SPEED    25   HIGHEST GUST DIRECTION    SE (140)
  AVERAGE WIND SPEED    10.1


SKY COVER
  POSSIBLE SUNSHINE  MM
  AVERAGE SKY COVER 0.6


WEATHER CONDITIONS
 THE FOLLOWING WEATHER WAS RECORDED TODAY.
  THUNDERSTORM
  LIGHT RAIN


RELATIVE HUMIDITY (PERCENT)
 HIGHEST   100          1200 AM
 LOWEST     74          1200 PM
 AVERAGE    87

..........................................................


THE GREEN BAY WI CLIMATE NORMALS FOR TOMORROW
                         NORMAL    RECORD    YEAR
 MAXIMUM TEMPERATURE (F)   66        86      1973
                                             1908
 MINIMUM TEMPERATURE (F)   44        28      1966


SUNRISE AND SUNSET
SEPTEMBER 25 2016.....SUNRISE   644 AM CDT   SUNSET   643 PM CDT
SEPTEMBER 26 2016.....SUNRISE   645 AM CDT   SUNSET   642 PM CDT


-  INDICATES NEGATIVE NUMBERS.
R  INDICATES RECORD WAS SET OR TIED.
MM INDICATES DATA IS MISSING.
T  INDICATES TRACE AMOUNT.




$$
