665
CDUS43 KGRB 230722
CLIGRB


CLIMATE REPORT
NATIONAL WEATHER SERVICE GREEN BAY
220 AM CDT TUE MAY 23 2017


...................................

...THE GREEN BAY WI CLIMATE SUMMARY FOR MAY 22 2017...

CLIMATE NORMAL PERIOD 1981 TO 2010
CLIMATE RECORD PERIOD 1886 TO 2017


WEATHER ITEM   OBSERVED TIME   RECORD YEAR NORMAL DEPARTURE LAST
                VALUE   (LST)  VALUE       VALUE  FROM      YEAR
                                                  NORMAL
..................................................................
TEMPERATURE (F)
 YESTERDAY
  MAXIMUM         69    422 PM  91    1921  68      1       81
  MINIMUM         48    605 AM  29    1967  46      2       52
  AVERAGE         59                        57      2       67

PRECIPITATION (IN)
  YESTERDAY        0.01          1.54 1970   0.10  -0.09     0.00
  MONTH TO DATE    2.11                      1.94   0.17     1.28
  SINCE MAR 1      8.89                      6.42   2.47     6.62
  SINCE JAN 1     12.14                      8.66   3.48     9.10

SNOWFALL (IN)
  YESTERDAY        0.0           0.0    MM   0.0    0.0      0.0
  MONTH TO DATE    0.0                       0.2   -0.2       T
  SINCE MAR 1      9.0                      11.2   -2.2     16.2
  SINCE JUL 1     53.2                      51.4    1.8     50.0
  SNOW DEPTH       0

DEGREE DAYS
 HEATING
  YESTERDAY        6                         9     -3        0
  MONTH TO DATE  250                       259     -9      246
  SINCE MAR 1   1761                      1956   -195     1783
  SINCE JUL 1   6334                      7796  -1462     6594

 COOLING
  YESTERDAY        0                         1     -1        2
  MONTH TO DATE    8                         5      3        3
  SINCE MAR 1      8                         7      1        3
  SINCE JAN 1      8                         7      1        3
..................................................................


WIND (MPH)
  HIGHEST WIND SPEED    21   HIGHEST WIND DIRECTION     W (260)
  HIGHEST GUST SPEED    27   HIGHEST GUST DIRECTION    SW (230)
  AVERAGE WIND SPEED    11.5


SKY COVER
  POSSIBLE SUNSHINE  MM
  AVERAGE SKY COVER 0.6


WEATHER CONDITIONS
 THE FOLLOWING WEATHER WAS RECORDED YESTERDAY.
  LIGHT RAIN


RELATIVE HUMIDITY (PERCENT)
 HIGHEST    89          1100 PM
 LOWEST     49           300 PM
 AVERAGE    69

..........................................................


THE GREEN BAY WI CLIMATE NORMALS FOR TODAY
                         NORMAL    RECORD    YEAR
 MAXIMUM TEMPERATURE (F)   68        88      2010
 MINIMUM TEMPERATURE (F)   46        29      1963
                                             1958


SUNRISE AND SUNSET
MAY 23 2017...........SUNRISE   517 AM CDT   SUNSET   822 PM CDT
MAY 24 2017...........SUNRISE   516 AM CDT   SUNSET   823 PM CDT


-  INDICATES NEGATIVE NUMBERS.
R  INDICATES RECORD WAS SET OR TIED.
MM INDICATES DATA IS MISSING.
T  INDICATES TRACE AMOUNT.

$$
