000
CDUS43 KGRB 070637
CLIGRB


CLIMATE REPORT
NATIONAL WEATHER SERVICE GREEN BAY
136 AM CDT MON JUL 7 2014


...................................

...THE GREEN BAY WI CLIMATE SUMMARY FOR JULY 6 2014...

CLIMATE NORMAL PERIOD 1981 TO 2010
CLIMATE RECORD PERIOD 1886 TO 2014


WEATHER ITEM   OBSERVED TIME   RECORD YEAR NORMAL DEPARTURE LAST
                VALUE   (LST)  VALUE       VALUE  FROM      YEAR
                                                  NORMAL
..................................................................
TEMPERATURE (F)
 YESTERDAY
  MAXIMUM         79    327 PM  98    1988  80     -1       88
  MINIMUM         65    517 AM  40    1965  58      7       64
  AVERAGE         72                        69      3       76

PRECIPITATION (IN)
  YESTERDAY        T             1.49 1920   0.12  -0.12     0.00
  MONTH TO DATE    0.11                      0.72  -0.61     0.01
  SINCE JUN 1      4.16                      4.60  -0.44     3.83
  SINCE JAN 1     14.82                     14.25   0.57    17.60

SNOWFALL (IN)
  YESTERDAY        0.0           0.0    MM   0.0    0.0      0.0
  MONTH TO DATE    0.0                       0.0    0.0      0.0
  SINCE JUN 1      0.0                       0.0    0.0      0.0
  SINCE JUL 1      0.0                       0.0    0.0      0.0
  SNOW DEPTH       0

DEGREE DAYS
 HEATING
  YESTERDAY        0                         1     -1        0
  MONTH TO DATE    5                         6     -1        1
  SINCE JUN 1     36                        98    -62       73
  SINCE JUL 1      5                         6     -1        1

 COOLING
  YESTERDAY        7                         5      2       11
  MONTH TO DATE   15                        30    -15       36
  SINCE JUN 1    121                       113      8      141
  SINCE JAN 1    137                       131      6      179
..................................................................


WIND (MPH)
  HIGHEST WIND SPEED    21   HIGHEST WIND DIRECTION     S (200)
  HIGHEST GUST SPEED    27   HIGHEST GUST DIRECTION     S (200)
  AVERAGE WIND SPEED     9.4


SKY COVER
  POSSIBLE SUNSHINE  MM
  AVERAGE SKY COVER 0.6


WEATHER CONDITIONS
 THE FOLLOWING WEATHER WAS RECORDED YESTERDAY.
  LIGHT RAIN
  FOG
  HAZE


RELATIVE HUMIDITY (PERCENT)
 HIGHEST    93          1000 PM
 LOWEST     78          1200 AM
 AVERAGE    86

..........................................................


THE GREEN BAY WI CLIMATE NORMALS FOR TODAY
                         NORMAL    RECORD    YEAR
 MAXIMUM TEMPERATURE (F)   80       103      1936
 MINIMUM TEMPERATURE (F)   58        44      1997


SUNRISE AND SUNSET
JULY  7 2014..........SUNRISE   516 AM CDT   SUNSET   839 PM CDT
JULY  8 2014..........SUNRISE   516 AM CDT   SUNSET   839 PM CDT


-  INDICATES NEGATIVE NUMBERS.
R  INDICATES RECORD WAS SET OR TIED.
MM INDICATES DATA IS MISSING.
T  INDICATES TRACE AMOUNT.




$$
