000
CDUS43 KGRB 180654
CLIGRB


CLIMATE REPORT
NATIONAL WEATHER SERVICE GREEN BAY
153 AM CDT MON AUG 18 2014


...................................

...THE GREEN BAY WI CLIMATE SUMMARY FOR AUGUST 17 2014...

CLIMATE NORMAL PERIOD 1981 TO 2010
CLIMATE RECORD PERIOD 1886 TO 2014


WEATHER ITEM   OBSERVED TIME   RECORD YEAR NORMAL DEPARTURE LAST
                VALUE   (LST)  VALUE       VALUE  FROM      YEAR
                                                  NORMAL
..................................................................
TEMPERATURE (F)
 YESTERDAY
  MAXIMUM         67    340 PM  96    1947  78    -11       82
  MINIMUM         54   1159 PM  42    1954  57     -3       53
  AVERAGE         61                        68     -7       68

PRECIPITATION (IN)
  YESTERDAY        0.00          2.61 1951   0.11  -0.11     0.00
  MONTH TO DATE    1.67                      1.93  -0.26     0.74
  SINCE JUN 1      6.93                      9.31  -2.38     7.91
  SINCE JAN 1     17.59                     18.96  -1.37    21.68

SNOWFALL (IN)
  YESTERDAY        0.0           0.0    MM   0.0    0.0      0.0
  MONTH TO DATE    0.0                       0.0    0.0      0.0
  SINCE JUN 1      0.0                       0.0    0.0      0.0
  SINCE JUL 1      0.0                       0.0    0.0      0.0
  SNOW DEPTH       0

DEGREE DAYS
 HEATING
  YESTERDAY        4                         1      3        0
  MONTH TO DATE   12                        17     -5       18
  SINCE JUN 1     58                       132    -74      112
  SINCE JUL 1     27                        40    -13       40

 COOLING
  YESTERDAY        0                         4     -4        3
  MONTH TO DATE   56                        69    -13       25
  SINCE JUN 1    261                       302    -41      328
  SINCE JAN 1    277                       320    -43      366
..................................................................


WIND (MPH)
  HIGHEST WIND SPEED    15   HIGHEST WIND DIRECTION    NE (60)
  HIGHEST GUST SPEED    20   HIGHEST GUST DIRECTION    NW (320)
  AVERAGE WIND SPEED     7.7


SKY COVER
  POSSIBLE SUNSHINE  MM
  AVERAGE SKY COVER 0.7


WEATHER CONDITIONS
 THE FOLLOWING WEATHER WAS RECORDED YESTERDAY.
  NO SIGNIFICANT WEATHER WAS OBSERVED.


RELATIVE HUMIDITY (PERCENT)
 HIGHEST   100          1000 PM
 LOWEST     68           500 PM
 AVERAGE    84

..........................................................


THE GREEN BAY WI CLIMATE NORMALS FOR TODAY
                         NORMAL    RECORD    YEAR
 MAXIMUM TEMPERATURE (F)   78        97      1955
 MINIMUM TEMPERATURE (F)   57        41      1963


SUNRISE AND SUNSET
AUGUST 18 2014........SUNRISE   559 AM CDT   SUNSET   753 PM CDT
AUGUST 19 2014........SUNRISE   600 AM CDT   SUNSET   751 PM CDT


-  INDICATES NEGATIVE NUMBERS.
R  INDICATES RECORD WAS SET OR TIED.
MM INDICATES DATA IS MISSING.
T  INDICATES TRACE AMOUNT.




$$
