000
CDUS43 KGRB 042233
CLIGRB


CLIMATE REPORT
NATIONAL WEATHER SERVICE GREEN BAY
433 PM CST THU FEB 4 2016


...................................

...THE GREEN BAY WI CLIMATE SUMMARY FOR FEBRUARY 4 2016...
VALID TODAY AS OF 0400 PM LOCAL TIME.

CLIMATE NORMAL PERIOD 1981 TO 2010
CLIMATE RECORD PERIOD 1886 TO 2016


WEATHER ITEM   OBSERVED TIME   RECORD YEAR NORMAL DEPARTURE LAST
                VALUE   (LST)  VALUE       VALUE  FROM      YEAR
                                                  NORMAL
..................................................................
TEMPERATURE (F)
 TODAY
  MAXIMUM         24   1146 AM  44    2012  26     -2       19
                                      1909
                                      1890
  MINIMUM         13    732 AM -24    1996  10      3       -1
  AVERAGE         19                        18      1        9

PRECIPITATION (IN)
  TODAY            T             1.00 1889   0.04  -0.04      T
  MONTH TO DATE    0.87                      0.13   0.74     0.03
  SINCE DEC 1      7.91                      2.77   5.14     2.27
  SINCE JAN 1      2.20                      1.26   0.94     0.59

SNOWFALL (IN)
  TODAY            0.1          10.0  1889   0.4   -0.3      0.1
  MONTH TO DATE    8.5                       1.6    6.9      0.8
  SINCE DEC 1     29.9                      27.7    2.2     13.1
  SINCE JUL 1     30.1                      31.9   -1.8     21.3
  SNOW DEPTH      12

DEGREE DAYS
 HEATING
  TODAY           46                        47     -1       56
  MONTH TO DATE  158                       190    -32      217
  SINCE DEC 1   2506                      3039   -533     2887
  SINCE JUL 1   3778                      4779  -1001     4724

 COOLING
  TODAY            0                         0      0        0
  MONTH TO DATE    0                         0      0        0
  SINCE DEC 1      0                         0      0        0
  SINCE JAN 1      0                         0      0        0
..................................................................


WIND (MPH)
  HIGHEST WIND SPEED    14   HIGHEST WIND DIRECTION    NW (300)
  HIGHEST GUST SPEED    16   HIGHEST GUST DIRECTION     W (290)
  AVERAGE WIND SPEED     7.1


SKY COVER
  POSSIBLE SUNSHINE  MM
  AVERAGE SKY COVER 0.6


WEATHER CONDITIONS
 THE FOLLOWING WEATHER WAS RECORDED TODAY.
  LIGHT SNOW
  FOG


RELATIVE HUMIDITY (PERCENT)
 HIGHEST    80           700 AM
 LOWEST     59          1200 PM
 AVERAGE    70

..........................................................


THE GREEN BAY WI CLIMATE NORMALS FOR TOMORROW
                         NORMAL    RECORD    YEAR
 MAXIMUM TEMPERATURE (F)   26        50      2005
 MINIMUM TEMPERATURE (F)   10       -24      1895


SUNRISE AND SUNSET
FEBRUARY  4 2016......SUNRISE   708 AM CST   SUNSET   505 PM CST
FEBRUARY  5 2016......SUNRISE   707 AM CST   SUNSET   507 PM CST


-  INDICATES NEGATIVE NUMBERS.
R  INDICATES RECORD WAS SET OR TIED.
MM INDICATES DATA IS MISSING.
T  INDICATES TRACE AMOUNT.




$$
