000
CDUS43 KGRB 220701
CLIGRB

CLIMATE REPORT
NATIONAL WEATHER SERVICE GREEN BAY
1258 AM CST THU JAN 22 2015

...................................

...THE GREEN BAY WI CLIMATE SUMMARY FOR JANUARY 21 2015...

CLIMATE NORMAL PERIOD 1981 TO 2010
CLIMATE RECORD PERIOD 1886 TO 2015

WEATHER ITEM   OBSERVED TIME   RECORD YEAR NORMAL DEPARTURE LAST
                VALUE   (LST)  VALUE       VALUE  FROM      YEAR
                                                  NORMAL
..................................................................
TEMPERATURE (F)
 YESTERDAY
  MAXIMUM         26    400 PM  49    1934  24      2        5
  MINIMUM         17    913 PM -36    1888   9      8      -11
  AVERAGE         22                        16      6       -3

PRECIPITATION (IN)
  YESTERDAY        T             0.84 1917   0.03  -0.03     0.00
  MONTH TO DATE    0.43                      0.79  -0.36     0.93
  SINCE DEC 1      2.11                      2.30  -0.19     2.82
  SINCE JAN 1      0.43                      0.79  -0.36     0.93

SNOWFALL (IN)
  YESTERDAY        T             6.8  1917   0.4   -0.4      0.0
  MONTH TO DATE    7.4                       8.7   -1.3     10.8
  SINCE DEC 1     10.9                      21.8  -10.9     37.2
  SINCE JUL 1     19.1                      26.0   -6.9     38.4
  SNOW DEPTH       3

DEGREE DAYS
 HEATING
  YESTERDAY       43                        49     -6       68
  MONTH TO DATE 1048                      1019     29     1131
  SINCE DEC 1   2256                      2369   -113     2675
  SINCE JUL 1   4093                      4109    -16     4286

COOLING
  YESTERDAY        0                         0      0        0
  MONTH TO DATE    0                         0      0        0
  SINCE DEC 1      0                         0      0        0
  SINCE JAN 1      0                         0      0        0
..................................................................

WIND (MPH)
  HIGHEST WIND SPEED    13   HIGHEST WIND DIRECTION     N (20)
  HIGHEST GUST SPEED    16   HIGHEST GUST DIRECTION     N (20)
  AVERAGE WIND SPEED     6.2

SKY COVER
  POSSIBLE SUNSHINE  MM
  AVERAGE SKY COVER 1.0

WEATHER CONDITIONS
 THE FOLLOWING WEATHER WAS RECORDED YESTERDAY.
  LIGHT SNOW

RELATIVE HUMIDITY (PERCENT)
 HIGHEST    92          1100 PM
 LOWEST     68          1200 PM
 AVERAGE    80
..........................................................

THE GREEN BAY WI CLIMATE NORMALS FOR TODAY
                         NORMAL    RECORD    YEAR
 MAXIMUM TEMPERATURE (F)   24        48      1964
 MINIMUM TEMPERATURE (F)    9       -22      1890

SUNRISE AND SUNSET
JANUARY 22 2015.......SUNRISE   721 AM CST   SUNSET   448 PM CST
JANUARY 23 2015.......SUNRISE   720 AM CST   SUNSET   449 PM CST

-  INDICATES NEGATIVE NUMBERS.
R  INDICATES RECORD WAS SET OR TIED.
MM INDICATES DATA IS MISSING.
T  INDICATES TRACE AMOUNT.

$$
