000
CDUS43 KGRB 190641
CLIGRB


CLIMATE REPORT
NATIONAL WEATHER SERVICE GREEN BAY
140 AM CDT TUE APR 19 2016


...................................

...THE GREEN BAY WI CLIMATE SUMMARY FOR APRIL 18 2016...

CLIMATE NORMAL PERIOD 1981 TO 2010
CLIMATE RECORD PERIOD 1886 TO 2016


WEATHER ITEM   OBSERVED TIME   RECORD YEAR NORMAL DEPARTURE LAST
                VALUE   (LST)  VALUE       VALUE  FROM      YEAR
                                                  NORMAL
..................................................................
TEMPERATURE (F)
 YESTERDAY
  MAXIMUM         82   1231 PM  83    1994  55     27       58
  MINIMUM         41   1159 PM  17    1960  35      6       43
  AVERAGE         62                        45     17       51

PRECIPITATION (IN)
  YESTERDAY        0.00          1.04 1995   0.09  -0.09     0.00
  MONTH TO DATE    0.84                      1.56  -0.72     1.18
  SINCE MAR 1      4.89                      3.41   1.48     2.08
  SINCE JAN 1      7.37                      5.65   1.72     3.05

SNOWFALL (IN)
  YESTERDAY        0.0           1.2  1940   0.1   -0.1      0.0
  MONTH TO DATE    4.4                       2.3    2.1       T
  SINCE MAR 1     16.2                      10.4    5.8      4.2
  SINCE JUL 1     50.0                      50.6   -0.6     32.7
  SNOW DEPTH       0

DEGREE DAYS
 HEATING
  YESTERDAY        3                        20    -17       14
  MONTH TO DATE  456                       426     30      337
  SINCE MAR 1   1321                      1486   -165     1305
  SINCE JUL 1   6132                      7326  -1194     7343

 COOLING
  YESTERDAY        0                         0      0        0
  MONTH TO DATE    0                         0      0        0
  SINCE MAR 1      0                         0      0        0
  SINCE JAN 1      0                         0      0        0
..................................................................


WIND (MPH)
  HIGHEST WIND SPEED    26   HIGHEST WIND DIRECTION    NE (50)
  HIGHEST GUST SPEED    34   HIGHEST GUST DIRECTION    NE (50)
  AVERAGE WIND SPEED    10.9


SKY COVER
  POSSIBLE SUNSHINE  MM
  AVERAGE SKY COVER 0.1


WEATHER CONDITIONS
 THE FOLLOWING WEATHER WAS RECORDED YESTERDAY.
  NO SIGNIFICANT WEATHER WAS OBSERVED.


RELATIVE HUMIDITY (PERCENT)
 HIGHEST    86           600 AM
 LOWEST     30           100 PM
 AVERAGE    58

..........................................................


THE GREEN BAY WI CLIMATE NORMALS FOR TODAY
                         NORMAL    RECORD    YEAR
 MAXIMUM TEMPERATURE (F)   56        80      2005
                                             1915
 MINIMUM TEMPERATURE (F)   35        17      1897


SUNRISE AND SUNSET
APRIL 19 2016.........SUNRISE   601 AM CDT   SUNSET   743 PM CDT
APRIL 20 2016.........SUNRISE   559 AM CDT   SUNSET   744 PM CDT


-  INDICATES NEGATIVE NUMBERS.
R  INDICATES RECORD WAS SET OR TIED.
MM INDICATES DATA IS MISSING.
T  INDICATES TRACE AMOUNT.




$$
