000
CDUS43 KGRB 070644
CLIGRB


CLIMATE REPORT
NATIONAL WEATHER SERVICE GREEN BAY
142 AM CDT SAT OCT 7 2017


...................................

...THE GREEN BAY WI CLIMATE SUMMARY FOR OCTOBER 6 2017...

CLIMATE NORMAL PERIOD 1981 TO 2010
CLIMATE RECORD PERIOD 1886 TO 2017


WEATHER ITEM   OBSERVED TIME   RECORD YEAR NORMAL DEPARTURE LAST
                VALUE   (LST)  VALUE       VALUE  FROM      YEAR
                                                  NORMAL
..................................................................
TEMPERATURE (F)
 YESTERDAY
  MAXIMUM         65    119 PM  88    1963  61      4       73
  MINIMUM         54    530 AM  23    2001  41     13       51
  AVERAGE         60                        51      9       62

PRECIPITATION (IN)
  YESTERDAY        0.76          1.64 1911   0.08   0.68      T
  MONTH TO DATE    1.18                      0.51   0.67     0.33
  SINCE SEP 1      2.19                      3.55  -1.36     4.62
  SINCE JAN 1     27.58                     23.95   3.63    26.24

SNOWFALL (IN)
  YESTERDAY        0.0           T    2000   0.0    0.0      0.0
  MONTH TO DATE    0.0                       0.0    0.0      0.0
  SINCE SEP 1      0.0                       0.0    0.0      0.0
  SINCE JUL 1      0.0                       0.0    0.0      0.0
  SNOW DEPTH       0

DEGREE DAYS
 HEATING
  YESTERDAY        5                        14     -9        3
  MONTH TO DATE   36                        81    -45       21
  SINCE SEP 1    156                       288   -132       86
  SINCE JUL 1    197                       351   -154       99

 COOLING
  YESTERDAY        0                         0      0        0
  MONTH TO DATE    6                         0      6        0
  SINCE SEP 1     98                        33     65       52
  SINCE JAN 1    475                       395     80      574
..................................................................


WIND (MPH)
  HIGHEST WIND SPEED    13   HIGHEST WIND DIRECTION    SE (150)
  HIGHEST GUST SPEED    16   HIGHEST GUST DIRECTION    SE (150)
  AVERAGE WIND SPEED     5.1


SKY COVER
  POSSIBLE SUNSHINE  MM
  AVERAGE SKY COVER 1.0


WEATHER CONDITIONS
 THE FOLLOWING WEATHER WAS RECORDED YESTERDAY.
  HEAVY RAIN
  RAIN
  LIGHT RAIN
  FOG


RELATIVE HUMIDITY (PERCENT)
 HIGHEST   100          1200 AM
 LOWEST     67          1100 AM
 AVERAGE    84

..........................................................


THE GREEN BAY WI CLIMATE NORMALS FOR TODAY
                         NORMAL    RECORD    YEAR
 MAXIMUM TEMPERATURE (F)   61        86      2007
 MINIMUM TEMPERATURE (F)   40        21      2001


SUNRISE AND SUNSET
OCTOBER  7 2017.......SUNRISE   658 AM CDT   SUNSET   622 PM CDT
OCTOBER  8 2017.......SUNRISE   659 AM CDT   SUNSET   620 PM CDT


-  INDICATES NEGATIVE NUMBERS.
R  INDICATES RECORD WAS SET OR TIED.
MM INDICATES DATA IS MISSING.
T  INDICATES TRACE AMOUNT.




$$
