224
CDUS43 KGRB 030646
CLIGRB


CLIMATE REPORT
NATIONAL WEATHER SERVICE GREEN BAY
1245 AM CST SAT DEC 3 2016


...................................

...THE GREEN BAY WI CLIMATE SUMMARY FOR DECEMBER 2 2016...

CLIMATE NORMAL PERIOD 1981 TO 2010
CLIMATE RECORD PERIOD 1886 TO 2016


WEATHER ITEM   OBSERVED TIME   RECORD YEAR NORMAL DEPARTURE LAST
                VALUE   (LST)  VALUE       VALUE  FROM      YEAR
                                                  NORMAL
..................................................................
TEMPERATURE (F)
 YESTERDAY
  MAXIMUM         37    331 PM  60    1982  34      3       37
  MINIMUM         34    851 AM -14    1893  19     15       29
  AVERAGE         36                        26     10       33

PRECIPITATION (IN)
  YESTERDAY        0.00          0.64 1921   0.06  -0.06      T
  MONTH TO DATE    0.02                      0.12  -0.10     0.31
  SINCE DEC 1      0.02                      0.12  -0.10     0.31
  SINCE JAN 1     30.88                     28.13   2.75    27.49

SNOWFALL (IN)
  YESTERDAY        0.0           4.7  1972   0.3   -0.3       T
  MONTH TO DATE    0.0                       0.7   -0.7       T
  SINCE DEC 1      0.0                       0.7   -0.7       T
  SINCE JUL 1      0.9                       4.9   -4.0      0.2
  SNOW DEPTH       0

DEGREE DAYS
 HEATING
  YESTERDAY       29                        39    -10       32
  MONTH TO DATE   54                        77    -23       60
  SINCE DEC 1     54                        77    -23       60
  SINCE JUL 1   1116                      1817   -701     1332

 COOLING
  YESTERDAY        0                         0      0        0
  MONTH TO DATE    0                         0      0        0
  SINCE DEC 1      0                         0      0        0
  SINCE JAN 1    577                       398    179      517
..................................................................


WIND (MPH)
  HIGHEST WIND SPEED    17   HIGHEST WIND DIRECTION    NW (320)
  HIGHEST GUST SPEED    22   HIGHEST GUST DIRECTION    NW (320)
  AVERAGE WIND SPEED     9.3


SKY COVER
  POSSIBLE SUNSHINE  MM
  AVERAGE SKY COVER 1.0


WEATHER CONDITIONS
 THE FOLLOWING WEATHER WAS RECORDED YESTERDAY.
  NO SIGNIFICANT WEATHER WAS OBSERVED.


RELATIVE HUMIDITY (PERCENT)
 HIGHEST    75           700 AM
 LOWEST     69           300 AM
 AVERAGE    72

..........................................................


THE GREEN BAY WI CLIMATE NORMALS FOR TODAY
                         NORMAL    RECORD    YEAR
 MAXIMUM TEMPERATURE (F)   33        62      2012
                                             1998
 MINIMUM TEMPERATURE (F)   19       -13      1940


SUNRISE AND SUNSET
DECEMBER  3 2016......SUNRISE   711 AM CST   SUNSET   413 PM CST
DECEMBER  4 2016......SUNRISE   713 AM CST   SUNSET   413 PM CST


-  INDICATES NEGATIVE NUMBERS.
R  INDICATES RECORD WAS SET OR TIED.
MM INDICATES DATA IS MISSING.
T  INDICATES TRACE AMOUNT.




$$
