000
CDUS43 KGRB 270901
CLIGRB


CLIMATE REPORT
NATIONAL WEATHER SERVICE GREEN BAY
401 AM CDT THU AUG 27 2015


...................................

...THE GREEN BAY WI CLIMATE SUMMARY FOR AUGUST 26 2015...

CLIMATE NORMAL PERIOD 1981 TO 2010
CLIMATE RECORD PERIOD 1886 TO 2015


WEATHER ITEM   OBSERVED TIME   RECORD YEAR NORMAL DEPARTURE LAST
                VALUE   (LST)  VALUE       VALUE  FROM      YEAR
                                                  NORMAL
..................................................................
TEMPERATURE (F)
 YESTERDAY
  MAXIMUM         72    320 PM  95    1948  77     -5       75
  MINIMUM         53   1159 PM  42    1968  56     -3       59
                                      1915
  AVERAGE         63                        66     -3       67

PRECIPITATION (IN)
  YESTERDAY        0.00          2.65 1921   0.10  -0.10     0.00
  MONTH TO DATE    4.03                      2.86   1.17     3.62
  SINCE JUN 1      9.07                     10.24  -1.17     8.88
  SINCE JAN 1     16.01                     19.89  -3.88    19.54

SNOWFALL (IN)
  YESTERDAY        0.0           0.0    MM   0.0    0.0      0.0
  MONTH TO DATE    0.0                       0.0    0.0      0.0
  SINCE JUN 1      0.0                       0.0    0.0      0.0
  SINCE JUL 1      0.0                       0.0    0.0      0.0
  SNOW DEPTH       0

DEGREE DAYS
 HEATING
  YESTERDAY        2                         2      0        0
  MONTH TO DATE   25                        29     -4       12
  SINCE JUN 1     97                       144    -47       58
  SINCE JUL 1     44                        52     -8       27

 COOLING
  YESTERDAY        0                         3     -3        2
  MONTH TO DATE  126                        96     30      103
  SINCE JUN 1    369                       329     40      308
  SINCE JAN 1    397                       347     50      324
..................................................................


WIND (MPH)
  HIGHEST WIND SPEED    12   HIGHEST WIND DIRECTION     N (360)
  HIGHEST GUST SPEED    15   HIGHEST GUST DIRECTION     N (360)
  AVERAGE WIND SPEED     5.4


SKY COVER
  POSSIBLE SUNSHINE  MM
  AVERAGE SKY COVER 0.7


WEATHER CONDITIONS
 THE FOLLOWING WEATHER WAS RECORDED YESTERDAY.
  NO SIGNIFICANT WEATHER WAS OBSERVED.


RELATIVE HUMIDITY (PERCENT)
 HIGHEST    93           800 PM
 LOWEST     57           200 PM
 AVERAGE    75

..........................................................


THE GREEN BAY WI CLIMATE NORMALS FOR TODAY
                         NORMAL    RECORD    YEAR
 MAXIMUM TEMPERATURE (F)   76        98      1976
 MINIMUM TEMPERATURE (F)   55        39      1968


SUNRISE AND SUNSET
AUGUST 27 2015........SUNRISE   609 AM CDT   SUNSET   738 PM CDT
AUGUST 28 2015........SUNRISE   610 AM CDT   SUNSET   737 PM CDT


-  INDICATES NEGATIVE NUMBERS.
R  INDICATES RECORD WAS SET OR TIED.
MM INDICATES DATA IS MISSING.
T  INDICATES TRACE AMOUNT.




$$
