000
CDUS43 KGRB 280627
CLIGRB


CLIMATE REPORT
NATIONAL WEATHER SERVICE GREEN BAY
127 AM CDT SUN JUN 28 2015


...................................

...THE GREEN BAY WI CLIMATE SUMMARY FOR JUNE 27 2015...

CLIMATE NORMAL PERIOD 1981 TO 2010
CLIMATE RECORD PERIOD 1886 TO 2015


WEATHER ITEM   OBSERVED TIME   RECORD YEAR NORMAL DEPARTURE LAST
                VALUE   (LST)  VALUE       VALUE  FROM      YEAR
                                                  NORMAL
..................................................................
TEMPERATURE (F)
 YESTERDAY
  MAXIMUM         79    400 PM  98    1933  78      1       82
  MINIMUM         54    437 AM  44    1992  57     -3       55
  AVERAGE         67                        68     -1       69

PRECIPITATION (IN)
  YESTERDAY        0.00          1.60 1914   0.13  -0.13      T
  MONTH TO DATE    2.40                      3.51  -1.11     3.72
  SINCE JUN 1      2.40                      3.51  -1.11     3.72
  SINCE JAN 1      9.34                     13.16  -3.82    14.38

SNOWFALL (IN)
  YESTERDAY        0.0           0.0    MM   0.0    0.0      0.0
  MONTH TO DATE    0.0                       0.0    0.0      0.0
  SINCE JUN 1      0.0                       0.0    0.0      0.0
  SINCE JUL 1     32.7                      51.4  -18.7     72.1
  SNOW DEPTH       0

DEGREE DAYS
 HEATING
  YESTERDAY        0                         1     -1        0
  MONTH TO DATE   49                        88    -39       31
  SINCE JUN 1     49                        88    -39       31
  SINCE JUL 1   7829                      7951   -122     8771

 COOLING
  YESTERDAY        2                         4     -2        4
  MONTH TO DATE   61                        70     -9       73
  SINCE JUN 1     61                        70     -9       73
  SINCE JAN 1     89                        88      1       89
..................................................................


WIND (MPH)
  HIGHEST WIND SPEED    13   HIGHEST WIND DIRECTION    NE (40)
  HIGHEST GUST SPEED    17   HIGHEST GUST DIRECTION    NE (40)
  AVERAGE WIND SPEED     4.9


SKY COVER
  POSSIBLE SUNSHINE  MM
  AVERAGE SKY COVER 0.0


WEATHER CONDITIONS
 THE FOLLOWING WEATHER WAS RECORDED YESTERDAY.
  NO SIGNIFICANT WEATHER WAS OBSERVED.


RELATIVE HUMIDITY (PERCENT)
 HIGHEST    93           200 AM
 LOWEST     35           100 PM
 AVERAGE    64

..........................................................


THE GREEN BAY WI CLIMATE NORMALS FOR TODAY
                         NORMAL    RECORD    YEAR
 MAXIMUM TEMPERATURE (F)   79        98      1931
 MINIMUM TEMPERATURE (F)   57        46      1956
                                             1954


SUNRISE AND SUNSET
JUNE 28 2015..........SUNRISE   510 AM CDT   SUNSET   841 PM CDT
JUNE 29 2015..........SUNRISE   511 AM CDT   SUNSET   841 PM CDT


-  INDICATES NEGATIVE NUMBERS.
R  INDICATES RECORD WAS SET OR TIED.
MM INDICATES DATA IS MISSING.
T  INDICATES TRACE AMOUNT.




$$
