007
CDUS43 KGRB 200712
CLIGRB


CLIMATE REPORT
NATIONAL WEATHER SERVICE GREEN BAY
212 AM CDT SAT AUG 20 2016


...................................

...THE GREEN BAY WI CLIMATE SUMMARY FOR AUGUST 19 2016...

CLIMATE NORMAL PERIOD 1981 TO 2010
CLIMATE RECORD PERIOD 1886 TO 2016


WEATHER ITEM   OBSERVED TIME   RECORD YEAR NORMAL DEPARTURE LAST
                VALUE   (LST)  VALUE       VALUE  FROM      YEAR
                                                  NORMAL
..................................................................
TEMPERATURE (F)
 YESTERDAY
  MAXIMUM         77    433 PM  96    1955  78     -1       76
                                      1900
  MINIMUM         66   1136 PM  42    2004  57      9       62
  AVERAGE         72                        67      5       69

PRECIPITATION (IN)
  YESTERDAY        0.60          2.08 1994   0.11   0.49     0.16
  MONTH TO DATE    0.92                      2.15  -1.23     3.57
  SINCE JUN 1      8.58                      9.53  -0.95     8.61
  SINCE JAN 1     19.76                     19.18   0.58    15.55

SNOWFALL (IN)
  YESTERDAY        0.0           0.0    MM   0.0    0.0      0.0
  MONTH TO DATE    0.0                       0.0    0.0      0.0
  SINCE JUN 1      0.0                       0.0    0.0      0.0
  SINCE JUL 1      0.0                       0.0    0.0      0.0
  SNOW DEPTH       0

DEGREE DAYS
 HEATING
  YESTERDAY        0                         1     -1        0
  MONTH TO DATE    0                        19    -19        0
  SINCE JUN 1     31                       134   -103       72
  SINCE JUL 1      6                        42    -36       19

 COOLING
  YESTERDAY        7                         3      4        4
  MONTH TO DATE  144                        75     69      120
  SINCE JUN 1    442                       308    134      363
  SINCE JAN 1    475                       326    149      391
..................................................................


WIND (MPH)
  HIGHEST WIND SPEED    21   HIGHEST WIND DIRECTION     W (290)
  HIGHEST GUST SPEED    28   HIGHEST GUST DIRECTION     W (280)
  AVERAGE WIND SPEED     5.2


SKY COVER
  POSSIBLE SUNSHINE  MM
  AVERAGE SKY COVER 0.3


WEATHER CONDITIONS
 THE FOLLOWING WEATHER WAS RECORDED YESTERDAY.
  THUNDERSTORM
  HEAVY RAIN
  RAIN
  LIGHT RAIN
  FOG


RELATIVE HUMIDITY (PERCENT)
 HIGHEST   100          1200 AM
 LOWEST     76           400 PM
 AVERAGE    88

..........................................................


THE GREEN BAY WI CLIMATE NORMALS FOR TODAY
                         NORMAL    RECORD    YEAR
 MAXIMUM TEMPERATURE (F)   77        97      1955
 MINIMUM TEMPERATURE (F)   57        39      1950


SUNRISE AND SUNSET
AUGUST 20 2016........SUNRISE   602 AM CDT   SUNSET   749 PM CDT
AUGUST 21 2016........SUNRISE   603 AM CDT   SUNSET   747 PM CDT


-  INDICATES NEGATIVE NUMBERS.
R  INDICATES RECORD WAS SET OR TIED.
MM INDICATES DATA IS MISSING.
T  INDICATES TRACE AMOUNT.




$$
