000
CDUS43 KGRB 182126
CLIGRB


CLIMATE REPORT
NATIONAL WEATHER SERVICE GREEN BAY
425 PM CDT WED MAY 18 2016


...................................

...THE GREEN BAY WI CLIMATE SUMMARY FOR MAY 18 2016...
VALID TODAY AS OF 0400 PM LOCAL TIME.

CLIMATE NORMAL PERIOD 1981 TO 2010
CLIMATE RECORD PERIOD 1886 TO 2016


WEATHER ITEM   OBSERVED TIME   RECORD YEAR NORMAL DEPARTURE LAST
                VALUE   (LST)  VALUE       VALUE  FROM      YEAR
                                                  NORMAL
..................................................................
TEMPERATURE (F)
 TODAY
  MAXIMUM         67    229 PM  88    1996  67      0       70
                                      1972
  MINIMUM         36    450 AM  30    2002  45     -9       49
  AVERAGE         52                        56     -4       60

PRECIPITATION (IN)
  TODAY            0.00          1.64 1918   0.09  -0.09     0.00
  MONTH TO DATE    1.28                      1.54  -0.26     1.21
  SINCE MAR 1      6.62                      6.02   0.60     3.74
  SINCE JAN 1      9.10                      8.26   0.84     4.71

SNOWFALL (IN)
  TODAY            0.0           T    1993   0.0    0.0      0.0
                                      1915
                                      1894
  MONTH TO DATE    T                         0.2   -0.2      0.0
  SINCE MAR 1     16.2                      11.2    5.0      4.2
  SINCE JUL 1     50.0                      51.4   -1.4     32.7
  SNOW DEPTH       0

DEGREE DAYS
 HEATING
  TODAY           13                        10      3        5
  MONTH TO DATE  232                       222     10      122
  SINCE MAR 1   1769                      1919   -150     1654
  SINCE JUL 1   6580                      7759  -1179     7692

 COOLING
  TODAY            0                         1     -1        0
  MONTH TO DATE    1                         1      0        7
  SINCE MAR 1      1                         3     -2        7
  SINCE JAN 1      1                         3     -2        7
..................................................................


WIND (MPH)
  HIGHEST WIND SPEED    15   HIGHEST WIND DIRECTION     E (70)
  HIGHEST GUST SPEED    19   HIGHEST GUST DIRECTION    NE (60)
  AVERAGE WIND SPEED     3.9


SKY COVER
  POSSIBLE SUNSHINE  MM
  AVERAGE SKY COVER 0.0


WEATHER CONDITIONS
 THE FOLLOWING WEATHER WAS RECORDED TODAY.
  NO SIGNIFICANT WEATHER WAS OBSERVED.


RELATIVE HUMIDITY (PERCENT)
 HIGHEST    92           400 AM
 LOWEST     27          1100 AM
 AVERAGE    60

..........................................................


THE GREEN BAY WI CLIMATE NORMALS FOR TOMORROW
                         NORMAL    RECORD    YEAR
 MAXIMUM TEMPERATURE (F)   67        89      2012
 MINIMUM TEMPERATURE (F)   45        31      2002


SUNRISE AND SUNSET
MAY 18 2016...........SUNRISE   521 AM CDT   SUNSET   817 PM CDT
MAY 19 2016...........SUNRISE   520 AM CDT   SUNSET   818 PM CDT


-  INDICATES NEGATIVE NUMBERS.
R  INDICATES RECORD WAS SET OR TIED.
MM INDICATES DATA IS MISSING.
T  INDICATES TRACE AMOUNT.




$$
