000
CDUS43 KGRB 201246
CLIGRB


CLIMATE REPORT
NATIONAL WEATHER SERVICE GREEN BAY
745 AM CDT WED MAY 20 2015


...................................

...THE GREEN BAY WI CLIMATE SUMMARY FOR MAY 19 2015...

CLIMATE NORMAL PERIOD 1981 TO 2010
CLIMATE RECORD PERIOD 1886 TO 2015


WEATHER ITEM   OBSERVED TIME   RECORD YEAR NORMAL DEPARTURE LAST
                VALUE   (LST)  VALUE       VALUE  FROM      YEAR
                                                  NORMAL
..................................................................
TEMPERATURE (F)
 YESTERDAY
  MAXIMUM         55    414 PM  89    2012  67    -12       68
  MINIMUM         37   1159 PM  31    2002  45     -8       49
  AVERAGE         46                        56    -10       59

PRECIPITATION (IN)
  YESTERDAY        0.00          1.98 1918   0.10  -0.10     0.65
  MONTH TO DATE    1.21                      1.64  -0.43     2.37
  SINCE MAR 1      3.74                      6.12  -2.38     7.29
  SINCE JAN 1      4.71                      8.36  -3.65    10.08

SNOWFALL (IN)
  YESTERDAY        0.0           T    1924   0.0    0.0      0.0
  MONTH TO DATE    0.0                       0.2   -0.2      0.0
  SINCE MAR 1      4.2                      11.2   -7.0      9.8
  SINCE JUL 1     32.7                      51.4  -18.7     72.1
  SNOW DEPTH       0

DEGREE DAYS
 HEATING
  YESTERDAY       19                        10      9        6
  MONTH TO DATE  141                       232    -91      241
  SINCE MAR 1   1673                      1929   -256     2231
  SINCE JUL 1   7711                      7769    -58     8712

 COOLING
  YESTERDAY        0                         1     -1        0
  MONTH TO DATE    7                         2      5        0
  SINCE MAR 1      7                         4      3        0
  SINCE JAN 1      7                         4      3        0
..................................................................


WIND (MPH)
  HIGHEST WIND SPEED    22   HIGHEST WIND DIRECTION    NW (320)
  HIGHEST GUST SPEED    31   HIGHEST GUST DIRECTION     N (10)
  AVERAGE WIND SPEED    11.1


SKY COVER
  POSSIBLE SUNSHINE  MM
  AVERAGE SKY COVER 0.6


WEATHER CONDITIONS
 THE FOLLOWING WEATHER WAS RECORDED YESTERDAY.
  HAZE


RELATIVE HUMIDITY (PERCENT)
 HIGHEST    76          1100 PM
 LOWEST     41           100 PM
 AVERAGE    59

..........................................................


THE GREEN BAY WI CLIMATE NORMALS FOR TODAY
                         NORMAL    RECORD    YEAR
 MAXIMUM TEMPERATURE (F)   67        90      2012
                                             1972
                                             1948
 MINIMUM TEMPERATURE (F)   45        30      2002


SUNRISE AND SUNSET
MAY 20 2015...........SUNRISE   520 AM CDT   SUNSET   819 PM CDT
MAY 21 2015...........SUNRISE   519 AM CDT   SUNSET   820 PM CDT


-  INDICATES NEGATIVE NUMBERS.
R  INDICATES RECORD WAS SET OR TIED.
MM INDICATES DATA IS MISSING.
T  INDICATES TRACE AMOUNT.




$$
