000
CDUS43 KGRB 130824
CLIGRB


CLIMATE REPORT
NATIONAL WEATHER SERVICE GREEN BAY
324 AM CDT WED JUL 13 2016


...................................

...THE GREEN BAY WI CLIMATE SUMMARY FOR JULY 12 2016...

CLIMATE NORMAL PERIOD 1981 TO 2010
CLIMATE RECORD PERIOD 1886 TO 2016


WEATHER ITEM   OBSERVED TIME   RECORD YEAR NORMAL DEPARTURE LAST
                VALUE   (LST)  VALUE       VALUE  FROM      YEAR
                                                  NORMAL
..................................................................
TEMPERATURE (F)
 YESTERDAY
  MAXIMUM         84    422 PM 102    1936  80      4       83
  MINIMUM         65    602 AM  47    1976  59      6       62
  AVERAGE         75                        69      6       73

PRECIPITATION (IN)
  YESTERDAY        0.39          2.05 1950   0.11   0.28     0.00
  MONTH TO DATE    0.99                      1.41  -0.42     0.04
  SINCE JUN 1      5.43                      5.29   0.14     3.28
  SINCE JAN 1     16.61                     14.94   1.67    10.22

SNOWFALL (IN)
  YESTERDAY        0.0           0.0    MM   0.0    0.0      0.0
  MONTH TO DATE    0.0                       0.0    0.0      0.0
  SINCE JUN 1      0.0                       0.0    0.0      0.0
  SINCE JUL 1      0.0                       0.0    0.0      0.0
  SNOW DEPTH       0

DEGREE DAYS
 HEATING
  YESTERDAY        0                         1     -1        0
  MONTH TO DATE    1                        12    -11       17
  SINCE JUN 1     26                       104    -78       70
  SINCE JUL 1      1                        12    -11       17

 COOLING
  YESTERDAY       10                         5      5        8
  MONTH TO DATE   67                        60      7       39
  SINCE JUN 1    167                       143     24      106
  SINCE JAN 1    200                       161     39      134
..................................................................


WIND (MPH)
  HIGHEST WIND SPEED    23   HIGHEST WIND DIRECTION    NW (320)
  HIGHEST GUST SPEED    31   HIGHEST GUST DIRECTION    NW (310)
  AVERAGE WIND SPEED     9.1


SKY COVER
  POSSIBLE SUNSHINE  MM
  AVERAGE SKY COVER 0.1


WEATHER CONDITIONS
 THE FOLLOWING WEATHER WAS RECORDED YESTERDAY.
  THUNDERSTORM
  HEAVY RAIN
  RAIN
  LIGHT RAIN
  FOG


RELATIVE HUMIDITY (PERCENT)
 HIGHEST    84           900 AM
 LOWEST     61           400 PM
 AVERAGE    73

..........................................................


THE GREEN BAY WI CLIMATE NORMALS FOR TODAY
                         NORMAL    RECORD    YEAR
 MAXIMUM TEMPERATURE (F)   80       104      1936
 MINIMUM TEMPERATURE (F)   59        47      1975
                                             1950


SUNRISE AND SUNSET
JULY 13 2016..........SUNRISE   521 AM CDT   SUNSET   836 PM CDT
JULY 14 2016..........SUNRISE   522 AM CDT   SUNSET   835 PM CDT


-  INDICATES NEGATIVE NUMBERS.
R  INDICATES RECORD WAS SET OR TIED.
MM INDICATES DATA IS MISSING.
T  INDICATES TRACE AMOUNT.




$$
