363
CDUS43 KGRB 240635
CLIGRB


CLIMATE REPORT
NATIONAL WEATHER SERVICE GREEN BAY
134 AM CDT SUN APR 24 2016


...................................

...THE GREEN BAY WI CLIMATE SUMMARY FOR APRIL 23 2016...

CLIMATE NORMAL PERIOD 1981 TO 2010
CLIMATE RECORD PERIOD 1886 TO 2016


WEATHER ITEM   OBSERVED TIME   RECORD YEAR NORMAL DEPARTURE LAST
                VALUE   (LST)  VALUE       VALUE  FROM      YEAR
                                                  NORMAL
..................................................................
TEMPERATURE (F)
 YESTERDAY
  MAXIMUM         59    157 PM  82    1925  58      1       53
  MINIMUM         35    534 AM  18    1956  37     -2       32
  AVERAGE         47                        47      0       43

PRECIPITATION (IN)
  YESTERDAY        0.00          0.85 1944   0.09  -0.09      T
  MONTH TO DATE    1.10                      2.00  -0.90     1.63
  SINCE MAR 1      5.15                      3.85   1.30     2.53
  SINCE JAN 1      7.63                      6.09   1.54     3.50

SNOWFALL (IN)
  YESTERDAY        0.0           8.2  1910   0.0    0.0       T
  MONTH TO DATE    4.4                       2.6    1.8       T
  SINCE MAR 1     16.2                      10.7    5.5      4.2
  SINCE JUL 1     50.0                      50.9   -0.9     32.7
  SNOW DEPTH       0

DEGREE DAYS
 HEATING
  YESTERDAY       18                        18      0       22
  MONTH TO DATE  528                       521      7      443
  SINCE MAR 1   1393                      1581   -188     1411
  SINCE JUL 1   6204                      7421  -1217     7449

 COOLING
  YESTERDAY        0                         0      0        0
  MONTH TO DATE    0                         0      0        0
  SINCE MAR 1      0                         0      0        0
  SINCE JAN 1      0                         0      0        0
..................................................................


WIND (MPH)
  HIGHEST WIND SPEED    16   HIGHEST WIND DIRECTION    SE (140)
  HIGHEST GUST SPEED    20   HIGHEST GUST DIRECTION    SE (120)
  AVERAGE WIND SPEED     7.3


SKY COVER
  POSSIBLE SUNSHINE  MM
  AVERAGE SKY COVER 0.1


WEATHER CONDITIONS
 THE FOLLOWING WEATHER WAS RECORDED YESTERDAY.
  NO SIGNIFICANT WEATHER WAS OBSERVED.


RELATIVE HUMIDITY (PERCENT)
 HIGHEST    82           100 AM
 LOWEST     38           500 PM
 AVERAGE    60

..........................................................


THE GREEN BAY WI CLIMATE NORMALS FOR TODAY
                         NORMAL    RECORD    YEAR
 MAXIMUM TEMPERATURE (F)   58        86      1990
 MINIMUM TEMPERATURE (F)   37        21      1956


SUNRISE AND SUNSET
APRIL 24 2016.........SUNRISE   553 AM CDT   SUNSET   749 PM CDT
APRIL 25 2016.........SUNRISE   551 AM CDT   SUNSET   750 PM CDT


-  INDICATES NEGATIVE NUMBERS.
R  INDICATES RECORD WAS SET OR TIED.
MM INDICATES DATA IS MISSING.
T  INDICATES TRACE AMOUNT.




$$
