000
CDUS43 KGRB 090751
CLIGRB


CLIMATE REPORT
NATIONAL WEATHER SERVICE GREEN BAY
148 AM CST THU NOV 9 2017


...................................

...THE GREEN BAY WI CLIMATE SUMMARY FOR NOVEMBER 8 2017...

CLIMATE NORMAL PERIOD 1981 TO 2010
CLIMATE RECORD PERIOD 1886 TO 2017


WEATHER ITEM   OBSERVED TIME   RECORD YEAR NORMAL DEPARTURE LAST
                VALUE   (LST)  VALUE       VALUE  FROM      YEAR
                                                  NORMAL
..................................................................
TEMPERATURE (F)
 YESTERDAY
  MAXIMUM         38    350 PM  69    1999  46     -8       55
  MINIMUM         23    538 AM   4    1991  30     -7       41
  AVERAGE         31                        38     -7       48

PRECIPITATION (IN)
  YESTERDAY        0.00          0.85 1937   0.06  -0.06     0.10
  MONTH TO DATE    0.31                      0.57  -0.26     0.10
  SINCE SEP 1      4.44                      6.05  -1.61     7.05
  SINCE JAN 1     29.83                     26.45   3.38    28.67

SNOWFALL (IN)
  YESTERDAY        0.0           6.2  1890   0.1   -0.1      0.0
  MONTH TO DATE    0.0                       0.4   -0.4      0.0
  SINCE SEP 1      T                         0.6   -0.6      0.0
  SINCE JUL 1      T                         0.6   -0.6      0.0
  SNOW DEPTH       0

DEGREE DAYS
 HEATING
  YESTERDAY       34                        27      7       17
  MONTH TO DATE  222                       202     20      102
  SINCE SEP 1    718                       965   -247      543
  SINCE JUL 1    759                      1028   -269      556

 COOLING
  YESTERDAY        0                         0      0        0
  MONTH TO DATE    0                         0      0        0
  SINCE SEP 1    100                        36     64       55
  SINCE JAN 1    477                       398     79      577
..................................................................


WIND (MPH)
  HIGHEST WIND SPEED    16   HIGHEST WIND DIRECTION     W (250)
  HIGHEST GUST SPEED    20   HIGHEST GUST DIRECTION    SW (240)
  AVERAGE WIND SPEED     6.9


SKY COVER
  POSSIBLE SUNSHINE  MM
  AVERAGE SKY COVER 0.2


WEATHER CONDITIONS
 THE FOLLOWING WEATHER WAS RECORDED YESTERDAY.
  NO SIGNIFICANT WEATHER WAS OBSERVED.


RELATIVE HUMIDITY (PERCENT)
 HIGHEST    88           600 AM
 LOWEST     64           200 PM
 AVERAGE    76

..........................................................


THE GREEN BAY WI CLIMATE NORMALS FOR TODAY
                         NORMAL    RECORD    YEAR
 MAXIMUM TEMPERATURE (F)   46        74      1999
 MINIMUM TEMPERATURE (F)   30        13      2003


SUNRISE AND SUNSET
NOVEMBER  9 2017......SUNRISE   641 AM CST   SUNSET   431 PM CST
NOVEMBER 10 2017......SUNRISE   642 AM CST   SUNSET   430 PM CST


-  INDICATES NEGATIVE NUMBERS.
R  INDICATES RECORD WAS SET OR TIED.
MM INDICATES DATA IS MISSING.
T  INDICATES TRACE AMOUNT.

$$
