000
CDUS43 KGRB 270905
CLIGRB


CLIMATE REPORT
NATIONAL WEATHER SERVICE GREEN BAY
405 AM CDT SAT JUN 27 2015


...................................

...THE GREEN BAY WI CLIMATE SUMMARY FOR JUNE 26 2015...

CLIMATE NORMAL PERIOD 1981 TO 2010
CLIMATE RECORD PERIOD 1886 TO 2015


WEATHER ITEM   OBSERVED TIME   RECORD YEAR NORMAL DEPARTURE LAST
                VALUE   (LST)  VALUE       VALUE  FROM      YEAR
                                                  NORMAL
..................................................................
TEMPERATURE (F)
 YESTERDAY
  MAXIMUM         76    329 PM  96    1901  78     -2       74
  MINIMUM         58    113 AM  41    1982  57      1       55
  AVERAGE         67                        68     -1       65

PRECIPITATION (IN)
  YESTERDAY        0.00          2.47 1969   0.12  -0.12     0.00
  MONTH TO DATE    2.40                      3.38  -0.98     3.72
  SINCE JUN 1      2.40                      3.38  -0.98     3.72
  SINCE JAN 1      9.34                     13.03  -3.69    14.38

SNOWFALL (IN)
  YESTERDAY        0.0           0.0    MM   0.0    0.0      0.0
  MONTH TO DATE    0.0                       0.0    0.0      0.0
  SINCE JUN 1      0.0                       0.0    0.0      0.0
  SINCE JUL 1     32.7                      51.4  -18.7     72.1
  SNOW DEPTH       0

DEGREE DAYS
 HEATING
  YESTERDAY        0                         1     -1        0
  MONTH TO DATE   49                        87    -38       31
  SINCE JUN 1     49                        87    -38       31
  SINCE JUL 1   7829                      7950   -121     8771

 COOLING
  YESTERDAY        2                         4     -2        0
  MONTH TO DATE   59                        66     -7       69
  SINCE JUN 1     59                        66     -7       69
  SINCE JAN 1     87                        84      3       85
..................................................................


WIND (MPH)
  HIGHEST WIND SPEED    14   HIGHEST WIND DIRECTION    NE (40)
  HIGHEST GUST SPEED    17   HIGHEST GUST DIRECTION    NE (30)
  AVERAGE WIND SPEED     7.8


SKY COVER
  POSSIBLE SUNSHINE  MM
  AVERAGE SKY COVER 0.1


WEATHER CONDITIONS
 THE FOLLOWING WEATHER WAS RECORDED YESTERDAY.
  FOG
  HAZE


RELATIVE HUMIDITY (PERCENT)
 HIGHEST    97           500 AM
 LOWEST     57           600 PM
 AVERAGE    77

..........................................................


THE GREEN BAY WI CLIMATE NORMALS FOR TODAY
                         NORMAL    RECORD    YEAR
 MAXIMUM TEMPERATURE (F)   78        98      1933
 MINIMUM TEMPERATURE (F)   57        44      1992


SUNRISE AND SUNSET
JUNE 27 2015..........SUNRISE   510 AM CDT   SUNSET   841 PM CDT
JUNE 28 2015..........SUNRISE   510 AM CDT   SUNSET   841 PM CDT


-  INDICATES NEGATIVE NUMBERS.
R  INDICATES RECORD WAS SET OR TIED.
MM INDICATES DATA IS MISSING.
T  INDICATES TRACE AMOUNT.




$$
