000
CDUS43 KGRB 030659
CLIGRB


CLIMATE REPORT
NATIONAL WEATHER SERVICE GREEN BAY
158 AM CDT THU JUL 3 2014


...................................

...THE GREEN BAY WI CLIMATE SUMMARY FOR JULY 2 2014...

CLIMATE NORMAL PERIOD 1981 TO 2010
CLIMATE RECORD PERIOD 1886 TO 2014


WEATHER ITEM   OBSERVED TIME   RECORD YEAR NORMAL DEPARTURE LAST
                VALUE   (LST)  VALUE       VALUE  FROM      YEAR
                                                  NORMAL
..................................................................
TEMPERATURE (F)
 YESTERDAY
  MAXIMUM         68    410 PM  97    1911  79    -11       75
  MINIMUM         56   1159 PM  46    1968  58     -2       52
  AVERAGE         62                        69     -7       64

PRECIPITATION (IN)
  YESTERDAY        0.05          2.16 1887   0.12  -0.07     0.00
  MONTH TO DATE    0.11                      0.24  -0.13     0.00
  SINCE JUN 1      4.16                      4.12   0.04     3.82
  SINCE JAN 1     14.82                     13.77   1.05    17.59

SNOWFALL (IN)
  YESTERDAY        0.0           0.0    MM   0.0    0.0      0.0
  MONTH TO DATE    0.0                       0.0    0.0      0.0
  SINCE JUN 1      0.0                       0.0    0.0      0.0
  SINCE JUL 1      0.0                       0.0    0.0      0.0
  SNOW DEPTH       0

DEGREE DAYS
 HEATING
  YESTERDAY        3                         1      2        1
  MONTH TO DATE    3                         2      1        1
  SINCE JUN 1     34                        94    -60       73
  SINCE JUL 1      3                         2      1        1

 COOLING
  YESTERDAY        0                         5     -5        0
  MONTH TO DATE    6                        10     -4        3
  SINCE JUN 1    112                        93     19      108
  SINCE JAN 1    128                       111     17      146
..................................................................


WIND (MPH)
  HIGHEST WIND SPEED    21   HIGHEST WIND DIRECTION    NE (40)
  HIGHEST GUST SPEED    26   HIGHEST GUST DIRECTION    NE (50)
  AVERAGE WIND SPEED     8.8


SKY COVER
  POSSIBLE SUNSHINE  MM
  AVERAGE SKY COVER 0.7


WEATHER CONDITIONS
 THE FOLLOWING WEATHER WAS RECORDED YESTERDAY.
  LIGHT RAIN
  FOG


RELATIVE HUMIDITY (PERCENT)
 HIGHEST    93           100 AM
 LOWEST     63           400 PM
 AVERAGE    78

..........................................................


THE GREEN BAY WI CLIMATE NORMALS FOR TODAY
                         NORMAL    RECORD    YEAR
 MAXIMUM TEMPERATURE (F)   79        97      1966
 MINIMUM TEMPERATURE (F)   58        43      1968


SUNRISE AND SUNSET
JULY  3 2014..........SUNRISE   513 AM CDT   SUNSET   840 PM CDT
JULY  4 2014..........SUNRISE   513 AM CDT   SUNSET   840 PM CDT


-  INDICATES NEGATIVE NUMBERS.
R  INDICATES RECORD WAS SET OR TIED.
MM INDICATES DATA IS MISSING.
T  INDICATES TRACE AMOUNT.




$$
