000
CDUS43 KGRB 090709
CLIGRB


CLIMATE REPORT
NATIONAL WEATHER SERVICE GREEN BAY
207 AM CDT WED AUG 9 2017


...................................

...THE GREEN BAY WI CLIMATE SUMMARY FOR AUGUST 8 2017...

CLIMATE NORMAL PERIOD 1981 TO 2010
CLIMATE RECORD PERIOD 1886 TO 2017


WEATHER ITEM   OBSERVED TIME   RECORD YEAR NORMAL DEPARTURE LAST
                VALUE   (LST)  VALUE       VALUE  FROM      YEAR
                                                  NORMAL
..................................................................
TEMPERATURE (F)
 YESTERDAY
  MAXIMUM         82    401 PM  98    1891  79      3       81
  MINIMUM         56    437 AM  45    1904  58     -2       53
  AVERAGE         69                        68      1       67

PRECIPITATION (IN)
  YESTERDAY        0.00          0.98 1950   0.12  -0.12     0.00
  MONTH TO DATE    1.34                      0.89   0.45      T
  SINCE JUN 1      9.68                      8.27   1.41     7.66
  SINCE JAN 1     22.68                     17.92   4.76    18.84

SNOWFALL (IN)
  YESTERDAY        0.0           0.0    MM   0.0    0.0      0.0
  MONTH TO DATE    0.0                       0.0    0.0      0.0
  SINCE JUN 1      0.0                       0.0    0.0      0.0
  SINCE JUL 1      0.0                       0.0    0.0      0.0
  SNOW DEPTH       0

DEGREE DAYS
 HEATING
  YESTERDAY        0                         1     -1        0
  MONTH TO DATE    7                         8     -1        0
  SINCE JUN 1     35                       123    -88       31
  SINCE JUL 1      8                        31    -23        6

 COOLING
  YESTERDAY        4                         4      0        2
  MONTH TO DATE   21                        33    -12       51
  SINCE JUN 1    322                       266     56      349
  SINCE JAN 1    330                       284     46      382
..................................................................


WIND (MPH)
  HIGHEST WIND SPEED    15   HIGHEST WIND DIRECTION     W (280)
  HIGHEST GUST SPEED    18   HIGHEST GUST DIRECTION     W (280)
  AVERAGE WIND SPEED     7.7


SKY COVER
  POSSIBLE SUNSHINE  MM
  AVERAGE SKY COVER 0.1


WEATHER CONDITIONS
 THE FOLLOWING WEATHER WAS RECORDED YESTERDAY.
  NO SIGNIFICANT WEATHER WAS OBSERVED.


RELATIVE HUMIDITY (PERCENT)
 HIGHEST   100           100 AM
 LOWEST     47           300 PM
 AVERAGE    74

..........................................................


THE GREEN BAY WI CLIMATE NORMALS FOR TODAY
                         NORMAL    RECORD    YEAR
 MAXIMUM TEMPERATURE (F)   79        94      1934
                                             1900
 MINIMUM TEMPERATURE (F)   58        41      1964


SUNRISE AND SUNSET
AUGUST  9 2017........SUNRISE   549 AM CDT   SUNSET   806 PM CDT
AUGUST 10 2017........SUNRISE   550 AM CDT   SUNSET   805 PM CDT


-  INDICATES NEGATIVE NUMBERS.
R  INDICATES RECORD WAS SET OR TIED.
MM INDICATES DATA IS MISSING.
T  INDICATES TRACE AMOUNT.




$$
