000
CDUS43 KGRB 302120
CLIGRB


CLIMATE REPORT
NATIONAL WEATHER SERVICE GREEN BAY
420 PM CDT MON MAY 30 2016


...................................

...THE GREEN BAY WI CLIMATE SUMMARY FOR MAY 30 2016...
VALID TODAY AS OF 0400 PM LOCAL TIME.

CLIMATE NORMAL PERIOD 1981 TO 2010
CLIMATE RECORD PERIOD 1886 TO 2016


WEATHER ITEM   OBSERVED TIME   RECORD YEAR NORMAL DEPARTURE LAST
                VALUE   (LST)  VALUE       VALUE  FROM      YEAR
                                                  NORMAL
..................................................................
TEMPERATURE (F)
 TODAY
  MAXIMUM         81    259 PM  92    1939  70     11       65
  MINIMUM         57    428 AM  33    1894  49      8       42
  AVERAGE         69                        60      9       54

PRECIPITATION (IN)
  TODAY            0.00          2.21 1943   0.12  -0.12     0.48
  MONTH TO DATE    3.35                      2.81   0.54     3.44
  SINCE MAR 1      8.69                      7.29   1.40     5.97
  SINCE JAN 1     11.17                      9.53   1.64     6.94

SNOWFALL (IN)
  TODAY            0.0           0.0    MM   0.0    0.0      0.0
  MONTH TO DATE    T                         0.2   -0.2      0.0
  SINCE MAR 1     16.2                      11.2    5.0      4.2
  SINCE JUL 1     50.0                      51.4   -1.4     32.7
  SNOW DEPTH       0

DEGREE DAYS
 HEATING
  TODAY            0                         7     -7       11
  MONTH TO DATE  247                       320    -73      195
  SINCE MAR 1   1784                      2017   -233     1727
  SINCE JUL 1   6595                      7857  -1262     7765

 COOLING
  TODAY            4                         1      3        0
  MONTH TO DATE   32                        13     19       28
  SINCE MAR 1     32                        15     17       28
  SINCE JAN 1     32                        15     17       28
..................................................................


WIND (MPH)
  HIGHEST WIND SPEED    16   HIGHEST WIND DIRECTION     W (280)
  HIGHEST GUST SPEED    23   HIGHEST GUST DIRECTION     W (290)
  AVERAGE WIND SPEED     6.0


SKY COVER
  POSSIBLE SUNSHINE  MM
  AVERAGE SKY COVER 0.1


WEATHER CONDITIONS
 THE FOLLOWING WEATHER WAS RECORDED TODAY.
  NO SIGNIFICANT WEATHER WAS OBSERVED.


RELATIVE HUMIDITY (PERCENT)
 HIGHEST    93           400 AM
 LOWEST     36           300 PM
 AVERAGE    65

..........................................................


THE GREEN BAY WI CLIMATE NORMALS FOR TOMORROW
                         NORMAL    RECORD    YEAR
 MAXIMUM TEMPERATURE (F)   71        99      1934
 MINIMUM TEMPERATURE (F)   49        34      1897


SUNRISE AND SUNSET
MAY 30 2016...........SUNRISE   512 AM CDT   SUNSET   829 PM CDT
MAY 31 2016...........SUNRISE   511 AM CDT   SUNSET   830 PM CDT


-  INDICATES NEGATIVE NUMBERS.
R  INDICATES RECORD WAS SET OR TIED.
MM INDICATES DATA IS MISSING.
T  INDICATES TRACE AMOUNT.




$$
