000
CDUS43 KGRB 280736
CLIGRB

CLIMATE REPORT
NATIONAL WEATHER SERVICE GREEN BAY
133 AM CST FRI NOV 28 2014

...................................

...THE GREEN BAY WI CLIMATE SUMMARY FOR NOVEMBER 27 2014...

CLIMATE NORMAL PERIOD 1981 TO 2010
CLIMATE RECORD PERIOD 1886 TO 2014

WEATHER ITEM   OBSERVED TIME   RECORD YEAR NORMAL DEPARTURE LAST
                VALUE   (LST)  VALUE       VALUE  FROM      YEAR
                                                  NORMAL
..................................................................
TEMPERATURE (F)
 YESTERDAY
  MAXIMUM         25    241 AM  63    1990  36    -11       29
  MINIMUM         -1   1123 PM  -3    1955  22    -23       13
  AVERAGE         12                        29    -17       21

PRECIPITATION (IN)
  YESTERDAY        0.01          1.51 1910   0.07  -0.06     0.02
  MONTH TO DATE    2.40                      1.93   0.47     3.38
  SINCE SEP 1      9.60                      7.41   2.19     9.22
  SINCE JAN 1     30.32                     27.81   2.51    33.21

SNOWFALL (IN)
  YESTERDAY        0.2           9.7  1995   0.2    0.0      0.2
  MONTH TO DATE    6.6                       3.2    3.4      0.5
  SINCE SEP 1      6.6                       3.4    3.2      0.5
  SINCE JUL 1      6.6                       3.4    3.2      0.5
  SNOW DEPTH       4

DEGREE DAYS
 HEATING
  YESTERDAY       53                        36     17       44
  MONTH TO DATE  967                       805    162      787
  SINCE SEP 1   1684                      1568    116     1445
  SINCE JUL 1   1713                      1631     82     1485

COOLING
  YESTERDAY        0                         0      0        0
  MONTH TO DATE    0                         0      0        0
  SINCE SEP 1     19                        36    -17       57
  SINCE JAN 1    362                       398    -36      535
..................................................................

WIND (MPH)
  HIGHEST WIND SPEED    17   HIGHEST WIND DIRECTION     N (350)
  HIGHEST GUST SPEED    23   HIGHEST GUST DIRECTION     N (340)
  AVERAGE WIND SPEED     8.9

SKY COVER
  POSSIBLE SUNSHINE  MM
  AVERAGE SKY COVER 0.5

WEATHER CONDITIONS
 THE FOLLOWING WEATHER WAS RECORDED YESTERDAY.
  LIGHT SNOW
  FOG

RELATIVE HUMIDITY (PERCENT)
 HIGHEST    95          1100 PM
 LOWEST     54           300 PM
 AVERAGE    75
..........................................................

THE GREEN BAY WI CLIMATE NORMALS FOR TODAY
                         NORMAL    RECORD    YEAR
 MAXIMUM TEMPERATURE (F)   36        58      2006
 MINIMUM TEMPERATURE (F)   21       -12      1887

SUNRISE AND SUNSET
NOVEMBER 28 2014......SUNRISE   705 AM CST   SUNSET   415 PM CST
NOVEMBER 29 2014......SUNRISE   706 AM CST   SUNSET   415 PM CST

-  INDICATES NEGATIVE NUMBERS.
R  INDICATES RECORD WAS SET OR TIED.
MM INDICATES DATA IS MISSING.
T  INDICATES TRACE AMOUNT.

$$
