000
CDUS43 KGRB 210630
CLIGRB


CLIMATE REPORT
NATIONAL WEATHER SERVICE GREEN BAY
1230 AM CST SUN JAN 21 2018


...................................

...THE GREEN BAY WI CLIMATE SUMMARY FOR JANUARY 20 2018...

CLIMATE NORMAL PERIOD 1981 TO 2010
CLIMATE RECORD PERIOD 1886 TO 2018


WEATHER ITEM   OBSERVED TIME   RECORD YEAR NORMAL DEPARTURE LAST
                VALUE   (LST)  VALUE       VALUE  FROM      YEAR
                                                  NORMAL
..................................................................
TEMPERATURE (F)
 YESTERDAY
  MAXIMUM         41    227 PM  47    1906  24     17       36
  MINIMUM         29    825 AM -25    1985   9     20       34
  AVERAGE         35                        16     19       35

PRECIPITATION (IN)
  YESTERDAY        0.00          0.84 1974   0.04  -0.04     0.17
                                      1894
  MONTH TO DATE    0.29                      0.76  -0.47     1.78
  SINCE DEC 1      1.58                      2.27  -0.69     4.03
  SINCE JAN 1      0.29                      0.76  -0.47     1.78

SNOWFALL (IN)
  YESTERDAY        0.0           6.0  1982   0.5   -0.5      0.0
  MONTH TO DATE    4.7                       8.3   -3.6      6.2
  SINCE DEC 1     16.7                      21.4   -4.7     29.3
  SINCE JUL 1     17.3                      25.6   -8.3     30.2
  SNOW DEPTH       1

DEGREE DAYS
 HEATING
  YESTERDAY       30                        49    -19       30
  MONTH TO DATE  982                       970     12      912
  SINCE DEC 1   2409                      2320     89     2163
  SINCE JUL 1   3825                      4060   -235     3225

 COOLING
  YESTERDAY        0                         0      0        0
  MONTH TO DATE    0                         0      0        0
  SINCE DEC 1      0                         0      0        0
  SINCE JAN 1      0                         0      0        0
..................................................................


WIND (MPH)
  HIGHEST WIND SPEED    10   HIGHEST WIND DIRECTION    SW (240)
  HIGHEST GUST SPEED    14   HIGHEST GUST DIRECTION    SW (240)
  AVERAGE WIND SPEED     2.9


SKY COVER
  POSSIBLE SUNSHINE  MM
  AVERAGE SKY COVER 0.0


WEATHER CONDITIONS
 THE FOLLOWING WEATHER WAS RECORDED YESTERDAY.
  FOG


RELATIVE HUMIDITY (PERCENT)
 HIGHEST    92           900 PM
 LOWEST     70          1200 AM
 AVERAGE    81

..........................................................


THE GREEN BAY WI CLIMATE NORMALS FOR TODAY
                         NORMAL    RECORD    YEAR
 MAXIMUM TEMPERATURE (F)   24        49      1934
 MINIMUM TEMPERATURE (F)    9       -36      1888


SUNRISE AND SUNSET
JANUARY 21 2018.......SUNRISE   722 AM CST   SUNSET   447 PM CST
JANUARY 22 2018.......SUNRISE   721 AM CST   SUNSET   448 PM CST


-  INDICATES NEGATIVE NUMBERS.
R  INDICATES RECORD WAS SET OR TIED.
MM INDICATES DATA IS MISSING.
T  INDICATES TRACE AMOUNT.




$$
