000
CDUS43 KGRB 240635
CLIGRB


CLIMATE REPORT
NATIONAL WEATHER SERVICE GREEN BAY
1234 AM CST TUE FEB 24 2015


...................................

...THE GREEN BAY WI CLIMATE SUMMARY FOR FEBRUARY 23 2015...

CLIMATE NORMAL PERIOD 1981 TO 2010
CLIMATE RECORD PERIOD 1886 TO 2015


WEATHER ITEM   OBSERVED TIME   RECORD YEAR NORMAL DEPARTURE LAST
                VALUE   (LST)  VALUE       VALUE  FROM      YEAR
                                                  NORMAL
..................................................................
TEMPERATURE (F)
 YESTERDAY
  MAXIMUM         10    452 PM  53    1930  31    -21       20
  MINIMUM        -15    629 AM -24    1889  15    -30        4
  AVERAGE         -2                        23    -25       12

PRECIPITATION (IN)
  YESTERDAY        0.00          1.06 1959   0.05  -0.05     0.00
  MONTH TO DATE    0.41                      0.86  -0.45     1.21
  SINCE DEC 1      2.65                      3.50  -0.85     4.43
  SINCE JAN 1      0.97                      1.99  -1.02     2.54

SNOWFALL (IN)
  YESTERDAY        0.0           9.0  1959   0.4   -0.4      0.0
  MONTH TO DATE    8.0                       8.2   -0.2     13.7
  SINCE DEC 1     20.3                      34.3  -14.0     57.1
  SINCE JUL 1     28.5                      38.5  -10.0     58.3
  SNOW DEPTH       6

DEGREE DAYS
 HEATING
  YESTERDAY       67                        42     25       53
  MONTH TO DATE 1258                      1045    213     1275
  SINCE DEC 1   3928                      3894     34     4557
  SINCE JUL 1   5765                      5634    131     6168

 COOLING
  YESTERDAY        0                         0      0        0
  MONTH TO DATE    0                         0      0        0
  SINCE DEC 1      0                         0      0        0
  SINCE JAN 1      0                         0      0        0
..................................................................


WIND (MPH)
  HIGHEST WIND SPEED    20   HIGHEST WIND DIRECTION    SW (220)
  HIGHEST GUST SPEED    27   HIGHEST GUST DIRECTION    SW (210)
  AVERAGE WIND SPEED    10.7


SKY COVER
  POSSIBLE SUNSHINE  MM
  AVERAGE SKY COVER 0.0


WEATHER CONDITIONS
 THE FOLLOWING WEATHER WAS RECORDED YESTERDAY.
  NO SIGNIFICANT WEATHER WAS OBSERVED.


RELATIVE HUMIDITY (PERCENT)
 HIGHEST    70           600 AM
 LOWEST     45           400 PM
 AVERAGE    58

..........................................................


THE GREEN BAY WI CLIMATE NORMALS FOR TODAY
                         NORMAL    RECORD    YEAR
 MAXIMUM TEMPERATURE (F)   31        53      1930
 MINIMUM TEMPERATURE (F)   15       -21      1889


SUNRISE AND SUNSET
FEBRUARY 24 2015......SUNRISE   639 AM CST   SUNSET   533 PM CST
FEBRUARY 25 2015......SUNRISE   637 AM CST   SUNSET   535 PM CST


-  INDICATES NEGATIVE NUMBERS.
R  INDICATES RECORD WAS SET OR TIED.
MM INDICATES DATA IS MISSING.
T  INDICATES TRACE AMOUNT.




$$
