000
CDUS43 KGRB 250814
CLIGRB


CLIMATE REPORT
NATIONAL WEATHER SERVICE GREEN BAY
314 AM CDT SAT JUL 25 2015


...................................

...THE GREEN BAY WI CLIMATE SUMMARY FOR JULY 24 2015...

CLIMATE NORMAL PERIOD 1981 TO 2010
CLIMATE RECORD PERIOD 1886 TO 2015


WEATHER ITEM   OBSERVED TIME   RECORD YEAR NORMAL DEPARTURE LAST
                VALUE   (LST)  VALUE       VALUE  FROM      YEAR
                                                  NORMAL
..................................................................
TEMPERATURE (F)
 YESTERDAY
  MAXIMUM         83    322 PM  95    1945  80      3       78
  MINIMUM         61    253 AM  45    1953  59      2       51
  AVERAGE         72                        69      3       65

PRECIPITATION (IN)
  YESTERDAY        0.00          1.44 1985   0.10  -0.10     0.00
  MONTH TO DATE    1.79                      2.75  -0.96     0.51
  SINCE JUN 1      5.03                      6.63  -1.60     4.56
  SINCE JAN 1     11.97                     16.28  -4.31    15.22

SNOWFALL (IN)
  YESTERDAY        0.0           0.0    MM   0.0    0.0      0.0
  MONTH TO DATE    0.0                       0.0    0.0      0.0
  SINCE JUN 1      0.0                       0.0    0.0      0.0
  SINCE JUL 1      0.0                       0.0    0.0      0.0
  SNOW DEPTH       0

DEGREE DAYS
 HEATING
  YESTERDAY        0                         1     -1        0
  MONTH TO DATE   19                        24     -5       13
  SINCE JUN 1     72                       116    -44       44
  SINCE JUL 1     19                        24     -5       13

 COOLING
  YESTERDAY        7                         5      2        0
  MONTH TO DATE  110                       120    -10       79
  SINCE JUN 1    177                       203    -26      185
  SINCE JAN 1    205                       221    -16      201
..................................................................


WIND (MPH)
  HIGHEST WIND SPEED    20   HIGHEST WIND DIRECTION    SW (210)
  HIGHEST GUST SPEED    26   HIGHEST GUST DIRECTION    SW (210)
  AVERAGE WIND SPEED     7.1


SKY COVER
  POSSIBLE SUNSHINE  MM
  AVERAGE SKY COVER 0.0


WEATHER CONDITIONS
 THE FOLLOWING WEATHER WAS RECORDED YESTERDAY.
  FOG


RELATIVE HUMIDITY (PERCENT)
 HIGHEST    97           300 AM
 LOWEST     55           400 PM
 AVERAGE    76

..........................................................


THE GREEN BAY WI CLIMATE NORMALS FOR TODAY
                         NORMAL    RECORD    YEAR
 MAXIMUM TEMPERATURE (F)   80        94      1930
 MINIMUM TEMPERATURE (F)   59        45      2004


SUNRISE AND SUNSET
JULY 25 2015..........SUNRISE   532 AM CDT   SUNSET   826 PM CDT
JULY 26 2015..........SUNRISE   533 AM CDT   SUNSET   825 PM CDT


-  INDICATES NEGATIVE NUMBERS.
R  INDICATES RECORD WAS SET OR TIED.
MM INDICATES DATA IS MISSING.
T  INDICATES TRACE AMOUNT.




$$
