430
CDUS43 KGRB 130652
CLIGRB

CLIMATE REPORT
NATIONAL WEATHER SERVICE GREEN BAY
1250 AM CST FRI JAN 13 2017

...................................

...THE GREEN BAY WI CLIMATE SUMMARY FOR JANUARY 12 2017...

CLIMATE NORMAL PERIOD 1981 TO 2010
CLIMATE RECORD PERIOD 1886 TO 2017

WEATHER ITEM   OBSERVED TIME   RECORD YEAR NORMAL DEPARTURE LAST
                VALUE   (LST)  VALUE       VALUE  FROM      YEAR
                                                  NORMAL
..................................................................
TEMPERATURE (F)
 YESTERDAY
  MAXIMUM         20    407 PM  48    1928  24     -4       12
  MINIMUM          9   1159 PM -25    1912   9      0       -2
  AVERAGE         15                        16     -1        5

PRECIPITATION (IN)
  YESTERDAY        0.00          1.00 1890   0.03  -0.03     0.02
  MONTH TO DATE    1.03                      0.46   0.57     0.77
  SINCE DEC 1      3.28                      1.97   1.31     6.48
  SINCE JAN 1      1.03                      0.46   0.57     0.77

SNOWFALL (IN)
  YESTERDAY        0.0          11.5  1890   0.4   -0.4      0.5
  MONTH TO DATE    6.2                       4.8    1.4      2.7
  SINCE DEC 1     29.3                      17.9   11.4     16.4
  SINCE JUL 1     30.2                      22.1    8.1     16.6
  SNOW DEPTH       6

DEGREE DAYS
 HEATING
  YESTERDAY       50                        49      1       60
  MONTH TO DATE  591                       578     13      539
  SINCE DEC 1   1842                      1928    -86     1477
  SINCE JUL 1   2904                      3668   -764     2749

COOLING
  YESTERDAY        0                         0      0        0
  MONTH TO DATE    0                         0      0        0
  SINCE DEC 1      0                         0      0        0
  SINCE JAN 1      0                         0      0        0
..................................................................

WIND (MPH)
  HIGHEST WIND SPEED    22   HIGHEST WIND DIRECTION     W (280)
  HIGHEST GUST SPEED    28   HIGHEST GUST DIRECTION     W (280)
  AVERAGE WIND SPEED    10.6

SKY COVER
  POSSIBLE SUNSHINE  MM
  AVERAGE SKY COVER 0.6

WEATHER CONDITIONS
 THE FOLLOWING WEATHER WAS RECORDED YESTERDAY.
  NO SIGNIFICANT WEATHER WAS OBSERVED.

RELATIVE HUMIDITY (PERCENT)
 HIGHEST    73           100 AM
 LOWEST     45           400 PM
 AVERAGE    59
..........................................................

THE GREEN BAY WI CLIMATE NORMALS FOR TODAY
                         NORMAL    RECORD    YEAR
 MAXIMUM TEMPERATURE (F)   24        50      1961
 MINIMUM TEMPERATURE (F)    9       -23      1929

SUNRISE AND SUNSET
JANUARY 13 2017.......SUNRISE   726 AM CST   SUNSET   437 PM CST
JANUARY 14 2017.......SUNRISE   726 AM CST   SUNSET   438 PM CST

-  INDICATES NEGATIVE NUMBERS.
R  INDICATES RECORD WAS SET OR TIED.
MM INDICATES DATA IS MISSING.
T  INDICATES TRACE AMOUNT.

$$
